000
CDUS46 KOTX 210832
CLILWS


CLIMATE REPORT
NATIONAL WEATHER SERVICE SPOKANE, WA
132 AM PDT SUN APR 21 2019


...................................

...THE LEWISTON ID AIRPORT CLIMATE SUMMARY FOR APRIL 20 2019...

CLIMATE NORMAL PERIOD 1981 TO 2010
CLIMATE RECORD PERIOD 1881 TO 2019


WEATHER ITEM   OBSERVED TIME   RECORD YEAR NORMAL DEPARTURE LAST
                VALUE   (LST)  VALUE       VALUE  FROM      YEAR
                                                  NORMAL
..................................................................
TEMPERATURE (F)
 YESTERDAY
  MAXIMUM         61    536 PM  88    1942  63     -2       69
                                      1934
                                      1906
  MINIMUM         50   1133 PM  23    1951  41      9       38
                                      1927
  AVERAGE         56                        52      4       54

PRECIPITATION (IN)
  YESTERDAY        0.08          0.52 1996   0.05   0.03     0.00
  MONTH TO DATE    2.25                      0.85   1.40     1.46
  SINCE OCT 1     10.35                      6.97   3.38    10.46
  SINCE JAN 1      7.13                      3.86   3.27     4.90

SNOWFALL (IN)
  YESTERDAY        0.0           0.5  1961   0.0    0.0      0.0
  MONTH TO DATE    0.0                       0.0    0.0       T
  SINCE MAR 1      1.7                       0.7    1.0       T
  SINCE JUL 1     33.5                      10.5   23.0     14.1
  SNOW DEPTH       0

DEGREE DAYS
 HEATING
  YESTERDAY        9                        13     -4       11
  MONTH TO DATE  238                       295    -57      292
  SINCE MAR 1   1061                       907    154      888
  SINCE JUL 1   4896                      4762    134     4599

 COOLING
  YESTERDAY        0                         0      0        0
  MONTH TO DATE    1                         0      1        0
  SINCE MAR 1      1                         0      1        0
  SINCE JAN 1      1                         0      1        0
..................................................................


WIND (MPH)
  HIGHEST WIND SPEED    13   HIGHEST WIND DIRECTION     W (290)
  HIGHEST GUST SPEED    16   HIGHEST GUST DIRECTION     W (290)
  AVERAGE WIND SPEED     5.9


SKY COVER
  POSSIBLE SUNSHINE  MM
  AVERAGE SKY COVER 0.9


WEATHER CONDITIONS
 THE FOLLOWING WEATHER WAS RECORDED YESTERDAY.
  LIGHT RAIN


RELATIVE HUMIDITY (PERCENT)
 HIGHEST    83          1200 AM
 LOWEST     57           600 PM
 AVERAGE    70

..........................................................


THE LEWISTON ID AIRPORT CLIMATE NORMALS FOR TODAY
                         NORMAL    RECORD    YEAR
 MAXIMUM TEMPERATURE (F)   64        91      1906
 MINIMUM TEMPERATURE (F)   41        22      1951


SUNRISE AND SUNSET
APRIL 21 2019.........SUNRISE   551 AM PDT   SUNSET   744 PM PDT
APRIL 22 2019.........SUNRISE   549 AM PDT   SUNSET   745 PM PDT


-  INDICATES NEGATIVE NUMBERS.
R  INDICATES RECORD WAS SET OR TIED.
MM INDICATES DATA IS MISSING.
T  INDICATES TRACE AMOUNT.




$$
