000
CDUS46 KOTX 160114 CCA
CLILWS

CLIMATE REPORT
NATIONAL WEATHER SERVICE SPOKANE, WA
450 PM PDT SAT JUN 15 2019


...................................

...THE LEWISTON ID AIRPORT CLIMATE SUMMARY FOR JUNE 15 2019...
VALID AS OF 0400 PM LOCAL TIME.

CLIMATE NORMAL PERIOD 1981 TO 2010
CLIMATE RECORD PERIOD 1881 TO 2019


WEATHER ITEM   OBSERVED TIME   RECORD YEAR NORMAL DEPARTURE LAST
                VALUE   (LST)  VALUE       VALUE  FROM      YEAR
                                                  NORMAL
..................................................................
TEMPERATURE (F)
 TODAY
  MAXIMUM         88    244 PM  99    1999  78     10       79
  MINIMUM         54    439 AM  42    2016  53      1       49
                                      1945
  AVERAGE         71                        66      5       64

PRECIPITATION (IN)
  TODAY            0.00          1.64 1956   0.04  -0.04     0.00
  MONTH TO DATE    0.72                      0.71   0.01     0.85
  SINCE OCT 1     11.88                      9.76   2.12    14.44
  SINCE JAN 1      8.66                      6.65   2.01     8.88

SNOWFALL (IN)
  TODAY            0.0           0.0  1995   0.0    0.0      0.0
  MONTH TO DATE    0.0                       0.0    0.0      0.0
  SINCE JUN 1      0.0                       0.0    0.0      0.0
  SINCE JUL 1     33.5                      10.5   23.0     14.1
  SNOW DEPTH       0

DEGREE DAYS
 HEATING
  TODAY            0                         2     -2        1
  MONTH TO DATE   28                        47    -19       29
  SINCE JUN 1     28                        47    -19       29
  SINCE JUL 1   5140                      5144     -4     4767

 COOLING
  TODAY            6                         3      3        0
  MONTH TO DATE   88                        33     55       29
  SINCE JUN 1     88                        33     55       29
  SINCE JAN 1    125                        65     60       94
..................................................................


WIND (MPH)
  HIGHEST WIND SPEED    12   HIGHEST WIND DIRECTION     N (340)
  HIGHEST GUST SPEED    16   HIGHEST GUST DIRECTION     N (340)
  AVERAGE WIND SPEED     3.3


SKY COVER
  POSSIBLE SUNSHINE  MM
  AVERAGE SKY COVER 0.0


WEATHER CONDITIONS
 THE FOLLOWING WEATHER WAS RECORDED TODAY.
  NO SIGNIFICANT WEATHER WAS OBSERVED.


RELATIVE HUMIDITY (PERCENT)
 HIGHEST    62
 LOWEST     22
 AVERAGE    42

..........................................................


THE LEWISTON ID AIRPORT CLIMATE NORMALS FOR TOMORROW
                         NORMAL    RECORD    YEAR
 MAXIMUM TEMPERATURE (F)   78       100      1961
 MINIMUM TEMPERATURE (F)   53        43      1954


SUNRISE AND SUNSET
JUNE 15 2019..........SUNRISE   455 AM PDT   SUNSET   842 PM PDT
JUNE 16 2019..........SUNRISE   455 AM PDT   SUNSET   843 PM PDT


-  INDICATES NEGATIVE NUMBERS.
R  INDICATES RECORD WAS SET OR TIED.
MM INDICATES DATA IS MISSING.
T  INDICATES TRACE AMOUNT.




$$
