000
CDUS43 KILX 160635
CLILWV


CLIMATE REPORT
NATIONAL WEATHER SERVICE LINCOLN IL
132 AM CDT SUN JUN 16 2019


...................................

...THE LAWRENCEVILLE IL AIRPORT CLIMATE SUMMARY FOR JUNE 15 2019...

CLIMATE NORMAL PERIOD 1981 TO 2010
CLIMATE RECORD PERIOD 9999 TO 9999


WEATHER ITEM   OBSERVED TIME   RECORD YEAR NORMAL DEPARTURE LAST
                VALUE   (LST)  VALUE       VALUE  FROM      YEAR
                                                  NORMAL
..................................................................
TEMPERATURE (F)
 YESTERDAY
  MAXIMUM         82    538 PM  MM      MM  85     -3       90
  MINIMUM         64    650 AM  MM      MM  64      0       69
  AVERAGE         73                        75     -2       80

PRECIPITATION (IN)
  YESTERDAY        0.63         MM      MM   0.11   0.52     0.06
  MONTH TO DATE    0.72                      2.10  -1.38     5.97
  SINCE JUN 1      0.72                      2.10  -1.38     5.97
  SINCE JAN 1     26.02                     19.66   6.36    24.82

DEGREE DAYS
 HEATING
  YESTERDAY        0                         0      0        0
  MONTH TO DATE    0                         6     -6        0
  SINCE JUN 1      0                         6     -6        0
  SINCE JUL 1   4718                      4679     39     4753

 COOLING
  YESTERDAY        8                        10     -2       15
  MONTH TO DATE  111                       122    -11      180
  SINCE JUN 1    111                       122    -11      180
  SINCE JAN 1    298                       261     37      500
..................................................................


WIND (MPH)
  HIGHEST WIND SPEED    29   HIGHEST WIND DIRECTION    SW (210)
  HIGHEST GUST SPEED    37   HIGHEST GUST DIRECTION    SW (220)
  AVERAGE WIND SPEED    12.1


SKY COVER
  POSSIBLE SUNSHINE  MM
  AVERAGE SKY COVER 0.5


WEATHER CONDITIONS
 THE FOLLOWING WEATHER WAS RECORDED YESTERDAY.
  THUNDERSTORM
  HEAVY RAIN
  RAIN
  LIGHT RAIN
  FOG
  HAZE


RELATIVE HUMIDITY (PERCENT)
 HIGHEST   100           900 AM
 LOWEST     57          1200 AM
 AVERAGE    79

..........................................................


THE LAWRENCEVILLE IL AIRPORT CLIMATE NORMALS FOR TODAY
                         NORMAL    RECORD    YEAR
 MAXIMUM TEMPERATURE (F)   86        MM        MM
 MINIMUM TEMPERATURE (F)   64        MM        MM


SUNRISE AND SUNSET
JUNE 16 2019..........SUNRISE   525 AM CDT   SUNSET   817 PM CDT
JUNE 17 2019..........SUNRISE   525 AM CDT   SUNSET   818 PM CDT


-  INDICATES NEGATIVE NUMBERS.
R  INDICATES RECORD WAS SET OR TIED.
MM INDICATES DATA IS MISSING.
T  INDICATES TRACE AMOUNT.




$$
