000
CDUS41 KRNK 170730
CLILYH


CLIMATE REPORT
NATIONAL WEATHER SERVICE BLACKSBURG VA
328 AM EDT WED JUL 17 2019


...................................

...THE LYNCHBURG VA CLIMATE SUMMARY FOR JULY 16 2019...

CLIMATE NORMAL PERIOD 1981 TO 2010
CLIMATE RECORD PERIOD 1893 TO 2019


WEATHER ITEM   OBSERVED TIME   RECORD YEAR NORMAL DEPARTURE LAST
                VALUE   (LST)  VALUE       VALUE  FROM      YEAR
                                                  NORMAL
..................................................................
TEMPERATURE (F)
 YESTERDAY
  MAXIMUM         93    104 PM 103    1934  87      6       92
  MINIMUM         68    506 AM  54    1903  64      4       71
  AVERAGE         81                        75      6       82

PRECIPITATION (IN)
  YESTERDAY        0.00          1.87 1949   0.15  -0.15     0.03
  MONTH TO DATE    1.54                      2.21  -0.67     1.85
  SINCE JUN 1      5.33                      5.83  -0.50     6.72
  SINCE JAN 1     22.64                     22.52   0.12    31.57

SNOWFALL (IN)
  YESTERDAY        0.0                                       0.0
  MONTH TO DATE    0.0                                       0.0
  SINCE JUN 1      0.0                                       0.0
  SINCE JUL 1      0.0                                       0.0
  SNOW DEPTH       0

DEGREE DAYS
 HEATING
  YESTERDAY        0                         0      0        0
  MONTH TO DATE    0                         0      0        0
  SINCE JUN 1      2                        14    -12        0
  SINCE JUL 1      0                         0      0        0

 COOLING
  YESTERDAY       16                        10      6       17
  MONTH TO DATE  232                       160     72      203
  SINCE JUN 1    450                       374     76      491
  SINCE JAN 1    662                       456    206      697
..................................................................


WIND (MPH)
  HIGHEST WIND SPEED    12   HIGHEST WIND DIRECTION     S (200)
  HIGHEST GUST SPEED    16   HIGHEST GUST DIRECTION     S (200)
  AVERAGE WIND SPEED     2.3


SKY COVER
  AVERAGE SKY COVER 0.0


WEATHER CONDITIONS
 THE FOLLOWING WEATHER WAS RECORDED YESTERDAY.
  NO SIGNIFICANT WEATHER WAS OBSERVED.


RELATIVE HUMIDITY (PERCENT)
 HIGHEST    97           200 AM
 LOWEST     49          1200 PM
 AVERAGE    73

..........................................................


THE LYNCHBURG VA CLIMATE NORMALS FOR TODAY
                         NORMAL    RECORD    YEAR
 MAXIMUM TEMPERATURE (F)   87       100      1980
                                             1942
 MINIMUM TEMPERATURE (F)   64        55      2004


SUNRISE AND SUNSET
JULY 17 2019..........SUNRISE   609 AM EDT   SUNSET   836 PM EDT
JULY 18 2019..........SUNRISE   610 AM EDT   SUNSET   836 PM EDT


-  INDICATES NEGATIVE NUMBERS.
R  INDICATES RECORD WAS SET OR TIED.
MM INDICATES DATA IS MISSING.
T  INDICATES TRACE AMOUNT.




$$
