000
CDUS41 KRNK 230824
CLILYH


CLIMATE REPORT
NATIONAL WEATHER SERVICE BLACKSBURG VA
422 AM EDT TUE APR 23 2019


...................................

...THE LYNCHBURG VA CLIMATE SUMMARY FOR APRIL 22 2019...

CLIMATE NORMAL PERIOD 1981 TO 2010
CLIMATE RECORD PERIOD 1893 TO 2019


WEATHER ITEM   OBSERVED TIME   RECORD YEAR NORMAL DEPARTURE LAST
                VALUE   (LST)  VALUE       VALUE  FROM      YEAR
                                                  NORMAL
..................................................................
TEMPERATURE (F)
 YESTERDAY
  MAXIMUM         74    501 PM  92    1985  70      4       69
  MINIMUM         49    535 AM  28    1934  44      5       43
  AVERAGE         62                        57      5       56

PRECIPITATION (IN)
  YESTERDAY        0.00          1.20 2006   0.11  -0.11     0.00
  MONTH TO DATE    3.64                      2.44   1.20     1.84
  SINCE MAR 1      7.19                      6.02   1.17     4.91
  SINCE JAN 1     14.84                     12.09   2.75    13.57

SNOWFALL (IN)
  YESTERDAY        0.0                                       0.0
  MONTH TO DATE    0.0                                       0.5
  SINCE MAR 1      1.4                                       8.2
  SINCE JUL 1     21.0                                      13.9
  SNOW DEPTH       0

DEGREE DAYS
 HEATING
  YESTERDAY        3                         8     -5        9
  MONTH TO DATE  172                       244    -72      293
  SINCE MAR 1    806                       839    -33     1015
  SINCE JUL 1   4024                      4263   -239     4243

 COOLING
  YESTERDAY        0                         1     -1        0
  MONTH TO DATE   13                        10      3       11
  SINCE MAR 1     13                        12      1       11
  SINCE JAN 1     13                        12      1       11
..................................................................


WIND (MPH)
  HIGHEST WIND SPEED    10   HIGHEST WIND DIRECTION     N (360)
  HIGHEST GUST SPEED    16   HIGHEST GUST DIRECTION     N (350)
  AVERAGE WIND SPEED     3.7


SKY COVER
  AVERAGE SKY COVER 0.0


WEATHER CONDITIONS
 THE FOLLOWING WEATHER WAS RECORDED YESTERDAY.
  NO SIGNIFICANT WEATHER WAS OBSERVED.


RELATIVE HUMIDITY (PERCENT)
 HIGHEST    77          1000 PM
 LOWEST     31           500 PM
 AVERAGE    54

..........................................................


THE LYNCHBURG VA CLIMATE NORMALS FOR TODAY
                         NORMAL    RECORD    YEAR
 MAXIMUM TEMPERATURE (F)   70        91      1980
                                             1960
 MINIMUM TEMPERATURE (F)   45        32      1936


SUNRISE AND SUNSET
APRIL 23 2019.........SUNRISE   632 AM EDT   SUNSET   759 PM EDT
APRIL 24 2019.........SUNRISE   631 AM EDT   SUNSET   800 PM EDT


-  INDICATES NEGATIVE NUMBERS.
R  INDICATES RECORD WAS SET OR TIED.
MM INDICATES DATA IS MISSING.
T  INDICATES TRACE AMOUNT.

$$

RAB
