000
CDUS44 KLZK 162105
CLILZK


CLIMATE REPORT
NATIONAL WEATHER SERVICE LITTLE ROCK AR
403 PM CDT SUN JUN 16 2019


...................................

...THE NORTH LITTLE ROCK CLIMATE SUMMARY FOR JUNE 16 2019...
VALID TODAY AS OF 0400 PM LOCAL TIME.

CLIMATE NORMAL PERIOD 1981 TO 2010
CLIMATE RECORD PERIOD 1975 TO 2019


WEATHER ITEM   OBSERVED TIME   RECORD YEAR NORMAL DEPARTURE LAST
                VALUE   (LST)  VALUE       VALUE  FROM      YEAR
                                                  NORMAL
..................................................................
TEMPERATURE (F)
 TODAY
  MAXIMUM         85   1210 PM  94    2016  89     -4       93
                                      1996
                                      1990
  MINIMUM         74    405 AM  55    1989  70      4       75
  AVERAGE         80                        79      1       84

PRECIPITATION (IN)
  TODAY            0.00          1.31 1997   0.11  -0.11     0.01
  MONTH TO DATE    1.63                      1.84  -0.21     0.63
  SINCE JUN 1      1.63                      1.84  -0.21     0.63
  SINCE JAN 1     40.92                     23.44  17.48    28.33

SNOWFALL (IN)
  TODAY            0.0          MM      MM   0.0    0.0      0.0
  MONTH TO DATE    0.0                       0.0    0.0      0.0
  SINCE JUN 1      0.0                       0.0    0.0      0.0
  SINCE JUL 1      0.6                       4.4   -3.8      1.5
  SNOW DEPTH       0

DEGREE DAYS
 HEATING
  TODAY            0                         0      0        0
  MONTH TO DATE    0                         0      0        0
  SINCE JUN 1      0                         0      0        0
  SINCE JUL 1   3228                      3005    223     3037

 COOLING
  TODAY           15                        14      1       19
  MONTH TO DATE  157                       196    -39      245
  SINCE JUN 1    157                       196    -39      245
  SINCE JAN 1    417                       492    -75      605
..................................................................


WIND (MPH)
  HIGHEST WIND SPEED    12   HIGHEST WIND DIRECTION    SW (220)
  HIGHEST GUST SPEED    19   HIGHEST GUST DIRECTION     N (360)
  AVERAGE WIND SPEED     9.0


SKY COVER
  POSSIBLE SUNSHINE  MM
  AVERAGE SKY COVER  MM


WEATHER CONDITIONS
 THE FOLLOWING WEATHER WAS RECORDED TODAY.
  NO SIGNIFICANT WEATHER WAS OBSERVED.


RELATIVE HUMIDITY (PERCENT)
 HIGHEST    87           200 AM
 LOWEST     59          1200 PM
 AVERAGE    73

..........................................................


THE NORTH LITTLE ROCK CLIMATE NORMALS FOR TOMORROW
                         NORMAL    RECORD    YEAR
 MAXIMUM TEMPERATURE (F)   89        97      1985
 MINIMUM TEMPERATURE (F)   70        59      1981


SUNRISE AND SUNSET
JUNE 16 2019..........SUNRISE   555 AM CDT   SUNSET   824 PM CDT
JUNE 17 2019..........SUNRISE   555 AM CDT   SUNSET   825 PM CDT


-  INDICATES NEGATIVE NUMBERS.
R  INDICATES RECORD WAS SET OR TIED.
MM INDICATES DATA IS MISSING.
T  INDICATES TRACE AMOUNT.




$$
