482
CDUS44 KLZK 212058
CLILZK


CLIMATE REPORT
NATIONAL WEATHER SERVICE LITTLE ROCK AR
357 PM CDT SUN APR 21 2019


...................................

...THE NORTH LITTLE ROCK CLIMATE SUMMARY FOR APRIL 21 2019...
VALID TODAY AS OF 0300 PM LOCAL TIME.

CLIMATE NORMAL PERIOD 1981 TO 2010
CLIMATE RECORD PERIOD 1975 TO 2019


WEATHER ITEM   OBSERVED TIME   RECORD YEAR NORMAL DEPARTURE LAST
                VALUE   (LST)  VALUE       VALUE  FROM      YEAR
                                                  NORMAL
..................................................................
TEMPERATURE (F)
 TODAY
  MAXIMUM         79    240 PM  88    1980  74      5       69
  MINIMUM         50    540 AM  40    1978  54     -4       47
  AVERAGE         65                        64      1       58

PRECIPITATION (IN)
  TODAY            0.00          1.81 2004   0.16  -0.16     0.57
  MONTH TO DATE    9.24                      3.26   5.98     4.80
  SINCE MAR 1     12.98                      8.03   4.95     7.96
  SINCE JAN 1     25.05                     15.11   9.94    23.83

SNOWFALL (IN)
  TODAY            0.0          MM      MM   0.0    0.0      0.0
  MONTH TO DATE    0.0                       0.0    0.0       T
  SINCE MAR 1      T                         0.4   -0.4       T
  SINCE JUL 1      0.6                       4.4   -3.8      1.5
  SNOW DEPTH       0

DEGREE DAYS
 HEATING
  TODAY            0                         3     -3        7
  MONTH TO DATE  127                       114     13      259
  SINCE MAR 1    603                       474    129      557
  SINCE JUL 1   3203                      2960    243     3004

 COOLING
  TODAY            0                         3     -3        0
  MONTH TO DATE   18                        39    -21        6
  SINCE MAR 1     18                        56    -38       15
  SINCE JAN 1     23                        58    -35       18
..................................................................


WIND (MPH)
  HIGHEST WIND SPEED    11   HIGHEST WIND DIRECTION     S (200)
  HIGHEST GUST SPEED    22   HIGHEST GUST DIRECTION     S (180)
  AVERAGE WIND SPEED     6.0


SKY COVER
  POSSIBLE SUNSHINE  MM
  AVERAGE SKY COVER 0.0


WEATHER CONDITIONS
 THE FOLLOWING WEATHER WAS RECORDED TODAY.
  NO SIGNIFICANT WEATHER WAS OBSERVED.


RELATIVE HUMIDITY (PERCENT)
 HIGHEST    83           400 AM
 LOWEST     46          1200 PM
 AVERAGE    65

..........................................................


THE NORTH LITTLE ROCK CLIMATE NORMALS FOR TOMORROW
                         NORMAL    RECORD    YEAR
 MAXIMUM TEMPERATURE (F)   75        89      1980
 MINIMUM TEMPERATURE (F)   55        38      1978


SUNRISE AND SUNSET
APRIL 21 2019.........SUNRISE   630 AM CDT   SUNSET   746 PM CDT
APRIL 22 2019.........SUNRISE   629 AM CDT   SUNSET   747 PM CDT


-  INDICATES NEGATIVE NUMBERS.
R  INDICATES RECORD WAS SET OR TIED.
MM INDICATES DATA IS MISSING.
T  INDICATES TRACE AMOUNT.




$$
