000
CDUS44 KLZK 210641
CLILZK


CLIMATE REPORT
NATIONAL WEATHER SERVICE LITTLE ROCK AR
140 AM CDT MON MAY 21 2018


...................................

...THE NORTH LITTLE ROCK CLIMATE SUMMARY FOR MAY 20 2018...

CLIMATE NORMAL PERIOD 1981 TO 2010
CLIMATE RECORD PERIOD 1975 TO 2018


WEATHER ITEM   OBSERVED TIME   RECORD YEAR NORMAL DEPARTURE LAST
                VALUE   (LST)  VALUE       VALUE  FROM      YEAR
                                                  NORMAL
..................................................................
TEMPERATURE (F)
 YESTERDAY
  MAXIMUM         89        MM  93    1998  81      8       78
  MINIMUM         68        MM  51    1993  63      5       63
                                      1981
  AVERAGE         79                        72      7       71

PRECIPITATION (IN)
  YESTERDAY        0.08          2.98 2011   0.15  -0.07     1.46
  MONTH TO DATE    1.30                      3.40  -2.10     4.49
  SINCE MAR 1     10.42                     12.96  -2.54    17.89
  SINCE JAN 1     26.29                     20.04   6.25    23.17

SNOWFALL (IN)
  YESTERDAY        0.0          MM      MM   0.0    0.0      0.0
  MONTH TO DATE    0.0                       0.0    0.0      0.0
  SINCE MAR 1      T                         0.4   -0.4       T
  SINCE JUL 1      1.5                       4.4   -2.9      0.8
  SNOW DEPTH      MM

DEGREE DAYS
 HEATING
  YESTERDAY        0                         0      0        0
  MONTH TO DATE    0                        21    -21       21
  SINCE MAR 1    590                       517     73      363
  SINCE JUL 1   3037                      3003     34     2196

 COOLING
  YESTERDAY       14                         7      7        6
  MONTH TO DATE  201                       110     91      103
  SINCE MAR 1    221                       197     24      213
  SINCE JAN 1    224                       199     25      230
..................................................................


WIND (MPH)
  HIGHEST WIND SPEED    MM   HIGHEST WIND DIRECTION    MM
  HIGHEST GUST SPEED    MM   HIGHEST GUST DIRECTION    MM
  AVERAGE WIND SPEED    MM


SKY COVER
  POSSIBLE SUNSHINE  MM
  AVERAGE SKY COVER  MM


WEATHER CONDITIONS
 THE FOLLOWING WEATHER WAS RECORDED YESTERDAY.
  NO SIGNIFICANT WEATHER WAS OBSERVED.


RELATIVE HUMIDITY (PERCENT)
 HIGHEST    MM
 LOWEST     MM
 AVERAGE    MM

..........................................................


THE NORTH LITTLE ROCK CLIMATE NORMALS FOR TODAY
                         NORMAL    RECORD    YEAR
 MAXIMUM TEMPERATURE (F)   82        90      2004
 MINIMUM TEMPERATURE (F)   63        50      1981


SUNRISE AND SUNSET
MAY 21 2018...........SUNRISE   602 AM CDT   SUNSET   810 PM CDT
MAY 22 2018...........SUNRISE   601 AM CDT   SUNSET   811 PM CDT


-  INDICATES NEGATIVE NUMBERS.
R  INDICATES RECORD WAS SET OR TIED.
MM INDICATES DATA IS MISSING.
T  INDICATES TRACE AMOUNT.




$$
