000
CDUS46 KHNX 190026
CLIMAE


CLIMATE REPORT
NATIONAL WEATHER SERVICE SAN JOAQUIN VALLEY, CA
525 PM PDT THU APR 18 2019


...................................

...THE MADERA CA CLIMATE SUMMARY FOR APRIL 18 2019...
VALID AS OF 0500 PM LOCAL TIME.

CLIMATE NORMAL PERIOD 1981 TO 2010
CLIMATE RECORD PERIOD 1998 TO 2019


WEATHER ITEM   OBSERVED TIME   RECORD YEAR NORMAL DEPARTURE LAST
                VALUE   (LST)  VALUE       VALUE  FROM      YEAR
                                                  NORMAL
..................................................................
TEMPERATURE (F)
 TODAY
  MAXIMUM         89R   351 PM  89    2016  75     14       65
  MINIMUM         53    434 AM  37    2007  45      8       42
  AVERAGE         71                        60     11       54

PRECIPITATION (IN)
  TODAY            0.00          0.13 2017   0.03  -0.03     0.00
  MONTH TO DATE    0.19                      0.58  -0.39     0.71
  SINCE OCT 1      9.84                     10.69  -0.85     7.22
  SINCE JAN 1      6.85                      6.96  -0.11     6.81

SNOWFALL (IN)
  TODAY            0.0
  MONTH TO DATE    0.0
  SINCE MAR 1      0.0
  SINCE JUL 1      0.0
  SNOW DEPTH       0

DEGREE DAYS
 HEATING
  TODAY            0                                        11
  MONTH TO DATE   44                                        93
  SINCE MAR 1    277                                       398
  SINCE JUL 1   1719                                      2095

 COOLING
  TODAY            6                                         0
  MONTH TO DATE   14                                         4
  SINCE MAR 1     15                                         6
  SINCE JAN 1     15                                         6
..................................................................


WIND (MPH)
  HIGHEST WIND SPEED     8   HIGHEST WIND DIRECTION    SW (230)
  HIGHEST GUST SPEED    10   HIGHEST GUST DIRECTION    SW (230)
  AVERAGE WIND SPEED     2.2




RELATIVE HUMIDITY (PERCENT)
 HIGHEST    89
 LOWEST     29
 AVERAGE    59

..........................................................


THE MADERA CA CLIMATE NORMALS FOR TOMORROW
                         NORMAL    RECORD    YEAR
 MAXIMUM TEMPERATURE (F)   75        92      2009
 MINIMUM TEMPERATURE (F)   46        32      2002


SUNRISE AND SUNSET
APRIL 18 2019.........SUNRISE   622 AM PDT   SUNSET   738 PM PDT
APRIL 19 2019.........SUNRISE   621 AM PDT   SUNSET   739 PM PDT


-  INDICATES NEGATIVE NUMBERS.
R  INDICATES RECORD WAS SET OR TIED.
MM INDICATES DATA IS MISSING.
T  INDICATES TRACE AMOUNT.




$$
