000
CDUS44 KMAF 180732
CLIMAF


CLIMATE REPORT
NATIONAL WEATHER SERVICE MIDLAND TX
231 AM CDT THU APR 18 2019


...................................

...THE MIDLAND CLIMATE SUMMARY FOR APRIL 17 2019...

CLIMATE NORMAL PERIOD 1981 TO 2010
CLIMATE RECORD PERIOD 1930 TO 2019


WEATHER ITEM   OBSERVED TIME   RECORD YEAR NORMAL DEPARTURE LAST
                VALUE   (LST)  VALUE       VALUE  FROM      YEAR
                                                  NORMAL
..................................................................
TEMPERATURE (F)
 YESTERDAY
  MAXIMUM         81    235 PM  97    1975  80      1       95
  MINIMUM         55   1022 PM  27    1947  50      5       60
  AVERAGE         68                        65      3       78

PRECIPITATION (IN)
  YESTERDAY        0.00          1.62 1979   0.02  -0.02     0.00
  MONTH TO DATE    1.63                      0.36   1.27     0.00
  SINCE MAR 1      2.43                      0.96   1.47     0.11
  SINCE JAN 1      2.57                      2.23   0.34     0.16

SNOWFALL (IN)
  YESTERDAY        0.0
  MONTH TO DATE    0.0
  SINCE MAR 1      0.0
  SINCE JUL 1      T
  SNOW DEPTH       0

DEGREE DAYS
 HEATING
  YESTERDAY        0                         3     -3        0
  MONTH TO DATE   57                        83    -26       57
  SINCE MAR 1    408                       390     18      206
  SINCE JUL 1   2525                      2627   -102     2137

 COOLING
  YESTERDAY        3                         3      0       13
  MONTH TO DATE   57                        36     21       56
  SINCE MAR 1     80                        52     28      124
  SINCE JAN 1     83                        54     29      131
..................................................................


WIND (MPH)
  HIGHEST WIND SPEED    36   HIGHEST WIND DIRECTION     W (270)
  HIGHEST GUST SPEED    47   HIGHEST GUST DIRECTION     W (260)
  AVERAGE WIND SPEED    17.1


SKY COVER
  POSSIBLE SUNSHINE  MM
  AVERAGE SKY COVER 0.1


WEATHER CONDITIONS
 THE FOLLOWING WEATHER WAS RECORDED YESTERDAY.
  HAZE


RELATIVE HUMIDITY (PERCENT)
 HIGHEST    93           100 AM
 LOWEST     19           600 PM
 AVERAGE    56

..........................................................


THE MIDLAND CLIMATE NORMALS FOR TODAY
                         NORMAL    RECORD    YEAR
 MAXIMUM TEMPERATURE (F)   80        96      2011
                                             1948
 MINIMUM TEMPERATURE (F)   50        34      2008
                                             1998


SUNRISE AND SUNSET
APRIL 18 2019.........SUNRISE   717 AM CDT   SUNSET   820 PM CDT
APRIL 19 2019.........SUNRISE   716 AM CDT   SUNSET   821 PM CDT


-  INDICATES NEGATIVE NUMBERS.
R  INDICATES RECORD WAS SET OR TIED.
MM INDICATES DATA IS MISSING.
T  INDICATES TRACE AMOUNT.




$$
