000
CDUS44 KMAF 170731
CLIMAF


CLIMATE REPORT
NATIONAL WEATHER SERVICE MIDLAND TX
231 AM CDT MON JUN 17 2019


...................................

...THE MIDLAND CLIMATE SUMMARY FOR JUNE 16 2019...

CLIMATE NORMAL PERIOD 1981 TO 2010
CLIMATE RECORD PERIOD 1930 TO 2019


WEATHER ITEM   OBSERVED TIME   RECORD YEAR NORMAL DEPARTURE LAST
                VALUE   (LST)  VALUE       VALUE  FROM      YEAR
                                                  NORMAL
..................................................................
TEMPERATURE (F)
 YESTERDAY
  MAXIMUM         95    508 PM 109    2017  94      1       95
                                      2011
  MINIMUM         71    538 AM  48    1981  68      3       69
  AVERAGE         83                        81      2       82

PRECIPITATION (IN)
  YESTERDAY        0.00          0.72 1961   0.06  -0.06     0.56
  MONTH TO DATE    0.28                      1.00  -0.72     0.93
  SINCE JUN 1      0.28                      1.00  -0.72     0.93
  SINCE JAN 1      8.33                      5.26   3.07     1.77

DEGREE DAYS
 COOLING
  YESTERDAY       18                        16      2       17
  MONTH TO DATE  216                       231    -15      342
  SINCE JUN 1    216                       231    -15      342
  SINCE JAN 1    593                       620    -27     1047
..................................................................


WIND (MPH)
  HIGHEST WIND SPEED    24   HIGHEST WIND DIRECTION     E (70)
  HIGHEST GUST SPEED    32   HIGHEST GUST DIRECTION     E (70)
  AVERAGE WIND SPEED    10.5


SKY COVER
  POSSIBLE SUNSHINE  MM
  AVERAGE SKY COVER 0.0


WEATHER CONDITIONS
 THE FOLLOWING WEATHER WAS RECORDED YESTERDAY.
  NO SIGNIFICANT WEATHER WAS OBSERVED.


RELATIVE HUMIDITY (PERCENT)
 HIGHEST    69           700 AM
 LOWEST     33           400 PM
 AVERAGE    51

..........................................................


THE MIDLAND CLIMATE NORMALS FOR TODAY
                         NORMAL    RECORD    YEAR
 MAXIMUM TEMPERATURE (F)   94       111      2017
 MINIMUM TEMPERATURE (F)   68        49      1981


SUNRISE AND SUNSET
JUNE 17 2019..........SUNRISE   643 AM CDT   SUNSET   857 PM CDT
JUNE 18 2019..........SUNRISE   643 AM CDT   SUNSET   857 PM CDT


-  INDICATES NEGATIVE NUMBERS.
R  INDICATES RECORD WAS SET OR TIED.
MM INDICATES DATA IS MISSING.
T  INDICATES TRACE AMOUNT.




$$
