000
CDUS42 KTAE 162140
CLIMAI


CLIMATE REPORT
NATIONAL WEATHER SERVICE TALLAHASSEE FL
539 PM EDT TUE JUL 16 2019


...................................

...THE MARIANNA CLIMATE SUMMARY FOR JULY 16 2019...
VALID TODAY AS OF 0500 PM LOCAL TIME.

CLIMATE NORMAL PERIOD 1981 TO 2010
CLIMATE RECORD PERIOD 1950 TO 2019


WEATHER ITEM   OBSERVED TIME   NORMAL DEPARTURE LAST
                VALUE   (LST)  VALUE  FROM      YEAR
                                      NORMAL
......................................................
TEMPERATURE (F)
 TODAY
  MAXIMUM         93    135 PM  92      1       94
  MINIMUM         72    437 AM  72      0       75
  AVERAGE         83            82      1       85

PRECIPITATION (IN)
  TODAY            0.00          0.16  -0.16     0.15
  MONTH TO DATE    3.65          2.85   0.80     0.94
  SINCE JUN 1      7.46          8.42  -0.96     6.84
  SINCE JAN 1     23.05         30.64  -7.59    31.02

SNOWFALL (IN)
  TODAY            0.0

DEGREE DAYS
 HEATING
  TODAY            0                    0
  MONTH TO DATE    0                    0
  SINCE JUN 1      0                    0
  SINCE JUL 1      0                    0

 COOLING
  TODAY           18                    1
  MONTH TO DATE  308                   36
  SINCE JUN 1    852                  121
  SINCE JAN 1   1531                  330
......................................................


WIND (MPH)
  HIGHEST WIND SPEED    29   HIGHEST WIND DIRECTION     S (190)
  HIGHEST GUST SPEED    36   HIGHEST GUST DIRECTION     S (190)
  AVERAGE WIND SPEED     1.6




RELATIVE HUMIDITY (PERCENT)
 HIGHEST   100
 LOWEST     56
 AVERAGE    78

..........................................................


THE MARIANNA CLIMATE NORMALS FOR TOMORROW
                         NORMAL
 MAXIMUM TEMPERATURE (F)   92
 MINIMUM TEMPERATURE (F)   72


SUNRISE AND SUNSET
JULY 16 2019..........SUNRISE   548 AM CDT   SUNSET   745 PM CDT
JULY 17 2019..........SUNRISE   549 AM CDT   SUNSET   744 PM CDT


-  INDICATES NEGATIVE NUMBERS.
R  INDICATES RECORD WAS SET OR TIED.
MM INDICATES DATA IS MISSING.
T  INDICATES TRACE AMOUNT.




$$
