000
CDUS43 KABR 222234
CLIMBG


CLIMATE REPORT
NATIONAL WEATHER SERVICE ABERDEEN SD
532 PM CDT SUN APR 22 2018


...................................

...THE MOBRIDGE SD CLIMATE SUMMARY FOR APRIL 22 2018...
VALID TODAY AS OF 0500 PM LOCAL TIME.

CLIMATE NORMAL PERIOD 1981 TO 2010
CLIMATE RECORD PERIOD 1911 TO 2018


WEATHER ITEM   OBSERVED TIME   RECORD YEAR NORMAL DEPARTURE LAST
                VALUE   (LST)  VALUE       VALUE  FROM      YEAR
                                                  NORMAL
..................................................................
TEMPERATURE (F)
 TODAY
  MAXIMUM         66    353 PM  93    1990  61      5       71
  MINIMUM         34    627 AM  14    1927  35     -1       38
  AVERAGE         50                        48      2       55

PRECIPITATION (IN)
  TODAY            0.00          1.13 1968   0.06  -0.06     0.00
  MONTH TO DATE    0.94                      0.92   0.02     0.48
  SINCE MAR 1      1.88                      1.82   0.06     1.10
  SINCE JAN 1      2.89                      2.55   0.34     1.86

SNOWFALL (IN)
  TODAY            0.0
  MONTH TO DATE    8.8
  SINCE OCT 1     48.4
  SINCE JUL 1     48.4
  SNOW DEPTH       0

DEGREE DAYS
 HEATING
  TODAY           15                        17     -2       10
  MONTH TO DATE  722                       471    251      354
  SINCE MAR 1   1825                      1498    327     1289
  SINCE JUL 1   7695                      7473    222     6726

 COOLING
  TODAY            0                         0      0        0
  MONTH TO DATE    0                         0      0        0
  SINCE MAR 1      0                         0      0        0
  SINCE JAN 1      0                         0      0        0
..................................................................


WIND (MPH)
  HIGHEST WIND SPEED    21   HIGHEST WIND DIRECTION     S (180)
  HIGHEST GUST SPEED    27   HIGHEST GUST DIRECTION     S (180)
  AVERAGE WIND SPEED    10.9


SKY COVER
  POSSIBLE SUNSHINE  MM
  AVERAGE SKY COVER 0.0


WEATHER CONDITIONS
 THE FOLLOWING WEATHER WAS RECORDED TODAY.
  FOG


RELATIVE HUMIDITY (PERCENT)
 HIGHEST    89           100 AM
 LOWEST     37           400 PM
 AVERAGE    63

..........................................................


THE MOBRIDGE SD CLIMATE NORMALS FOR TOMORROW
                         NORMAL    RECORD    YEAR
 MAXIMUM TEMPERATURE (F)   62        89      2009
 MINIMUM TEMPERATURE (F)   35        13      2013


SUNRISE AND SUNSET
APRIL 22 2018.........SUNRISE   644 AM CDT   SUNSET   837 PM CDT
APRIL 23 2018.........SUNRISE   642 AM CDT   SUNSET   838 PM CDT


-  INDICATES NEGATIVE NUMBERS.
R  INDICATES RECORD WAS SET OR TIED.
MM INDICATES DATA IS MISSING.
T  INDICATES TRACE AMOUNT.




$$
