000
CDUS43 KABR 250647
CLIMBG


CLIMATE REPORT
NATIONAL WEATHER SERVICE ABERDEEN SD
147 AM CDT TUE JUN 25 2019


...................................

...THE MOBRIDGE SD CLIMATE SUMMARY FOR JUNE 24 2019...

CLIMATE NORMAL PERIOD 1981 TO 2010
CLIMATE RECORD PERIOD 1911 TO 2019


WEATHER ITEM   OBSERVED TIME   RECORD YEAR NORMAL DEPARTURE LAST
                VALUE   (LST)  VALUE       VALUE  FROM      YEAR
                                                  NORMAL
..................................................................
TEMPERATURE (F)
 YESTERDAY
  MAXIMUM         80    351 PM 108    1936  81     -1
  MINIMUM         52    333 AM  38    1929  56     -4
  AVERAGE         66                        69     -3

PRECIPITATION (IN)
  YESTERDAY        T             1.91 1946   0.09  -0.09
  MONTH TO DATE    2.70                      2.70   0.00
  SINCE JUN 1      2.70                      2.70   0.00
  SINCE JAN 1     11.44                      8.72   2.72

SNOWFALL (IN)
  YESTERDAY        0.0           0.0  2002  MM     MM        0.0
                                      2001
  MONTH TO DATE    0.0                      MM     MM        0.0
  SINCE OCT 1     86.8                      MM     MM       49.4
  SINCE JUL 1     86.8                      MM     MM       49.4
  SNOW DEPTH       0

DEGREE DAYS
 HEATING
  YESTERDAY        0                               -1
  MONTH TO DATE   40                              -29
  SINCE JUN 1     40                              -29
  SINCE JUL 1   8562                              609

 COOLING
  YESTERDAY        1                               -4
  MONTH TO DATE   59                               -6
  SINCE JUN 1     59                               -6
  SINCE JAN 1     73                               -8
..................................................................


WIND (MPH)
  HIGHEST WIND SPEED    18   HIGHEST WIND DIRECTION     W (290)
  HIGHEST GUST SPEED    28   HIGHEST GUST DIRECTION     W (270)
  AVERAGE WIND SPEED     5.9


SKY COVER
  AVERAGE SKY COVER 0.2


WEATHER CONDITIONS
 THE FOLLOWING WEATHER WAS RECORDED YESTERDAY.
  NO SIGNIFICANT WEATHER WAS OBSERVED.


RELATIVE HUMIDITY (PERCENT)
 HIGHEST    89
 LOWEST     41
 AVERAGE    65

..........................................................


THE MOBRIDGE SD CLIMATE NORMALS FOR TODAY
                         NORMAL    RECORD    YEAR
 MAXIMUM TEMPERATURE (F)   81       108      1936
 MINIMUM TEMPERATURE (F)   57        37      1929


SUNRISE AND SUNSET
JUNE 25 2019..........SUNRISE   554 AM CDT   SUNSET   935 PM CDT
JUNE 26 2019..........SUNRISE   554 AM CDT   SUNSET   935 PM CDT


-  INDICATES NEGATIVE NUMBERS.
R  INDICATES RECORD WAS SET OR TIED.
MM INDICATES DATA IS MISSING.
T  INDICATES TRACE AMOUNT.




$$
