000
CDUS43 KABR 191507
CLIMBG


CLIMATE REPORT
NATIONAL WEATHER SERVICE ABERDEEN SD
1006 AM CDT FRI APR 19 2019


...................................

...THE MOBRIDGE SD CLIMATE SUMMARY FOR APRIL 18 2019...

CLIMATE NORMAL PERIOD 1981 TO 2010
CLIMATE RECORD PERIOD 1911 TO 2019


WEATHER ITEM   OBSERVED TIME   RECORD YEAR NORMAL DEPARTURE LAST
                VALUE   (LST)  VALUE       VALUE  FROM      YEAR
                                                  NORMAL
..................................................................
TEMPERATURE (F)
 YESTERDAY
  MAXIMUM         58    329 PM  93    1915  60     -2
  MINIMUM         32    529 AM  13    1953  33     -1
  AVERAGE         45                        46     -1

PRECIPITATION (IN)
  YESTERDAY        0.00          1.83 1957   0.05  -0.05
  MONTH TO DATE    1.50                      0.70   0.80
  SINCE MAR 1      2.54                      1.60   0.94
  SINCE JAN 1      4.94                      2.33   2.61

SNOWFALL (IN)
  YESTERDAY        0.0           3.0  1970  MM     MM         T
  MONTH TO DATE   10.6                      MM     MM        8.8
  SINCE OCT 1     86.8                      MM     MM       48.4
  SINCE JUL 1     86.8                      MM     MM       48.4
  SNOW DEPTH       0

DEGREE DAYS
 HEATING
  YESTERDAY       20                                1
  MONTH TO DATE  435                               34
  SINCE MAR 1   1727                              299
  SINCE JUL 1   7969                              566

 COOLING
  YESTERDAY        0                                0
  MONTH TO DATE    0                                0
  SINCE MAR 1      0                                0
  SINCE JAN 1      0                                0
..................................................................


WIND (MPH)
  HIGHEST WIND SPEED    20   HIGHEST WIND DIRECTION     N (10)
  HIGHEST GUST SPEED    27   HIGHEST GUST DIRECTION     N (20)
  AVERAGE WIND SPEED     7.0


SKY COVER
  AVERAGE SKY COVER 0.3


WEATHER CONDITIONS
 THE FOLLOWING WEATHER WAS RECORDED YESTERDAY.
  FOG
  FOG W/VISIBILITY <= 1/4 MILE


RELATIVE HUMIDITY (PERCENT)
 HIGHEST    92
 LOWEST     43
 AVERAGE    68

..........................................................


THE MOBRIDGE SD CLIMATE NORMALS FOR TODAY
                         NORMAL    RECORD    YEAR
 MAXIMUM TEMPERATURE (F)   60        89      1961
 MINIMUM TEMPERATURE (F)   34        14      1928


SUNRISE AND SUNSET
APRIL 19 2019.........SUNRISE   649 AM CDT   SUNSET   833 PM CDT
APRIL 20 2019.........SUNRISE   648 AM CDT   SUNSET   834 PM CDT


-  INDICATES NEGATIVE NUMBERS.
R  INDICATES RECORD WAS SET OR TIED.
MM INDICATES DATA IS MISSING.
T  INDICATES TRACE AMOUNT.




$$
