000
CDUS43 KDTX 252025
CLIMBS


CLIMATE REPORT
NATIONAL WEATHER SERVICE DETROIT/PONTIAC MI
425 PM EDT TUE JUN 25 2019


...................................

...THE TRI CITIES MI CLIMATE SUMMARY FOR JUNE 25 2019...
VALID TODAY AS OF 0400 PM LOCAL TIME.

CLIMATE NORMAL PERIOD 1981 TO 2010
CLIMATE RECORD PERIOD 1898 TO 2019


WEATHER ITEM   OBSERVED TIME   NORMAL DEPARTURE LAST
                VALUE   (LST)  VALUE  FROM      YEAR
                                      NORMAL
......................................................
TEMPERATURE (F)
 TODAY
  MAXIMUM         81    259 PM  81      0       73
  MINIMUM         62    417 AM  59      3       53
  AVERAGE         72            70      2       63

PRECIPITATION (IN)
  TODAY            0.00          0.11  -0.11     0.00
  MONTH TO DATE    3.85          2.49   1.36     0.95
  SINCE JUN 1      3.85          2.49   1.36     0.95
  SINCE JAN 1     13.54         14.14  -0.60    11.96

SNOWFALL (IN)
  TODAY            0.0           0.0    0.0      0.0
  MONTH TO DATE    0.0           0.0    0.0      0.0
  SINCE JUN 1      0.0           0.0    0.0      0.0
  SINCE JUL 1     44.0          41.5    2.5     41.4
  SNOW DEPTH       0

DEGREE DAYS
 HEATING
  TODAY            0             1     -1        2
  MONTH TO DATE   56            55      1       25
  SINCE JUN 1     56            55      1       25
  SINCE JUL 1   7044          6966     78     6788

 COOLING
  TODAY            7             6      1        0
  MONTH TO DATE   34            94    -60       85
  SINCE JUN 1     34            94    -60       85
  SINCE JAN 1     38           130    -92      188
......................................................


WIND (MPH)
  HIGHEST WIND SPEED    22   HIGHEST WIND DIRECTION    SW (230)
  HIGHEST GUST SPEED    27   HIGHEST GUST DIRECTION    SW (210)
  AVERAGE WIND SPEED    14.4


SKY COVER
  AVERAGE SKY COVER 0.4


WEATHER CONDITIONS
 THE FOLLOWING WEATHER WAS RECORDED TODAY.
  NO SIGNIFICANT WEATHER WAS OBSERVED.


..........................................................


THE TRI CITIES MI CLIMATE NORMALS FOR TOMORROW
                         NORMAL
 MAXIMUM TEMPERATURE (F)   81
 MINIMUM TEMPERATURE (F)   59


SUNRISE AND SUNSET
JUNE 25 2019..........SUNRISE   556 AM EDT   SUNSET   921 PM EDT
JUNE 26 2019..........SUNRISE   557 AM EDT   SUNSET   922 PM EDT


-  INDICATES NEGATIVE NUMBERS.
R  INDICATES RECORD WAS SET OR TIED.
MM INDICATES DATA IS MISSING.
T  INDICATES TRACE AMOUNT.




$$
