000
CDUS43 KDTX 190555
CLIMBS


CLIMATE REPORT
NATIONAL WEATHER SERVICE DETROIT/PONTIAC MI
155 AM EDT FRI APR 19 2019


...................................

...THE TRI CITIES MI CLIMATE SUMMARY FOR APRIL 18 2019...

CLIMATE NORMAL PERIOD 1981 TO 2010
CLIMATE RECORD PERIOD 1898 TO 2019


WEATHER ITEM   OBSERVED TIME   NORMAL DEPARTURE LAST
                VALUE   (LST)  VALUE  FROM      YEAR
                                      NORMAL
......................................................
TEMPERATURE (F)
 YESTERDAY
  MAXIMUM         65   1144 AM  57      8       41
  MINIMUM         42   1159 PM  37      5       31
  AVERAGE         54            47      7

PRECIPITATION (IN)
  YESTERDAY        0.29          0.10   0.19
  MONTH TO DATE    1.38          1.70  -0.32
  SINCE MAR 1      3.06          3.76  -0.70
  SINCE JAN 1      6.15          7.08  -0.93

SNOWFALL (IN)
  YESTERDAY       MM             0.1   MM        0.0
  MONTH TO DATE    2.1           1.5    0.6      5.5
  SINCE MAR 1      4.0           7.9   -3.9     10.3
  SINCE JUL 1     44.0          41.3    2.7     41.4
  SNOW DEPTH       0

DEGREE DAYS
 HEATING
  YESTERDAY       11                   -7
  MONTH TO DATE  361                  -24
  SINCE MAR 1   1416                   62
  SINCE JUL 1   6496                   43

 COOLING
  YESTERDAY        0                    0
  MONTH TO DATE    0                    0
  SINCE MAR 1      0                    0
  SINCE JAN 1      0                    0
......................................................


WIND (MPH)
  HIGHEST WIND SPEED    32   HIGHEST WIND DIRECTION    SW (220)
  HIGHEST GUST SPEED    40   HIGHEST GUST DIRECTION    SW (230)
  AVERAGE WIND SPEED    12.9



WEATHER CONDITIONS
 THE FOLLOWING WEATHER WAS RECORDED YESTERDAY.
  RAIN
  LIGHT RAIN
  FOG


RELATIVE HUMIDITY (PERCENT)
 HIGHEST   100
 LOWEST     72
 AVERAGE    86

..........................................................


THE TRI CITIES MI CLIMATE NORMALS FOR TODAY
                         NORMAL
 MAXIMUM TEMPERATURE (F)   58
 MINIMUM TEMPERATURE (F)   37


SUNRISE AND SUNSET
APRIL 19 2019.........SUNRISE   648 AM EDT   SUNSET   824 PM EDT
APRIL 20 2019.........SUNRISE   646 AM EDT   SUNSET   825 PM EDT


-  INDICATES NEGATIVE NUMBERS.
R  INDICATES RECORD WAS SET OR TIED.
MM INDICATES DATA IS MISSING.
T  INDICATES TRACE AMOUNT.




$$
