588
CDUS46 KHNX 200825
CLIMCE


CLIMATE REPORT
NATIONAL WEATHER SERVICE SAN JOAQUIN VALLEY, CA
124 AM PDT FRI APR 20 2018


...................................

...THE MERCED  CA CLIMATE SUMMARY FOR APRIL 19 2018...

CLIMATE NORMAL PERIOD 1981 TO 2010
CLIMATE RECORD PERIOD 1998 TO 2018


WEATHER ITEM   OBSERVED TIME   RECORD YEAR NORMAL DEPARTURE
                VALUE   (LST)  VALUE       VALUE  FROM
                                                  NORMAL
...............................................................
TEMPERATURE (F)
 YESTERDAY
  MAXIMUM         69    410 PM  92    2009  74     -5
  MINIMUM         39    534 AM  35    2007  46     -7
  AVERAGE         54                        60     -6

PRECIPITATION (IN)
  YESTERDAY        0.00          T    2004   0.04  -0.04
  MONTH TO DATE    1.25                      0.63   0.62
  SINCE OCT 1      6.91                     11.16  -4.25
  SINCE JAN 1      5.80                      7.65  -1.85

SNOWFALL (IN)
  YESTERDAY        0.0
  MONTH TO DATE    0.0
  SINCE MAR 1      0.0
  SINCE JUL 1      0.0
  SNOW DEPTH       0

DEGREE DAYS
 HEATING
  YESTERDAY       11
  MONTH TO DATE  122
  SINCE MAR 1    467
  SINCE JUL 1   2257

 COOLING
  YESTERDAY        0
  MONTH TO DATE    2
  SINCE MAR 1      2
  SINCE JAN 1      2
...............................................................


WIND (MPH)
  HIGHEST WIND SPEED    23   HIGHEST WIND DIRECTION    NW (320)
  HIGHEST GUST SPEED    31   HIGHEST GUST DIRECTION    NW (320)
  AVERAGE WIND SPEED     9.7




RELATIVE HUMIDITY (PERCENT)
 HIGHEST    92
 LOWEST     31
 AVERAGE    62

..........................................................


THE MERCED  CA CLIMATE NORMALS FOR TODAY
                         NORMAL    RECORD    YEAR
 MAXIMUM TEMPERATURE (F)   75        94      2009
 MINIMUM TEMPERATURE (F)   46        37      2002


SUNRISE AND SUNSET
APRIL 20 2018.........SUNRISE   621 AM PDT   SUNSET   742 PM PDT
APRIL 21 2018.........SUNRISE   620 AM PDT   SUNSET   743 PM PDT


-  INDICATES NEGATIVE NUMBERS.
R  INDICATES RECORD WAS SET OR TIED.
MM INDICATES DATA IS MISSING.
T  INDICATES TRACE AMOUNT.




$$
