000
CDUS46 KHNX 220027
CLIMCE


CLIMATE REPORT
NATIONAL WEATHER SERVICE SAN JOAQUIN VALLEY, CA
526 PM PDT SUN APR 21 2019


...................................

...THE MERCED  CA CLIMATE SUMMARY FOR APRIL 21 2019...
VALID AS OF 0500 PM LOCAL TIME.

CLIMATE NORMAL PERIOD 1981 TO 2010
CLIMATE RECORD PERIOD 1998 TO 2019


WEATHER ITEM   OBSERVED TIME   RECORD YEAR NORMAL DEPARTURE LAST
                VALUE   (LST)  VALUE       VALUE  FROM      YEAR
                                                  NORMAL
..................................................................
TEMPERATURE (F)
 TODAY
  MAXIMUM         78    251 PM  95    2009  75      3       82
  MINIMUM         41    424 AM  35    2008  46     -5       45
  AVERAGE         60                        60      0       64

PRECIPITATION (IN)
  TODAY            0.00          0.31 2010   0.04  -0.04     0.00
  MONTH TO DATE    0.05                      0.70  -0.65     1.25
  SINCE OCT 1     11.87                     11.23   0.64     6.91
  SINCE JAN 1      8.00                      7.72   0.28     5.80

SNOWFALL (IN)
  TODAY            0.0
  MONTH TO DATE    0.0
  SINCE MAR 1      0.0
  SINCE JUL 1      0.0
  SNOW DEPTH       0

DEGREE DAYS
 HEATING
  TODAY            5                                         1
  MONTH TO DATE   89                                       130
  SINCE MAR 1    426                                       475
  SINCE JUL 1   2273                                      2265

 COOLING
  TODAY            0                                         0
  MONTH TO DATE    6                                         2
  SINCE MAR 1      6                                         2
  SINCE JAN 1      6                                         2
..................................................................


WIND (MPH)
  HIGHEST WIND SPEED    22   HIGHEST WIND DIRECTION    NW (320)
  HIGHEST GUST SPEED    27   HIGHEST GUST DIRECTION     N (340)
  AVERAGE WIND SPEED     7.2




RELATIVE HUMIDITY (PERCENT)
 HIGHEST    93
 LOWEST     33
 AVERAGE    63

..........................................................


THE MERCED  CA CLIMATE NORMALS FOR TOMORROW
                         NORMAL    RECORD    YEAR
 MAXIMUM TEMPERATURE (F)   75        95      2012
                                             2009
 MINIMUM TEMPERATURE (F)   46        41      2008


SUNRISE AND SUNSET
APRIL 21 2019.........SUNRISE   620 AM PDT   SUNSET   743 PM PDT
APRIL 22 2019.........SUNRISE   619 AM PDT   SUNSET   744 PM PDT


-  INDICATES NEGATIVE NUMBERS.
R  INDICATES RECORD WAS SET OR TIED.
MM INDICATES DATA IS MISSING.
T  INDICATES TRACE AMOUNT.




$$
