000
CDAK49 PAFG 160938
CLIMCG

CLIMATE REPORT
NATIONAL WEATHER SERVICE FAIRBANKS AK
138 AM AKDT SUN JUN 16 2019


...................................

...THE MCGRATH AK CLIMATE SUMMARY FOR JUNE 15 2019...

CLIMATE NORMAL PERIOD 1981 TO 2010
CLIMATE RECORD PERIOD 1946 TO 2019


WEATHER ITEM   OBSERVED TIME   RECORD YEAR NORMAL DEPARTURE LAST
                VALUE   (LST)  VALUE       VALUE  FROM      YEAR
                                                  NORMAL
..................................................................
TEMPERATURE (F)
 YESTERDAY
  MAXIMUM         67    806 PM  90    1969  68     -1       64
  MINIMUM         49    244 AM  34    2001  47      2       38
  AVERAGE         58                        58      0       51

PRECIPITATION (IN)
  YESTERDAY        0.01          0.51 1988   0.05  -0.04     0.04
  MONTH TO DATE    0.39                      0.68  -0.29     0.28
  SINCE JUN 1      0.39                      0.68  -0.29     0.28
  SINCE JAN 1      5.32                      5.35  -0.03     5.65

SNOWFALL (IN)
  YESTERDAY        0.0           0.0    MM   0.0    0.0      0.0
  MONTH TO DATE    0.0                       0.0    0.0      0.0
  SINCE JUN 1      0.0                       0.0    0.0      0.0
  SINCE JUL 1     95.6                      97.3   -1.7     83.5
  SNOW DEPTH       0

DEGREE DAYS
 HEATING
  YESTERDAY        7                         8     -1       14
  MONTH TO DATE   88                       146    -58      114
  SINCE JUN 1     88                       146    -58      114
  SINCE JUL 1  11535                     13659  -2124    11555

 COOLING
  YESTERDAY        0                         0      0        0
  MONTH TO DATE    0                         0      0        0
  SINCE JUN 1      0                         0      0        0
  SINCE JAN 1      0                         0      0        0
..................................................................


WIND (MPH)
  HIGHEST GUST SPEED    19   HIGHEST GUST DIRECTION    SW (220)


SKY COVER
  AVERAGE SKY COVER 0.6


WEATHER CONDITIONS
 THE FOLLOWING WEATHER WAS RECORDED YESTERDAY.
  LIGHT RAIN


RELATIVE HUMIDITY (PERCENT)
 HIGHEST    93
 LOWEST     45
 AVERAGE    69

..........................................................


THE MCGRATH AK CLIMATE NORMALS FOR TODAY
                         NORMAL    RECORD    YEAR
 MAXIMUM TEMPERATURE (F)   69        90      2013
 MINIMUM TEMPERATURE (F)   47        36      1960


SUNRISE AND SUNSET
JUNE 16 2019..........SUNRISE   417 AM AKDT  SUNSET  1231 AM AKDT
JUNE 17 2019..........SUNRISE   416 AM AKDT  SUNSET  1232 AM AKDT

-  INDICATES NEGATIVE NUMBERS.
R  INDICATES RECORD WAS SET OR TIED.
MM INDICATES DATA IS MISSING.
T  INDICATES TRACE AMOUNT.

&&

SNOW DEPTH IS MEASURED AT 3AM AKST/4AM AKDT.

----------------------------
AVAILABLE DAYLIGHT

AMOUNT OF DAYLIGHT TODAY  (HOUR:MIN)........20:13
GAIN/LOSS SINCE YESTERDAY (HOUR:MIN:SEC)....+0:01:32

$$
JUN 19
