000
CDAK49 PAFG 220048
CLIMCG

CLIMATE REPORT
NATIONAL WEATHER SERVICE FAIRBANKS AK
448 PM AKDT SUN APR 21 2019


...................................

...THE MCGRATH AK CLIMATE SUMMARY FOR APRIL 21 2019...
VALID TODAY AS OF 0400 PM LOCAL TIME.

CLIMATE NORMAL PERIOD 1981 TO 2010
CLIMATE RECORD PERIOD 1946 TO 2019


WEATHER ITEM   OBSERVED TIME   RECORD YEAR NORMAL DEPARTURE LAST
                VALUE   (LST)  VALUE       VALUE  FROM      YEAR
                                                  NORMAL
..................................................................
TEMPERATURE (F)
 TODAY
  MAXIMUM         37    259 PM  57    2014  44     -7       40
                                      2007
  MINIMUM         25    228 AM  -9    1966  23      2       20
  AVERAGE         31                        34     -3       30

PRECIPITATION (IN)
  TODAY            0.00          0.21 1963   0.02  -0.02     0.11
  MONTH TO DATE    0.23                      0.50  -0.27     0.13
  SINCE MAR 1      1.10                      1.31  -0.21     1.12
  SINCE JAN 1      3.98                      3.34   0.64     2.80

SNOWFALL (IN)
  TODAY            0.0           2.5  2018   0.1   -0.1      2.5
  MONTH TO DATE    0.5                       4.1   -3.6      2.5
  SINCE MAR 1     15.0                      15.4   -0.4     20.6
  SINCE JUL 1     95.1                      95.4   -0.3     83.1
  SNOW DEPTH      14

DEGREE DAYS
 HEATING
  TODAY           34                        31      3       35
  MONTH TO DATE  711                       808    -97      712
  SINCE MAR 1   1873                      2463   -590     2154
  SINCE JUL 1  10719                     12695  -1976    10656

 COOLING
  TODAY            0                         0      0        0
  MONTH TO DATE    0                         0      0        0
  SINCE MAR 1      0                         0      0        0
  SINCE JAN 1      0                         0      0        0
..................................................................


WIND (MPH)
  HIGHEST GUST SPEED    24   HIGHEST GUST DIRECTION     N (20)


SKY COVER
  AVERAGE SKY COVER 0.8


WEATHER CONDITIONS
 THE FOLLOWING WEATHER WAS RECORDED TODAY.
  NO SIGNIFICANT WEATHER WAS OBSERVED.


RELATIVE HUMIDITY (PERCENT)
 HIGHEST    75
 LOWEST     52
 AVERAGE    64

..........................................................


THE MCGRATH AK CLIMATE NORMALS FOR TOMORROW
                         NORMAL    RECORD    YEAR
 MAXIMUM TEMPERATURE (F)   45        60      2007
 MINIMUM TEMPERATURE (F)   24        -6      1972


SUNRISE AND SUNSET
APRIL 21 2019.........SUNRISE   636 AM AKDT  SUNSET  1009 PM AKDT
APRIL 22 2019.........SUNRISE   633 AM AKDT  SUNSET  1012 PM AKDT

-  INDICATES NEGATIVE NUMBERS.
R  INDICATES RECORD WAS SET OR TIED.
MM INDICATES DATA IS MISSING.
T  INDICATES TRACE AMOUNT.

&&

SNOW DEPTH IS MEASURED AT 3AM AKST/4AM AKDT.

----------------------------
AVAILABLE DAYLIGHT

AMOUNT OF DAYLIGHT TODAY  (HOUR:MIN)........15:33
GAIN/LOSS SINCE YESTERDAY (HOUR:MIN:SEC)....+0:06:13

$$
APR 19
