896
CDUS43 KEAX 170039
CLIMCI

CLIMATE REPORT
NATIONAL WEATHER SERVICE KANSAS CITY/PLEASANT HILL MO
739 PM CDT TUE JUL 16 2019


...................................

...THE KANSAS CITY INTERNATIONAL MO CLIMATE SUMMARY FOR JULY 16 2019...
VALID TODAY AS OF 0700 PM LOCAL TIME.

CLIMATE NORMAL PERIOD 1981 TO 2010
CLIMATE RECORD PERIOD 1888 TO 2019


WEATHER ITEM   OBSERVED TIME   RECORD YEAR NORMAL DEPARTURE LAST
                VALUE   (LST)  VALUE       VALUE  FROM      YEAR
                                                  NORMAL
..................................................................
TEMPERATURE (F)
 TODAY
  MAXIMUM         90    423 PM 107    1934  89      1       95
  MINIMUM         65    452 AM  55    2014  69     -4       72
  AVERAGE         78                        79     -1       84

PRECIPITATION (IN)
  TODAY            0.00          1.35 1968   0.15  -0.15     0.00
  MONTH TO DATE    1.48                      2.51  -1.03     0.08
  SINCE JUN 1      9.12                      7.74   1.38     3.79
  SINCE JAN 1     33.38                     21.57  11.81    14.40

SNOWFALL (IN)
  TODAY            0.0           0.0    MM   0.0    0.0      0.0
  MONTH TO DATE    0.0                       0.0    0.0      0.0
  SINCE JUN 1      0.0                       0.0    0.0      0.0
  SINCE JUL 1      0.0                       0.0    0.0      0.0
  SNOW DEPTH       0

DEGREE DAYS
 HEATING
  TODAY            0                         0      0        0
  MONTH TO DATE    0                         0      0        0
  SINCE JUN 1      0                         9     -9        0
  SINCE JUL 1      0                         0      0        0

 COOLING
  TODAY           13                        14     -1       19
  MONTH TO DATE  212                       209      3      274
  SINCE JUN 1    484                       475      9      664
  SINCE JAN 1    582                       591     -9      944
..................................................................


WIND (MPH)
  HIGHEST WIND SPEED    12   HIGHEST WIND DIRECTION     S (170)
  HIGHEST GUST SPEED    15   HIGHEST GUST DIRECTION     S (160)
  AVERAGE WIND SPEED     4.8


SKY COVER
  POSSIBLE SUNSHINE  MM
  AVERAGE SKY COVER 0.4


WEATHER CONDITIONS
 THE FOLLOWING WEATHER WAS RECORDED TODAY.
  FOG


RELATIVE HUMIDITY (PERCENT)
 HIGHEST   100           300 AM
 LOWEST     59           300 PM
 AVERAGE    80

..........................................................


THE KANSAS CITY INTERNATIONAL MO CLIMATE NORMALS FOR TOMORROW
                         NORMAL    RECORD    YEAR
 MAXIMUM TEMPERATURE (F)   89       108      1954
                                             1934
 MINIMUM TEMPERATURE (F)   69        55      2009


SUNRISE AND SUNSET
JULY 16 2019..........SUNRISE   605 AM CDT   SUNSET   844 PM CDT
JULY 17 2019..........SUNRISE   606 AM CDT   SUNSET   844 PM CDT


-  INDICATES NEGATIVE NUMBERS.
R  INDICATES RECORD WAS SET OR TIED.
MM INDICATES DATA IS MISSING.
T  INDICATES TRACE AMOUNT.


&&

...MISCELLANEOUS CLIMATE DATA FROM TODAY...

LOCATION                HIGH    LOW      PRECIP
ST. JOSEPH               91      68       0.00
DOWNTOWN KANSAS CITY     92      71       0.00
OLATHE NEW CENTURY       89      66       0.00
OLATHE JO CO EXEC        88      66       0.00
LEES SUMMIT              89      68       0.00
KIRKSVILLE               89      70       0.00
CHILLICOTHE              92      69       0.00
SEDALIA                  84      69       0.05
NWS PLEASANT HILL MO     88      67       0.00


THIS PRODUCT...ALONG WITH OTHER WEATHER...HYDROLOGICAL AND CLIMATE
INFORMATION...IS AVAILABLE ON THE WEB AT HTTP://WWW.WEATHER.GOV/EAX
OR AT HTTP://WEATHER.GOV

$$

PM
