000
CDUS43 KEAX 220635
CLIMCI

CLIMATE REPORT
NATIONAL WEATHER SERVICE KANSAS CITY/PLEASANT HILL MO
134 AM CDT SUN APR 22 2018


...................................

...THE KANSAS CITY INTERNATIONAL MO CLIMATE SUMMARY FOR APRIL 21 2018...

CLIMATE NORMAL PERIOD 1981 TO 2010
CLIMATE RECORD PERIOD 1888 TO 2018


WEATHER ITEM   OBSERVED TIME   RECORD YEAR NORMAL DEPARTURE LAST
                VALUE   (LST)  VALUE       VALUE  FROM      YEAR
                                                  NORMAL
..................................................................
TEMPERATURE (F)
 YESTERDAY
  MAXIMUM         64    510 PM  90    1980  67     -3       55
  MINIMUM         48    608 AM  29    1982  46      2       46
  AVERAGE         56                        57     -1       51

PRECIPITATION (IN)
  YESTERDAY        T             2.01 1944   0.13  -0.13      T
  MONTH TO DATE    0.58                      2.36  -1.78     4.27
  SINCE MAR 1      2.23                      4.73  -2.50     7.08
  SINCE JAN 1      4.68                      7.26  -2.58     8.53

SNOWFALL (IN)
  YESTERDAY        0.0           0.3  1918   0.0    0.0      0.0
  MONTH TO DATE    1.9                       0.5    1.4      0.0
  SINCE MAR 1      1.9                       2.5   -0.6      0.4
  SINCE JUL 1      7.7                      18.7  -11.0      4.9
  SNOW DEPTH       0

DEGREE DAYS
 HEATING
  YESTERDAY        9                         9      0       14
  MONTH TO DATE  471                       259    212      152
  SINCE MAR 1   1126                       905    221      677
  SINCE JUL 1   5053                      4950    103     3931

 COOLING
  YESTERDAY        0                         1     -1        0
  MONTH TO DATE    6                        15     -9       27
  SINCE MAR 1      6                        18    -12       33
  SINCE JAN 1      6                        18    -12       33
..................................................................


WIND (MPH)
  HIGHEST WIND SPEED    20   HIGHEST WIND DIRECTION     E (70)
  HIGHEST GUST SPEED    25   HIGHEST GUST DIRECTION     E (70)
  AVERAGE WIND SPEED    11.6


SKY COVER
  POSSIBLE SUNSHINE  MM
  AVERAGE SKY COVER 1.0


WEATHER CONDITIONS
 THE FOLLOWING WEATHER WAS RECORDED YESTERDAY.
  LIGHT RAIN


RELATIVE HUMIDITY (PERCENT)
 HIGHEST    50          1100 AM
 LOWEST     28          1200 AM
 AVERAGE    39

..........................................................


THE KANSAS CITY INTERNATIONAL MO CLIMATE NORMALS FOR TODAY
                         NORMAL    RECORD    YEAR
 MAXIMUM TEMPERATURE (F)   68        91      1989
 MINIMUM TEMPERATURE (F)   46        25      1986


SUNRISE AND SUNSET
APRIL 22 2018.........SUNRISE   632 AM CDT   SUNSET   803 PM CDT
APRIL 23 2018.........SUNRISE   631 AM CDT   SUNSET   804 PM CDT


-  INDICATES NEGATIVE NUMBERS.
R  INDICATES RECORD WAS SET OR TIED.
MM INDICATES DATA IS MISSING.
T  INDICATES TRACE AMOUNT.


&&

...MISCELLANEOUS CLIMATE DATA FROM YESTERDAY...

LOCATION                HIGH    LOW      PRECIP
ST. JOSEPH               63      50       T
DOWNTOWN KANSAS CITY     67      51       T
OLATHE NEW CENTURY       66      47       0.01
OLATHE JO CO EXEC        64      48       T
LEES SUMMIT              66      49       0.00
KIRKSVILLE               62      42       0.00
CHILLICOTHE              63      43       0.00
SEDALIA                  69      47       0.00
NWS PLEASANT HILL MO     67      42       0.00


THIS PRODUCT...ALONG WITH OTHER WEATHER...HYDROLOGICAL AND CLIMATE
INFORMATION...IS AVAILABLE ON THE WEB AT HTTP://WWW.WEATHER.GOV/EAX
OR AT HTTP://WEATHER.GOV

$$

CDB
