000
CDUS43 KGLD 190041
CLIMCK

CLIMATE REPORT
NATIONAL WEATHER SERVICE GOODLAND
638 PM MDT THU APR 18 2019

...................................

...THE MCCOOK NE CLIMATE SUMMARY FOR APRIL 18 2019...
VALID TODAY AS OF 0600 PM LOCAL TIME.

CLIMATE NORMAL PERIOD 1981 TO 2010
CLIMATE RECORD PERIOD 1896 TO 2019


WEATHER ITEM   OBSERVED TIME   RECORD YEAR NORMAL DEPARTURE LAST
                VALUE   (LST)  VALUE       VALUE  FROM      YEAR
                                                  NORMAL
..................................................................
TEMPERATURE (F)
 TODAY
  MAXIMUM         65   1221 PM  95    1948  65      0       60
  MINIMUM         40    353 AM  16    1912  35      5       35
  AVERAGE         53                        50      3       48

PRECIPITATION (IN)
  TODAY            0.03                      0.08  -0.05     0.00
  MONTH TO DATE    0.10                      1.20  -1.10     0.33
  SINCE MAR 1      1.82                      2.56  -0.74     0.70
  SINCE JAN 1      2.63                      3.69  -1.06     2.21

..................................................................

THE MCCOOK NE CLIMATE NORMALS FOR TOMORROW
                         NORMAL    RECORD    YEAR
 MAXIMUM TEMPERATURE (F)   66        91      1961
                                             1946
 MINIMUM TEMPERATURE (F)   36        20      2013



-  INDICATES NEGATIVE NUMBERS.
R  INDICATES RECORD WAS SET OR TIED.
MM INDICATES DATA IS MISSING.
T  INDICATES TRACE AMOUNT.




$$
