000
CDUS42 KFFC 190029
CLIMCN


CLIMATE REPORT
NATIONAL WEATHER SERVICE PEACHTREE CITY GA
828 PM EDT THU APR 18 2019


...................................

...THE MACON CLIMATE SUMMARY FOR APRIL 18 2019...
VALID AS OF 0800 PM LOCAL TIME.

CLIMATE NORMAL PERIOD 1981 TO 2010
CLIMATE RECORD PERIOD 1899 TO 2019


WEATHER ITEM   OBSERVED TIME   RECORD YEAR NORMAL DEPARTURE LAST
                VALUE   (LST)  VALUE       VALUE  FROM      YEAR
                                                  NORMAL
..................................................................
TEMPERATURE (F)
 TODAY
  MAXIMUM         83    318 PM  90    1967  77      6       87
                                      1955
  MINIMUM         57   1218 AM  33    2001  51      6       48
  AVERAGE         70                        64      6       68

PRECIPITATION (IN)
  TODAY            0.00          3.47 1900   0.09  -0.09     0.00
  MONTH TO DATE    2.20                      1.93   0.27     1.98
  SINCE MAR 1      3.72                      6.48  -2.76     4.63
  SINCE JAN 1     11.24                     15.08  -3.84    10.26

SNOWFALL (IN)
  TODAY            0.0           0.0  2002   0.0    0.0      0.0
                                      2001
                                      2000
  MONTH TO DATE    0.0                       0.0    0.0      0.0
  SINCE MAR 1      0.0                       0.2   -0.2      0.0
  SINCE JUL 1      0.0                       0.7   -0.7      1.0
  SNOW DEPTH       0

DEGREE DAYS
 HEATING
  TODAY            0                         3     -3        0
  MONTH TO DATE   52                        83    -31       97
  SINCE MAR 1    312                       355    -43      393
  SINCE JUL 1   1942                      2280   -338     2044

 COOLING
  TODAY            5                         2      3        3
  MONTH TO DATE   62                        28     34       15
  SINCE MAR 1     66                        46     20       35
  SINCE JAN 1     79                        49     30       86
..................................................................


WIND (MPH)
  HIGHEST WIND SPEED    17   HIGHEST WIND DIRECTION     S (160)
  HIGHEST GUST SPEED    23   HIGHEST GUST DIRECTION    SE (150)
  AVERAGE WIND SPEED     7.8


SKY COVER
  AVERAGE SKY COVER 0.3


WEATHER CONDITIONS
 THE FOLLOWING WEATHER WAS RECORDED TODAY.
  NO SIGNIFICANT WEATHER WAS OBSERVED.


RELATIVE HUMIDITY (PERCENT)
 HIGHEST   100           700 AM
 LOWEST     45           400 PM

..........................................................


THE MACON CLIMATE NORMALS FOR TOMORROW
                         NORMAL    RECORD
 MAXIMUM TEMPERATURE (F)   78        91
 MINIMUM TEMPERATURE (F)   51        31


SUNRISE AND SUNSET
APRIL 18 2019.........SUNRISE   702 AM EDT   SUNSET   807 PM EDT
APRIL 19 2019.........SUNRISE   701 AM EDT   SUNSET   807 PM EDT


-  INDICATES NEGATIVE NUMBERS.
R  INDICATES RECORD WAS SET OR TIED.
MM INDICATES DATA IS MISSING.
T  INDICATES TRACE AMOUNT.




$$
