000
CDUS42 KFFC 170817
CLIMCN


CLIMATE REPORT
NATIONAL WEATHER SERVICE PEACHTREE CITY GA
416 AM EDT MON JUN 17 2019


...................................

...THE MACON CLIMATE SUMMARY FOR JUNE 16 2019...

CLIMATE NORMAL PERIOD 1981 TO 2010
CLIMATE RECORD PERIOD 1899 TO 2019


WEATHER ITEM   OBSERVED TIME   RECORD YEAR NORMAL DEPARTURE LAST
                VALUE   (LST)  VALUE       VALUE  FROM      YEAR
                                                  NORMAL
..................................................................
TEMPERATURE (F)
 YESTERDAY
  MAXIMUM         93    452 PM  99    2015  91      2       89
                                      1964
                                      1920
  MINIMUM         67    606 AM  50    1917  68     -1       71
  AVERAGE         80                        79      1       80

PRECIPITATION (IN)
  YESTERDAY        0.00          1.91 2010   0.13  -0.13     0.00
  MONTH TO DATE    1.52                      2.04  -0.52     2.12
  SINCE JUN 1      1.52                      2.04  -0.52     2.12
  SINCE JAN 1     14.93                     20.87  -5.94    22.38

DEGREE DAYS
 HEATING
  YESTERDAY        0                         0      0        0
  MONTH TO DATE    0                         0      0        0
  SINCE JUN 1      0                         0      0        0
  SINCE JUL 1   1963                      2322   -359     2076

 COOLING
  YESTERDAY       15                        14      1       15
  MONTH TO DATE  216                       206     10      226
  SINCE JUN 1    216                       206     10      226
  SINCE JAN 1    704                       519    185      634
..................................................................


WIND (MPH)
  RESULTANT WIND SPEED   2   RESULTANT WIND DIRECTION  SE (140)
  HIGHEST WIND SPEED    10   HIGHEST WIND DIRECTION     W (250)
  HIGHEST GUST SPEED    14   HIGHEST GUST DIRECTION     W (260)
  AVERAGE WIND SPEED     3.7


SKY COVER
  AVERAGE SKY COVER 0.1


WEATHER CONDITIONS
 THE FOLLOWING WEATHER WAS RECORDED YESTERDAY.
  NO SIGNIFICANT WEATHER WAS OBSERVED.


RELATIVE HUMIDITY (PERCENT)
 HIGHEST    93           500 AM
 LOWEST     41           400 PM
 AVERAGE    67

..........................................................


THE MACON CLIMATE NORMALS FOR TODAY
                         NORMAL    RECORD    YEAR
 MAXIMUM TEMPERATURE (F)   91       101      2016
 MINIMUM TEMPERATURE (F)   68        56      2012


SUNRISE AND SUNSET
JUNE 17 2019..........SUNRISE   627 AM EDT   SUNSET   845 PM EDT
JUNE 18 2019..........SUNRISE   627 AM EDT   SUNSET   845 PM EDT


-  INDICATES NEGATIVE NUMBERS.
R  INDICATES RECORD WAS SET OR TIED.
MM INDICATES DATA IS MISSING.
T  INDICATES TRACE AMOUNT.




$$
