000
CDUS42 KMLB 250626
CLIMCO


CLIMATE REPORT
NATIONAL WEATHER SERVICE MELBOURNE FL
226 AM EDT TUE JUN 25 2019


...................................

...THE ORLANDO INTL CLIMATE SUMMARY FOR JUNE 24 2019...

CLIMATE NORMAL PERIOD 1981 TO 2010
CLIMATE RECORD PERIOD 1892 TO 2019


WEATHER ITEM   OBSERVED TIME   RECORD YEAR NORMAL DEPARTURE LAST
                VALUE   (LST)  VALUE       VALUE  FROM      YEAR
                                                  NORMAL
..................................................................
TEMPERATURE (F)
 YESTERDAY
  MAXIMUM         96    341 PM 100    1944  91      5       93
  MINIMUM         75    510 AM  66    1917  73      2       74
                                      1893
  AVERAGE         86                        82      4       84

PRECIPITATION (IN)
  YESTERDAY        0.00          3.64 1963   0.25  -0.25     0.84
  MONTH TO DATE    8.20                      6.10   2.10     7.73
  SINCE JUN 1      8.20                      6.10   2.10     7.73
  SINCE JAN 1     19.83                     20.73  -0.90    20.65

SNOWFALL (IN)
  YESTERDAY        0.0
  MONTH TO DATE    0.0
  SINCE JUL 1      0.0

DEGREE DAYS
 HEATING
  YESTERDAY        0                         0      0        0
  MONTH TO DATE    0                         0      0        0
  SINCE JUN 1      0                         0      0        0
  SINCE JUL 1    390                       571   -181      467

 COOLING
  YESTERDAY       21                        17      4       19
  MONTH TO DATE  434                       388     46      408
  SINCE JUN 1    434                       388     46      408
  SINCE JAN 1   1521                      1189    332     1376
..................................................................


WIND (MPH)
  HIGHEST WIND SPEED    13   HIGHEST WIND DIRECTION    NW (300)
  HIGHEST GUST SPEED    17   HIGHEST GUST DIRECTION     W (290)
  AVERAGE WIND SPEED     5.0


SKY COVER
  AVERAGE SKY COVER 0.2


WEATHER CONDITIONS
 THE FOLLOWING WEATHER WAS RECORDED YESTERDAY.
  NO SIGNIFICANT WEATHER WAS OBSERVED.


RELATIVE HUMIDITY (PERCENT)
 HIGHEST    88           500 AM
 LOWEST     39           200 PM
 AVERAGE    64

..........................................................


THE ORLANDO INTL CLIMATE NORMALS FOR TODAY
                         NORMAL    RECORD    YEAR
 MAXIMUM TEMPERATURE (F)   91        99      1950
                                             1948
                                             1914
 MINIMUM TEMPERATURE (F)   73        63      1960


SUNRISE AND SUNSET
JUNE 25 2019..........SUNRISE   629 AM EDT   SUNSET   826 PM EDT
JUNE 26 2019..........SUNRISE   630 AM EDT   SUNSET   826 PM EDT


-  INDICATES NEGATIVE NUMBERS.
R  INDICATES RECORD WAS SET OR TIED.
MM INDICATES DATA IS MISSING.
T  INDICATES TRACE AMOUNT.




$$
