000
CDUS42 KMLB 232026
CLIMCO


CLIMATE REPORT
NATIONAL WEATHER SERVICE MELBOURNE FL
426 PM EDT WED MAY 23 2018


...................................

...THE ORLANDO  CLIMATE SUMMARY FOR MAY 23 2018...
VALID TODAY AS OF 0400 PM LOCAL TIME.

CLIMATE NORMAL PERIOD 1981 TO 2010
CLIMATE RECORD PERIOD 1892 TO 2018


WEATHER ITEM   OBSERVED TIME   RECORD YEAR NORMAL DEPARTURE LAST
                VALUE   (LST)  VALUE       VALUE  FROM      YEAR
                                                  NORMAL
..................................................................
TEMPERATURE (F)
 TODAY
  MAXIMUM         89    148 PM  97    1962  89      0       91
                                      1938
  MINIMUM         68    513 AM  55    1919  68      0       70
  AVERAGE         79                        79      0       81

PRECIPITATION (IN)
  TODAY            0.00          2.25 1906   0.14  -0.14     0.01
  MONTH TO DATE    5.49                      2.11   3.38     1.59
  SINCE MAR 1      8.46                      8.56  -0.10     1.69
  SINCE JAN 1     10.92                     13.29  -2.37     4.62

SNOWFALL (IN)
  TODAY            0.0
  MONTH TO DATE    0.0
  SINCE MAR 1      0.0
  SINCE JUL 1      0.0

DEGREE DAYS
 HEATING
  TODAY            0                         0      0        0
  MONTH TO DATE    0                         0      0        0
  SINCE MAR 1     83                        71     12       40
  SINCE JUL 1    467                       570   -103      209

 COOLING
  TODAY           14                        14      0       16
  MONTH TO DATE  266                       265      1      276
  SINCE MAR 1    607                       582     25      729
  SINCE JAN 1    854                       686    168      930
..................................................................


WIND (MPH)
  HIGHEST WIND SPEED     9   HIGHEST WIND DIRECTION     S (160)
  HIGHEST GUST SPEED    15   HIGHEST GUST DIRECTION    SE (150)
  AVERAGE WIND SPEED     4.0


SKY COVER
  AVERAGE SKY COVER 0.3


WEATHER CONDITIONS
 THE FOLLOWING WEATHER WAS RECORDED TODAY.
  FOG


RELATIVE HUMIDITY (PERCENT)
 HIGHEST   100           300 AM
 LOWEST     43           200 PM
 AVERAGE    72

..........................................................


THE ORLANDO  CLIMATE NORMALS FOR TOMORROW
                         NORMAL    RECORD    YEAR
 MAXIMUM TEMPERATURE (F)   89        97      1956
                                             1953
                                             1938
 MINIMUM TEMPERATURE (F)   68        56      1919
                                             1893


SUNRISE AND SUNSET
MAY 23 2018...........SUNRISE   631 AM EDT   SUNSET   813 PM EDT
MAY 24 2018...........SUNRISE   630 AM EDT   SUNSET   814 PM EDT


-  INDICATES NEGATIVE NUMBERS.
R  INDICATES RECORD WAS SET OR TIED.
MM INDICATES DATA IS MISSING.
T  INDICATES TRACE AMOUNT.




$$
