000
CDUS42 KMLB 192016
CLIMCO


CLIMATE REPORT
NATIONAL WEATHER SERVICE MELBOURNE FL
416 PM EDT FRI APR 19 2019


...................................

...THE ORLANDO  CLIMATE SUMMARY FOR APRIL 19 2019...
VALID TODAY AS OF 0400 PM LOCAL TIME.

CLIMATE NORMAL PERIOD 1981 TO 2010
CLIMATE RECORD PERIOD 1892 TO 2019


WEATHER ITEM   OBSERVED TIME   RECORD YEAR NORMAL DEPARTURE LAST
                VALUE   (LST)  VALUE       VALUE  FROM      YEAR
                                                  NORMAL
..................................................................
TEMPERATURE (F)
 TODAY
  MAXIMUM         87   1128 AM  94    1922  83      4       88
  MINIMUM         69    259 PM  42    1923  61      8       56
  AVERAGE         78                        72      6       72

PRECIPITATION (IN)
  TODAY            0.13          2.20 1901   0.08   0.05     0.00
  MONTH TO DATE    1.06                      1.82  -0.76     2.06
  SINCE MAR 1      1.62                      5.59  -3.97     2.89
  SINCE JAN 1      6.88                     10.32  -3.44     5.35

SNOWFALL (IN)
  TODAY            0.0
  MONTH TO DATE    0.0
  SINCE MAR 1      0.0
  SINCE JUL 1      0.0

DEGREE DAYS
 HEATING
  TODAY            0                         0      0        0
  MONTH TO DATE    0                        11    -11        0
  SINCE MAR 1     34                        70    -36       83
  SINCE JUL 1    390                       569   -179      467

 COOLING
  TODAY           13                         7      6        7
  MONTH TO DATE  192                       111     81      146
  SINCE MAR 1    334                       229    105      239
  SINCE JAN 1    540                       333    207      486
..................................................................


WIND (MPH)
  HIGHEST WIND SPEED    43   HIGHEST WIND DIRECTION    SW (230)
  HIGHEST GUST SPEED    54   HIGHEST GUST DIRECTION    SW (230)
  AVERAGE WIND SPEED    14.8


SKY COVER
  AVERAGE SKY COVER 0.7


WEATHER CONDITIONS
 THE FOLLOWING WEATHER WAS RECORDED TODAY.
  THUNDERSTORM
  RAIN
  FOG


RELATIVE HUMIDITY (PERCENT)
 HIGHEST    93           500 AM
 LOWEST     55          1200 PM
 AVERAGE    74

..........................................................


THE ORLANDO  CLIMATE NORMALS FOR TOMORROW
                         NORMAL    RECORD    YEAR
 MAXIMUM TEMPERATURE (F)   83        96      1908
 MINIMUM TEMPERATURE (F)   61        39      1936


SUNRISE AND SUNSET
APRIL 19 2019.........SUNRISE   656 AM EDT   SUNSET   753 PM EDT
APRIL 20 2019.........SUNRISE   655 AM EDT   SUNSET   754 PM EDT


-  INDICATES NEGATIVE NUMBERS.
R  INDICATES RECORD WAS SET OR TIED.
MM INDICATES DATA IS MISSING.
T  INDICATES TRACE AMOUNT.




$$
