000
CDUS43 KDMX 210627 RRC
CLIMCW

CLIMATE REPORT
NATIONAL WEATHER SERVICE DES MOINES IA
126 AM CDT SUN APR 21 2019


...................................

...THE MASON CITY IA CLIMATE SUMMARY FOR APRIL 20 2019...

CLIMATE NORMAL PERIOD 1981 TO 2010
CLIMATE RECORD PERIOD 1893 TO 2019


WEATHER ITEM   OBSERVED TIME   RECORD YEAR NORMAL DEPARTURE LAST
                VALUE   (LST)  VALUE       VALUE  FROM      YEAR
                                                  NORMAL
..................................................................
TEMPERATURE (F)
 YESTERDAY
  MAXIMUM         76    434 PM  85    1985  61     15       46
  MINIMUM         33    536 AM  17    2018  37     -4       17
  AVERAGE         55                        49      6       32

PRECIPITATION (IN)
  YESTERDAY        0.00          2.46 2014   0.13  -0.13     0.00
  MONTH TO DATE    2.13                      2.37  -0.24     4.00
  SINCE MAR 1      3.73                      4.60  -0.87     6.14
  SINCE JAN 1      7.56                      6.42   1.14     8.69

SNOWFALL (IN)
  YESTERDAY        0.0           1.8  1993   0.1   -0.1      0.0
  MONTH TO DATE    0.6                       2.3   -1.7     26.9
  SINCE MAR 1      3.0                       8.3   -5.3     45.4
  SINCE JUL 1     55.4                      40.8   14.6     65.8
  SNOW DEPTH       0

DEGREE DAYS
 HEATING
  YESTERDAY       10                        16     -6       33
  MONTH TO DATE  392                       413    -21      739
  SINCE MAR 1   1536                      1407    129     1802
  SINCE JUL 1   7700                      7258    442     7560

 COOLING
  YESTERDAY        0                         0      0        0
  MONTH TO DATE    0                         0      0        0
  SINCE MAR 1      0                         0      0        0
  SINCE JAN 1      0                         0      0        0
..................................................................


WIND (MPH)
  HIGHEST WIND SPEED    18   HIGHEST WIND DIRECTION    SW (210)
  HIGHEST GUST SPEED    25   HIGHEST GUST DIRECTION    SW (220)
  AVERAGE WIND SPEED     9.9


SKY COVER
  POSSIBLE SUNSHINE  MM
  AVERAGE SKY COVER 0.0


WEATHER CONDITIONS
 THE FOLLOWING WEATHER WAS RECORDED YESTERDAY.
  NO SIGNIFICANT WEATHER WAS OBSERVED.


RELATIVE HUMIDITY (PERCENT)
 HIGHEST    92          1200 AM
 LOWEST     29           100 PM
 AVERAGE    61

..........................................................


THE MASON CITY IA CLIMATE NORMALS FOR TODAY
                         NORMAL    RECORD    YEAR
 MAXIMUM TEMPERATURE (F)   61        93      1980
 MINIMUM TEMPERATURE (F)   37        19      1934


SUNRISE AND SUNSET
APRIL 21 2019.........SUNRISE   622 AM CDT   SUNSET   803 PM CDT
APRIL 22 2019.........SUNRISE   620 AM CDT   SUNSET   804 PM CDT


-  INDICATES NEGATIVE NUMBERS.
R  INDICATES RECORD WAS SET OR TIED.
MM INDICATES DATA IS MISSING.
T  INDICATES TRACE AMOUNT.




$$
