000
CDUS43 KDMX 160632 RRA
CLIMCW

CLIMATE REPORT
NATIONAL WEATHER SERVICE DES MOINES IA
132 AM CDT SUN JUN 16 2019

...................................

...THE MASON CITY IA CLIMATE SUMMARY FOR JUNE 15 2019...

CLIMATE NORMAL PERIOD 1981 TO 2010
CLIMATE RECORD PERIOD 1893 TO 2019


WEATHER ITEM   OBSERVED TIME   RECORD YEAR NORMAL DEPARTURE LAST
                VALUE   (LST)  VALUE       VALUE  FROM      YEAR
                                                  NORMAL
..................................................................
TEMPERATURE (F)
 YESTERDAY
  MAXIMUM         85   1243 PM  99    1913  80      5       93
  MINIMUM         58   1159 PM  37    1917  57      1       63
  AVERAGE         72                        68      4       78

PRECIPITATION (IN)
  YESTERDAY        0.60          1.90 1954   0.17   0.43     0.00
  MONTH TO DATE    1.39                      2.61  -1.22     4.68
  SINCE JUN 1      1.39                      2.61  -1.22     4.68
  SINCE JAN 1     16.22                     15.09   1.13    20.75

SNOWFALL (IN)
  YESTERDAY        0.0          MM      MM   0.0    0.0      0.0
  MONTH TO DATE    0.0                       0.0    0.0      0.0
  SINCE JUN 1      0.0                       0.0    0.0      0.0
  SINCE JUL 1     58.9                      41.2   17.7     65.8
  SNOW DEPTH       0

DEGREE DAYS
 HEATING
  YESTERDAY        0                         1     -1        0
  MONTH TO DATE   23                        34    -11        1
  SINCE JUN 1     23                        34    -11        1
  SINCE JUL 1   8176                      7669    507     7815

 COOLING
  YESTERDAY        7                         5      2       13
  MONTH TO DATE   51                        50      1       95
  SINCE JUN 1     51                        50      1       95
  SINCE JAN 1     69                        85    -16      218
..................................................................


WIND (MPH)
  HIGHEST WIND SPEED    21   HIGHEST WIND DIRECTION    NW (310)
  HIGHEST GUST SPEED    27   HIGHEST GUST DIRECTION    NW (300)
  AVERAGE WIND SPEED     6.8


SKY COVER
  POSSIBLE SUNSHINE  MM
  AVERAGE SKY COVER 0.2


WEATHER CONDITIONS
 THE FOLLOWING WEATHER WAS RECORDED YESTERDAY.
  THUNDERSTORM
  HEAVY RAIN
  RAIN
  LIGHT RAIN
  FOG
  FOG W/VISIBILITY <= 1/4 MILE


RELATIVE HUMIDITY (PERCENT)
 HIGHEST   100           100 AM
 LOWEST     51           100 PM
 AVERAGE    76

..........................................................


THE MASON CITY IA CLIMATE NORMALS FOR TODAY
                         NORMAL    RECORD    YEAR
 MAXIMUM TEMPERATURE (F)   80        97      1933
 MINIMUM TEMPERATURE (F)   57        40      1989


SUNRISE AND SUNSET
JUNE 16 2019..........SUNRISE   533 AM CDT   SUNSET   855 PM CDT
JUNE 17 2019..........SUNRISE   533 AM CDT   SUNSET   855 PM CDT


-  INDICATES NEGATIVE NUMBERS.
R  INDICATES RECORD WAS SET OR TIED.
MM INDICATES DATA IS MISSING.
T  INDICATES TRACE AMOUNT.

$$

SMALL
