000
CDUS41 KCTP 162120
CLIMDT


CLIMATE REPORT
NATIONAL WEATHER SERVICE STATE COLLEGE PA
519 PM EDT TUE JUL 16 2019


...................................

...THE HARRISBURG PA CLIMATE SUMMARY FOR JULY 16 2019...
VALID TODAY AS OF 0500 PM LOCAL TIME.

CLIMATE NORMAL PERIOD 1981 TO 2010
CLIMATE RECORD PERIOD 1888 TO 2019


WEATHER ITEM   OBSERVED TIME   RECORD YEAR NORMAL DEPARTURE LAST
                VALUE   (LST)  VALUE       VALUE  FROM      YEAR
                                                  NORMAL
..................................................................
TEMPERATURE (F)
 TODAY
  MAXIMUM         92    249 PM 104    1988  86      6       95
  MINIMUM         69    449 AM  52    1946  67      2       72
  AVERAGE         81                        76      5       84

PRECIPITATION (IN)
  TODAY            0.00          1.59 1947   0.16  -0.16     0.00
  MONTH TO DATE    1.72                      2.39  -0.67     1.19
  SINCE JUN 1      6.87                      5.99   0.88     5.19
  SINCE JAN 1     28.60                     21.52   7.08    27.29

DEGREE DAYS
 HEATING
  TODAY            0                         0      0        0
  MONTH TO DATE    0                         0      0        0
  SINCE JUN 1      7                        18    -11        4
  SINCE JUL 1      0                         0      0        0

 COOLING
  TODAY           16                        11      5       19
  MONTH TO DATE  245                       174     71      228
  SINCE JUN 1    486                       387     99      451
  SINCE JAN 1    615                       452    163      576
..................................................................


WIND (MPH)
  HIGHEST WIND SPEED    13   HIGHEST WIND DIRECTION     S (190)
  HIGHEST GUST SPEED    17   HIGHEST GUST DIRECTION     S (180)
  AVERAGE WIND SPEED     2.7


SKY COVER
  POSSIBLE SUNSHINE  MM
  AVERAGE SKY COVER 0.4


WEATHER CONDITIONS
 THE FOLLOWING WEATHER WAS RECORDED TODAY.
  NO SIGNIFICANT WEATHER WAS OBSERVED.


RELATIVE HUMIDITY (PERCENT)
 HIGHEST    84           300 AM
 LOWEST     47           100 PM
 AVERAGE    66

..........................................................


THE HARRISBURG PA CLIMATE NORMALS FOR TOMORROW
                         NORMAL    RECORD    YEAR
 MAXIMUM TEMPERATURE (F)   86       100      1999
                                             1997
                                             1900
 MINIMUM TEMPERATURE (F)   67        54      1987
                                             1954
                                             1946


SUNRISE AND SUNSET
JULY 16 2019..........SUNRISE   551 AM EDT   SUNSET   835 PM EDT
JULY 17 2019..........SUNRISE   552 AM EDT   SUNSET   834 PM EDT


-  INDICATES NEGATIVE NUMBERS.
R  INDICATES RECORD WAS SET OR TIED.
MM INDICATES DATA IS MISSING.
T  INDICATES TRACE AMOUNT.




$$
