000
CDUS41 KCTP 242127
CLIMDT


CLIMATE REPORT
NATIONAL WEATHER SERVICE STATE COLLEGE PA
526 PM EDT WED APR 24 2019


...................................

...THE HARRISBURG PA CLIMATE SUMMARY FOR APRIL 24 2019...
VALID TODAY AS OF 0500 PM LOCAL TIME.

CLIMATE NORMAL PERIOD 1981 TO 2010
CLIMATE RECORD PERIOD 1888 TO 2019


WEATHER ITEM   OBSERVED TIME   RECORD YEAR NORMAL DEPARTURE LAST
                VALUE   (LST)  VALUE       VALUE  FROM      YEAR
                                                  NORMAL
..................................................................
TEMPERATURE (F)
 TODAY
  MAXIMUM         71    359 PM  90    1960  66      5       64
  MINIMUM         56    714 AM  30    1930  45     11       44
  AVERAGE         64                        55      9       54

PRECIPITATION (IN)
  TODAY            0.00          1.74 1983   0.10  -0.10     0.37
  MONTH TO DATE    2.88                      2.48   0.40     3.13
  SINCE MAR 1      7.65                      5.85   1.80     6.10
  SINCE JAN 1     14.53                     11.12   3.41    15.54

SNOWFALL (IN)
  TODAY            0.0           T    2015   0.0    0.0      0.0
                                      1927
  MONTH TO DATE    0.0                       0.4   -0.4      3.9
  SINCE MAR 1     12.2                       5.6    6.6     19.9
  SINCE JUL 1     40.9                      30.6   10.3     38.0
  SNOW DEPTH       0

DEGREE DAYS
 HEATING
  TODAY            1                        10     -9       11
  MONTH TO DATE  196                       338   -142      431
  SINCE MAR 1    949                      1061   -112     1244
  SINCE JUL 1   4723                      5049   -326     4949

 COOLING
  TODAY            0                         0      0        0
  MONTH TO DATE    8                         0      8       12
  SINCE MAR 1      8                         1      7       12
  SINCE JAN 1      8                         1      7       12
..................................................................


WIND (MPH)
  HIGHEST WIND SPEED    22   HIGHEST WIND DIRECTION    NW (320)
  HIGHEST GUST SPEED    31   HIGHEST GUST DIRECTION    NW (330)
  AVERAGE WIND SPEED    11.4


SKY COVER
  POSSIBLE SUNSHINE  MM
  AVERAGE SKY COVER 0.4


WEATHER CONDITIONS
 THE FOLLOWING WEATHER WAS RECORDED TODAY.
  FOG


RELATIVE HUMIDITY (PERCENT)
 HIGHEST   100          1200 AM
 LOWEST     31           400 PM
 AVERAGE    66

..........................................................


THE HARRISBURG PA CLIMATE NORMALS FOR TOMORROW
                         NORMAL    RECORD    YEAR
 MAXIMUM TEMPERATURE (F)   66        93      1915
 MINIMUM TEMPERATURE (F)   45        30      1956


SUNRISE AND SUNSET
APRIL 24 2019.........SUNRISE   616 AM EDT   SUNSET   755 PM EDT
APRIL 25 2019.........SUNRISE   615 AM EDT   SUNSET   756 PM EDT


-  INDICATES NEGATIVE NUMBERS.
R  INDICATES RECORD WAS SET OR TIED.
MM INDICATES DATA IS MISSING.
T  INDICATES TRACE AMOUNT.




$$
