000
CDUS43 KLOT 160634
CLIMDW


CLIMATE REPORT
NATIONAL WEATHER SERVICE CHICAGO IL
134 AM CDT SUN JUN 16 2019


...................................

...THE CHICAGO-MIDWAY CLIMATE SUMMARY FOR JUNE 15 2019...

CLIMATE NORMAL PERIOD 1981 TO 2010
CLIMATE RECORD PERIOD 1928 TO 2019


WEATHER ITEM   OBSERVED TIME   RECORD YEAR NORMAL DEPARTURE LAST
                VALUE   (LST)  VALUE       VALUE  FROM      YEAR
                                                  NORMAL
..................................................................
TEMPERATURE (F)
 YESTERDAY
  MAXIMUM         71    956 AM  95    1994  80     -9       89
                                      1954
                                      1952
  MINIMUM         57   1038 PM  45    1933  62     -5       65
  AVERAGE         64                        71     -7       77

PRECIPITATION (IN)
  YESTERDAY        0.20          1.93 2010   0.13   0.07     0.00
  MONTH TO DATE    1.56                      2.17  -0.61     2.46
  SINCE JUN 1      1.56                      2.17  -0.61     2.46
  SINCE JAN 1     19.99                     16.66   3.33    14.72

DEGREE DAYS
 HEATING
  YESTERDAY        1                         1      0        0
  MONTH TO DATE   14                        24    -10        1
  SINCE JUN 1     14                        24    -10        1
  SINCE JUL 1   6170                      5983    187     5884

 COOLING
  YESTERDAY        0                         7     -7       12
  MONTH TO DATE   44                        75    -31       63
  SINCE JUN 1     44                        75    -31       63
  SINCE JAN 1     89                       149    -60      227
..................................................................


WIND (MPH)
  RESULTANT WIND SPEED   7   RESULTANT WIND DIRECTION  SW (210)
  HIGHEST WIND SPEED    18   HIGHEST WIND DIRECTION     S (200)
  HIGHEST GUST SPEED    29   HIGHEST GUST DIRECTION    SW (210)
  AVERAGE WIND SPEED     8.5



WEATHER CONDITIONS
 THE FOLLOWING WEATHER WAS RECORDED YESTERDAY.
  RAIN
  LIGHT RAIN
  FOG


..........................................................


THE CHICAGO-MIDWAY CLIMATE NORMALS FOR TODAY
                         NORMAL    RECORD    YEAR
 MAXIMUM TEMPERATURE (F)   80        95      1952
 MINIMUM TEMPERATURE (F)   63        44      1947


SUNRISE AND SUNSET
JUNE 16 2019..........SUNRISE   516 AM CDT   SUNSET   828 PM CDT
JUNE 17 2019..........SUNRISE   516 AM CDT   SUNSET   828 PM CDT


-  INDICATES NEGATIVE NUMBERS.
R  INDICATES RECORD WAS SET OR TIED.
MM INDICATES DATA IS MISSING.
T  INDICATES TRACE AMOUNT.




$$
