000
CDUS43 KLOT 260633
CLIMDW


CLIMATE REPORT
NATIONAL WEATHER SERVICE CHICAGO IL
132 AM CDT SAT MAY 26 2018


...................................

...THE CHICAGO-MIDWAY CLIMATE SUMMARY FOR MAY 25 2018...

CLIMATE NORMAL PERIOD 1981 TO 2010
CLIMATE RECORD PERIOD 1928 TO 2018


WEATHER ITEM   OBSERVED TIME   RECORD YEAR NORMAL DEPARTURE LAST
                VALUE   (LST)  VALUE       VALUE  FROM      YEAR
                                                  NORMAL
..................................................................
TEMPERATURE (F)
 YESTERDAY
  MAXIMUM         90R   312 PM  90    2016  73     17       70
                                      1950
                                      1939
  MINIMUM         68    458 AM  35    1934  54     14       54
  AVERAGE         79                        64     15       62

PRECIPITATION (IN)
  YESTERDAY        0.13          2.65 1991   0.14  -0.01     0.00
  MONTH TO DATE    3.97                      3.28   0.69     3.50
  SINCE MAR 1      6.75                      9.64  -2.89    13.94
  SINCE JAN 1     12.04                     13.64  -1.60    19.05

DEGREE DAYS
 HEATING
  YESTERDAY        0                         4     -4        3
  MONTH TO DATE   78                       168    -90      214
  SINCE MAR 1   1592                      1428    164     1314
  SINCE JUL 1   5883                      5939    -56     4960

 COOLING
  YESTERDAY       14                         3     11        0
  MONTH TO DATE   67                        42     25       27
  SINCE MAR 1     67                        55     12       46
  SINCE JAN 1     67                        55     12       46
..................................................................


WIND (MPH)
  RESULTANT WIND SPEED   6   RESULTANT WIND DIRECTION  SW (230)
  HIGHEST WIND SPEED    16   HIGHEST WIND DIRECTION    SW (240)
  HIGHEST GUST SPEED    21   HIGHEST GUST DIRECTION     W (250)
  AVERAGE WIND SPEED     7.6



WEATHER CONDITIONS
 THE FOLLOWING WEATHER WAS RECORDED YESTERDAY.
  LIGHT RAIN
  FOG


..........................................................


THE CHICAGO-MIDWAY CLIMATE NORMALS FOR TODAY
                         NORMAL    RECORD    YEAR
 MAXIMUM TEMPERATURE (F)   73        93      1967
 MINIMUM TEMPERATURE (F)   55        34      1934


SUNRISE AND SUNSET
MAY 26 2018...........SUNRISE   522 AM CDT   SUNSET   815 PM CDT
MAY 27 2018...........SUNRISE   521 AM CDT   SUNSET   815 PM CDT


-  INDICATES NEGATIVE NUMBERS.
R  INDICATES RECORD WAS SET OR TIED.
MM INDICATES DATA IS MISSING.
T  INDICATES TRACE AMOUNT.




$$
