000
CDUS43 KLOT 192148
CLIMDW


CLIMATE REPORT
NATIONAL WEATHER SERVICE CHICAGO IL
446 PM CDT FRI APR 19 2019


...................................

...THE CHICAGO-MIDWAY CLIMATE SUMMARY FOR APRIL 19 2019...
VALID TODAY AS OF 0400 PM LOCAL TIME.

CLIMATE NORMAL PERIOD 1981 TO 2010
CLIMATE RECORD PERIOD 1928 TO 2019


WEATHER ITEM   OBSERVED TIME   RECORD YEAR NORMAL DEPARTURE
                VALUE   (LST)  VALUE       VALUE  FROM
                                                  NORMAL
...............................................................
TEMPERATURE (F)
 TODAY
  MAXIMUM         49    243 PM  86    1985  61    -12
  MINIMUM         41    741 AM  24    1983  43     -2
  AVERAGE         45                        52     -7

PRECIPITATION (IN)
  TODAY            0.00          1.52 1970   0.12  -0.12
  MONTH TO DATE    1.90                      2.27  -0.37
  SINCE MAR 1      3.95                      4.99  -1.04
  SINCE JAN 1      6.86                      8.99  -2.13

DEGREE DAYS
 HEATING
  TODAY           20                        14      6
  MONTH TO DATE  288                       322    -34
  SINCE MAR 1   1193                      1134     59
  SINCE JUL 1   5824                      5645    179

 COOLING
  TODAY            0                         1     -1
  MONTH TO DATE    0                         1     -1
  SINCE MAR 1      0                         2     -2
  SINCE JAN 1      0                         2     -2
...............................................................


WIND (MPH)
  RESULTANT WIND SPEED  22   RESULTANT WIND DIRECTION   N (20)
  HIGHEST WIND SPEED    33   HIGHEST WIND DIRECTION     N (20)
  HIGHEST GUST SPEED    48   HIGHEST GUST DIRECTION     N (20)
  AVERAGE WIND SPEED    22.0


SKY COVER
  POSSIBLE SUNSHINE  MM
  AVERAGE SKY COVER 0.9


WEATHER CONDITIONS
 THE FOLLOWING WEATHER WAS RECORDED TODAY.
  NO SIGNIFICANT WEATHER WAS OBSERVED.


..........................................................


THE CHICAGO-MIDWAY CLIMATE NORMALS FOR TOMORROW
                         NORMAL    RECORD    YEAR
 MAXIMUM TEMPERATURE (F)   61        87      1987
 MINIMUM TEMPERATURE (F)   43        27      1983


SUNRISE AND SUNSET
APRIL 19 2019.........SUNRISE   605 AM CDT   SUNSET   736 PM CDT
APRIL 20 2019.........SUNRISE   603 AM CDT   SUNSET   737 PM CDT


-  INDICATES NEGATIVE NUMBERS.
R  INDICATES RECORD WAS SET OR TIED.
MM INDICATES DATA IS MISSING.
T  INDICATES TRACE AMOUNT.




$$
