000
CDUS44 KMEG 190640
CLIMEG


CLIMATE REPORT
NATIONAL WEATHER SERVICE MEMPHIS TN
139 AM CDT FRI APR 19 2019


...................................

...THE MEMPHIS/GERMANTOWN WFO CLIMATE SUMMARY FOR APRIL 18 2019...

CLIMATE NORMAL PERIOD 1981 TO 2010
CLIMATE RECORD PERIOD 1988 TO 2019


WEATHER ITEM   OBSERVED TIME   RECORD YEAR NORMAL DEPARTURE LAST
                VALUE   (LST)  VALUE       VALUE  FROM      YEAR
                                                  NORMAL
..................................................................
TEMPERATURE (F)
 YESTERDAY
  MAXIMUM         70   1000 AM  94    2006  73     -3       79
  MINIMUM         48   1159 PM  34    1999  50     -2       56
  AVERAGE         59                        61     -2       68

PRECIPITATION (IN)
  YESTERDAY        0.84          2.23 2013   0.18   0.66     0.00
  MONTH TO DATE    8.39                      3.07   5.32     3.67
  SINCE MAR 1     12.72                      8.02   4.70     9.05
  SINCE JAN 1     26.63                     16.65   9.98    27.87

SNOWFALL (IN)
  YESTERDAY        0.0          MM      MM                   0.0
  MONTH TO DATE    0.0                                       0.0
  SINCE MAR 1      T                                         0.0
  SINCE JUL 1      0.5                                       3.8
  SNOW DEPTH       0

DEGREE DAYS
 HEATING
  YESTERDAY        6                         6      0        0
  MONTH TO DATE   88                       141    -53      213
  SINCE MAR 1    558                       577    -19      575
  SINCE JUL 1   3182                      3323   -141     3129

 COOLING
  YESTERDAY        0                         2     -2        3
  MONTH TO DATE   24                        26     -2       14
  SINCE MAR 1     24                        37    -13       16
  SINCE JAN 1     26                        38    -12       29
..................................................................







THE MEMPHIS/GERMANTOWN WFO CLIMATE NORMALS FOR TODAY
                         NORMAL    RECORD    YEAR
 MAXIMUM TEMPERATURE (F)   73        91      2006
 MINIMUM TEMPERATURE (F)   50        36      1997


SUNRISE AND SUNSET
APRIL 19 2019.........SUNRISE   622 AM CDT   SUNSET   735 PM CDT
APRIL 20 2019.........SUNRISE   621 AM CDT   SUNSET   736 PM CDT


-  INDICATES NEGATIVE NUMBERS.
R  INDICATES RECORD WAS SET OR TIED.
MM INDICATES DATA IS MISSING.
T  INDICATES TRACE AMOUNT.




$$
