000
CDUS44 KMEG 250644
CLIMEG


CLIMATE REPORT
NATIONAL WEATHER SERVICE MEMPHIS TN
143 AM CDT TUE JUN 25 2019


...................................

...THE MEMPHIS/GERMANTOWN WFO CLIMATE SUMMARY FOR JUNE 24 2019...

CLIMATE NORMAL PERIOD 1981 TO 2010
CLIMATE RECORD PERIOD 1988 TO 2019


WEATHER ITEM   OBSERVED TIME   RECORD YEAR NORMAL DEPARTURE LAST
                VALUE   (LST)  VALUE       VALUE  FROM      YEAR
                                                  NORMAL
..................................................................
TEMPERATURE (F)
 YESTERDAY
  MAXIMUM         85    319 PM 100    1988  90     -5       91
  MINIMUM         68    401 AM  59    1992  69     -1       68
  AVERAGE         77                        80     -3       80

PRECIPITATION (IN)
  YESTERDAY        0.00          0.86 1994   0.13  -0.13     0.85
  MONTH TO DATE    6.64                      2.92   3.72     2.65
  SINCE JUN 1      6.64                      2.92   3.72     2.65
  SINCE JAN 1     38.17                     27.41  10.76    39.69

SNOWFALL (IN)
  YESTERDAY       MM            MM      MM                   0.0
  MONTH TO DATE    0.0                                       0.0
  SINCE JUN 1      0.0                                       0.0
  SINCE JUL 1      0.5                                       3.8
  SNOW DEPTH       0

DEGREE DAYS
 HEATING
  YESTERDAY        0                         0      0        0
  MONTH TO DATE    0                         0      0        0
  SINCE JUN 1      0                         0      0        0
  SINCE JUL 1   3230                      3412   -182     3213

 COOLING
  YESTERDAY       12                        14     -2       15
  MONTH TO DATE  283                       290     -7      359
  SINCE JUN 1    283                       290     -7      359
  SINCE JAN 1    625                       541     84      752
..................................................................







THE MEMPHIS/GERMANTOWN WFO CLIMATE NORMALS FOR TODAY
                         NORMAL    RECORD    YEAR
 MAXIMUM TEMPERATURE (F)   90        99      1998
 MINIMUM TEMPERATURE (F)   70        61      2001


SUNRISE AND SUNSET
JUNE 25 2019..........SUNRISE   546 AM CDT   SUNSET   817 PM CDT
JUNE 26 2019..........SUNRISE   547 AM CDT   SUNSET   817 PM CDT


-  INDICATES NEGATIVE NUMBERS.
R  INDICATES RECORD WAS SET OR TIED.
MM INDICATES DATA IS MISSING.
T  INDICATES TRACE AMOUNT.




$$
