000
CDUS44 KMEG 240641
CLIMEM


CLIMATE REPORT
NATIONAL WEATHER SERVICE MEMPHIS TN
141 AM CDT WED APR 24 2019


...................................

...THE MEMPHIS CLIMATE SUMMARY FOR APRIL 23 2019...

CLIMATE NORMAL PERIOD 1981 TO 2010
CLIMATE RECORD PERIOD 1872 TO 2019


WEATHER ITEM   OBSERVED TIME   RECORD YEAR NORMAL DEPARTURE LAST
                VALUE   (LST)  VALUE       VALUE  FROM      YEAR
                                                  NORMAL
..................................................................
TEMPERATURE (F)
 YESTERDAY
  MAXIMUM         78    119 PM  89    1965  75      3       61
  MINIMUM         58    423 AM  37    1959  55      3       53
  AVERAGE         68                        65      3       57

PRECIPITATION (IN)
  YESTERDAY        0.00          4.25 1985   0.19  -0.19     0.42
  MONTH TO DATE    7.68                      4.20   3.48     5.79
  SINCE MAR 1     11.80                      9.36   2.44    10.23
  SINCE JAN 1     25.33                     17.73   7.60    27.68

SNOWFALL (IN)
  YESTERDAY        0.0           T    1955   0.0    0.0      0.0
  MONTH TO DATE    0.0                       0.0    0.0      0.0
  SINCE MAR 1      T                         0.4   -0.4      0.0
  SINCE JUL 1      0.8                       3.8   -3.0      2.5
  SNOW DEPTH       0

DEGREE DAYS
 HEATING
  YESTERDAY        0                         3     -3        8
  MONTH TO DATE  111                       121    -10      240
  SINCE MAR 1    550                       479     71      573
  SINCE JUL 1   2953                      2929     24     2992

 COOLING
  YESTERDAY        3                         3      0        0
  MONTH TO DATE   25                        51    -26       12
  SINCE MAR 1     25                        68    -43       16
  SINCE JAN 1     28                        71    -43       30
..................................................................


WIND (MPH)
  HIGHEST WIND SPEED    16   HIGHEST WIND DIRECTION     S (200)
  HIGHEST GUST SPEED    21   HIGHEST GUST DIRECTION    SW (230)
  AVERAGE WIND SPEED     7.5


SKY COVER
  POSSIBLE SUNSHINE  MM
  AVERAGE SKY COVER 0.7


WEATHER CONDITIONS
 THE FOLLOWING WEATHER WAS RECORDED YESTERDAY.
  NO SIGNIFICANT WEATHER WAS OBSERVED.


RELATIVE HUMIDITY (PERCENT)
 HIGHEST    78           900 PM
 LOWEST     60          1200 PM
 AVERAGE    69

..........................................................


THE MEMPHIS CLIMATE NORMALS FOR TODAY
                         NORMAL    RECORD    YEAR
 MAXIMUM TEMPERATURE (F)   75        88      1990
                                             1989
                                             1965
 MINIMUM TEMPERATURE (F)   56        32      1910


SUNRISE AND SUNSET
APRIL 24 2019.........SUNRISE   617 AM CDT   SUNSET   740 PM CDT
APRIL 25 2019.........SUNRISE   616 AM CDT   SUNSET   740 PM CDT


-  INDICATES NEGATIVE NUMBERS.
R  INDICATES RECORD WAS SET OR TIED.
MM INDICATES DATA IS MISSING.
T  INDICATES TRACE AMOUNT.




$$
