000
CDUS44 KMEG 232149
CLIMEM


CLIMATE REPORT
NATIONAL WEATHER SERVICE MEMPHIS TN
449 PM CDT TUE JUL 23 2019


...................................

...THE MEMPHIS CLIMATE SUMMARY FOR JULY 23 2019...
VALID TODAY AS OF 0400 PM LOCAL TIME.

CLIMATE NORMAL PERIOD 1981 TO 2010
CLIMATE RECORD PERIOD 1872 TO 2019


WEATHER ITEM   OBSERVED TIME   RECORD YEAR NORMAL DEPARTURE LAST
                VALUE   (LST)  VALUE       VALUE  FROM      YEAR
                                                  NORMAL
..................................................................
TEMPERATURE (F)
 TODAY
  MAXIMUM         82    257 PM 104    1934  92    -10       85
                                      1901
  MINIMUM         69    556 AM  52    1947  74     -5       70
  AVERAGE         76                        83     -7       78

PRECIPITATION (IN)
  TODAY            0.00          3.12 1995   0.16  -0.16     0.00
  MONTH TO DATE    6.85                      3.40   3.45     3.71
  SINCE JUN 1     16.36                      7.03   9.33     5.77
  SINCE JAN 1     47.07                     31.31  15.76    38.84

SNOWFALL (IN)
  TODAY            0.0

DEGREE DAYS
 HEATING
  TODAY            0                         0      0        0
  MONTH TO DATE    0                         0      0        0
  SINCE JUN 1      0                         0      0        0
  SINCE JUL 1      0                         0      0        0

 COOLING
  TODAY           11                        18     -7       13
  MONTH TO DATE  405                       410     -5      446
  SINCE JUN 1    793                       848    -55      959
  SINCE JAN 1   1138                      1169    -31     1379
..................................................................


WIND (MPH)
  HIGHEST WIND SPEED    23   HIGHEST WIND DIRECTION    NE (30)
  HIGHEST GUST SPEED    30   HIGHEST GUST DIRECTION    NE (30)
  AVERAGE WIND SPEED    13.4


SKY COVER
  POSSIBLE SUNSHINE  MM
  AVERAGE SKY COVER 0.1


WEATHER CONDITIONS
 THE FOLLOWING WEATHER WAS RECORDED TODAY.
  NO SIGNIFICANT WEATHER WAS OBSERVED.


RELATIVE HUMIDITY (PERCENT)
 HIGHEST    90           100 AM
 LOWEST     40          1000 AM
 AVERAGE    65

..........................................................


THE MEMPHIS CLIMATE NORMALS FOR TOMORROW
                         NORMAL    RECORD    YEAR
 MAXIMUM TEMPERATURE (F)   92       102      1934
 MINIMUM TEMPERATURE (F)   74        58      1947


SUNRISE AND SUNSET
JULY 23 2019..........SUNRISE   602 AM CDT   SUNSET   810 PM CDT
JULY 24 2019..........SUNRISE   603 AM CDT   SUNSET   809 PM CDT


-  INDICATES NEGATIVE NUMBERS.
R  INDICATES RECORD WAS SET OR TIED.
MM INDICATES DATA IS MISSING.
T  INDICATES TRACE AMOUNT.




$$
