000
CDUS41 KCLE 190527
CLIMFD


CLIMATE REPORT
NATIONAL WEATHER SERVICE CLEVELAND OH
126 AM EDT FRI APR 19 2019


...................................

...THE MANSFIELD OH CLIMATE SUMMARY FOR APRIL 18 2019...

CLIMATE NORMAL PERIOD 1981 TO 2010
CLIMATE RECORD PERIOD 1916 TO 2019


WEATHER ITEM   OBSERVED TIME   RECORD YEAR NORMAL DEPARTURE LAST
                VALUE   (LST)  VALUE       VALUE  FROM      YEAR
                                                  NORMAL
..................................................................
TEMPERATURE (F)
 YESTERDAY
  MAXIMUM         77    435 PM  82    2013  61     16       51
                                      2002
                                      1976
  MINIMUM         58   1159 PM  23    2018  39     19       23
                                      1990
  AVERAGE         68                        50     18       37

PRECIPITATION (IN)
  YESTERDAY        0.07                      0.14  -0.07      T
  MONTH TO DATE    0.91                      2.52  -1.61     3.55
  SINCE MAR 1      4.69                      5.91  -1.22     7.22
  SINCE JAN 1     11.37                     11.17   0.20    14.37

SNOWFALL (IN)
  YESTERDAY        0.0                       0.1   -0.1      0.0
  MONTH TO DATE    0.2                       2.2   -2.0      4.0
  SINCE MAR 1      4.2                      10.0   -5.8     15.1
  SINCE JUL 1     46.7                      47.9   -1.2     45.1
  SNOW DEPTH       0

DEGREE DAYS
 HEATING
  YESTERDAY        0                        15    -15       28
  MONTH TO DATE  231                       335   -104      429
  SINCE MAR 1   1179                      1200    -21     1394
  SINCE JUL 1   5673                      5825   -152     5714

 COOLING
  YESTERDAY        3                         0      3        0
  MONTH TO DATE    3                         0      3        5
  SINCE MAR 1      3                         1      2        5
  SINCE JAN 1      3                         1      2        6
..................................................................


WIND (MPH)
  HIGHEST WIND SPEED    35   HIGHEST WIND DIRECTION     S (190)
  HIGHEST GUST SPEED    42   HIGHEST GUST DIRECTION     S (180)
  AVERAGE WIND SPEED    16.1


SKY COVER
  POSSIBLE SUNSHINE  MM
  AVERAGE SKY COVER 0.5


WEATHER CONDITIONS
 THE FOLLOWING WEATHER WAS RECORDED YESTERDAY.
  THUNDERSTORM
  LIGHT RAIN


RELATIVE HUMIDITY (PERCENT)
 HIGHEST    90          1100 PM
 LOWEST     41           400 PM
 AVERAGE    66

..........................................................


THE MANSFIELD OH CLIMATE NORMALS FOR TODAY
                         NORMAL    RECORD    YEAR
 MAXIMUM TEMPERATURE (F)   61        83      2002
 MINIMUM TEMPERATURE (F)   39        24      1926


SUNRISE AND SUNSET
APRIL 19 2019.........SUNRISE   646 AM EDT   SUNSET   814 PM EDT
APRIL 20 2019.........SUNRISE   644 AM EDT   SUNSET   815 PM EDT


-  INDICATES NEGATIVE NUMBERS.
R  INDICATES RECORD WAS SET OR TIED.
MM INDICATES DATA IS MISSING.
T  INDICATES TRACE AMOUNT.




$$
