000
CDUS44 KBRO 160633
CLIMFE


CLIMATE REPORT
NATIONAL WEATHER SERVICE BROWNSVILLE TX
132 AM CDT SUN JUN 16 2019


...................................

...THE MCALLEN CLIMATE SUMMARY FOR JUNE 15 2019...

CLIMATE NORMAL PERIOD 1981 TO 2010
CLIMATE RECORD PERIOD 1961 TO 2019


WEATHER ITEM   OBSERVED TIME   RECORD YEAR NORMAL DEPARTURE LAST
                VALUE   (LST)  VALUE       VALUE  FROM      YEAR
                                                  NORMAL
..................................................................
TEMPERATURE (F)
 YESTERDAY
  MAXIMUM         97    326 PM 110    1998  96      1       MM
  MINIMUM         79    631 AM  67    1979  76      3       MM
  AVERAGE         88                        86      2

PRECIPITATION (IN)
  YESTERDAY        T             3.16 2001   0.08  -0.08    MM
  MONTH TO DATE    1.00                      1.23  -0.23     0.00
  SINCE JUN 1      1.00                      1.23  -0.23     0.00
  SINCE JAN 1      8.55                      8.01   0.54     3.82

SNOWFALL (IN)
  YESTERDAY        0.0
  MONTH TO DATE    0.0
  SINCE JUN 1      0.0
  SINCE JUL 1      0.0
  SNOW DEPTH       0

DEGREE DAYS
 HEATING
  YESTERDAY        0                         0      0       MM
  MONTH TO DATE    0                         0      0        0
  SINCE JUN 1      0                         0      0        0
  SINCE JUL 1    503                       579    -76      550

 COOLING
  YESTERDAY       23                        21      2       MM
  MONTH TO DATE  352                       309     43      315
  SINCE JUN 1    352                       309     43      315
  SINCE JAN 1   1825                      1564    261     1963
..................................................................


WIND (MPH)
  HIGHEST WIND SPEED    26   HIGHEST WIND DIRECTION    SE (140)
  HIGHEST GUST SPEED    33   HIGHEST GUST DIRECTION    SE (130)
  AVERAGE WIND SPEED    15.1



WEATHER CONDITIONS
 THE FOLLOWING WEATHER WAS RECORDED YESTERDAY.
  LIGHT RAIN


RELATIVE HUMIDITY (PERCENT)
 HIGHEST    91
 LOWEST     42
 AVERAGE    67

..........................................................


THE MCALLEN CLIMATE NORMALS FOR TODAY
                         NORMAL    RECORD    YEAR
 MAXIMUM TEMPERATURE (F)   97       105      2017
 MINIMUM TEMPERATURE (F)   76        65      1979


SUNRISE AND SUNSET
JUNE 16 2019..........SUNRISE   640 AM CDT   SUNSET   827 PM CDT
JUNE 17 2019..........SUNRISE   641 AM CDT   SUNSET   827 PM CDT


-  INDICATES NEGATIVE NUMBERS.
R  INDICATES RECORD WAS SET OR TIED.
MM INDICATES DATA IS MISSING.
T  INDICATES TRACE AMOUNT.

$$
