000
CDUS44 KBRO 210626
CLIMFE


CLIMATE REPORT
NATIONAL WEATHER SERVICE BROWNSVILLE TX
126 AM CDT SUN APR 21 2019


...................................

...THE MCALLEN CLIMATE SUMMARY FOR APRIL 20 2019...

CLIMATE NORMAL PERIOD 1981 TO 2010
CLIMATE RECORD PERIOD 1961 TO 2019


WEATHER ITEM   OBSERVED TIME   RECORD YEAR NORMAL DEPARTURE LAST
                VALUE   (LST)  VALUE       VALUE  FROM      YEAR
                                                  NORMAL
..................................................................
TEMPERATURE (F)
 YESTERDAY
  MAXIMUM         89    336 PM  99    1966  88      1       87
  MINIMUM         60    616 AM  50    2013  67     -7       69
  AVERAGE         75                        77     -2

PRECIPITATION (IN)
  YESTERDAY        0.00          1.20 1977   0.05  -0.05     0.00
  MONTH TO DATE    0.39                      0.76  -0.37     1.01
  SINCE MAR 1      2.92                      1.79   1.13     1.12
  SINCE JAN 1      4.27                      3.95   0.32     2.32

SNOWFALL (IN)
  YESTERDAY        0.0
  MONTH TO DATE    0.0
  SINCE MAR 1      0.0
  SINCE JUL 1      0.0
  SNOW DEPTH       0

DEGREE DAYS
 HEATING
  YESTERDAY        0                         0      0        0
  MONTH TO DATE   13                         3     10        0
  SINCE MAR 1     93                        41     52        0
  SINCE JUL 1    503                       574    -71      550

 COOLING
  YESTERDAY       10                        12     -2       13
  MONTH TO DATE  226                       221      5      237
  SINCE MAR 1    477                       439     38      611
  SINCE JAN 1    706                       598    108      877
..................................................................


WIND (MPH)
  HIGHEST WIND SPEED    24   HIGHEST WIND DIRECTION    SE (120)
  HIGHEST GUST SPEED    29   HIGHEST GUST DIRECTION    SE (130)
  AVERAGE WIND SPEED    13.5



WEATHER CONDITIONS
 THE FOLLOWING WEATHER WAS RECORDED YESTERDAY.
  NO SIGNIFICANT WEATHER WAS OBSERVED.


RELATIVE HUMIDITY (PERCENT)
 HIGHEST    84
 LOWEST     29
 AVERAGE    57

..........................................................


THE MCALLEN CLIMATE NORMALS FOR TODAY
                         NORMAL    RECORD    YEAR
 MAXIMUM TEMPERATURE (F)   88        98      1984
 MINIMUM TEMPERATURE (F)   67        53      1953


SUNRISE AND SUNSET
APRIL 21 2019.........SUNRISE   704 AM CDT   SUNSET   759 PM CDT
APRIL 22 2019.........SUNRISE   703 AM CDT   SUNSET   800 PM CDT


-  INDICATES NEGATIVE NUMBERS.
R  INDICATES RECORD WAS SET OR TIED.
MM INDICATES DATA IS MISSING.
T  INDICATES TRACE AMOUNT.




$$
