000
CDUS46 KMFR 200838
CLIMFR


CLIMATE REPORT
NATIONAL WEATHER SERVICE MEDFORD, OR
137 AM PDT SAT JUL 20 2019


...................................

...THE MEDFORD OR CLIMATE SUMMARY FOR JULY 19 2019...

CLIMATE NORMAL PERIOD 1981 TO 2010
CLIMATE RECORD PERIOD 1911 TO 2019


WEATHER ITEM   OBSERVED TIME   RECORD YEAR NORMAL DEPARTURE LAST
                VALUE   (LST)  VALUE       VALUE  FROM      YEAR
                                                  NORMAL
..................................................................
TEMPERATURE (F)
 YESTERDAY
  MAXIMUM         88    421 PM 109    1988  92     -4       97
  MINIMUM         55    554 AM  42    1962  58     -3       61
  AVERAGE         72                        75     -3       79

PRECIPITATION (IN)
  YESTERDAY        0.00          0.22 1983   0.01  -0.01     0.00
  MONTH TO DATE    T                         0.19  -0.19     0.01
  SINCE OCT 1     19.06                     17.29   1.77    11.24
  SINCE JAN 1     13.86                      9.65   4.21     6.63

SNOWFALL (IN)
  YESTERDAY        0.0                       0.0    0.0      0.0
  MONTH TO DATE    0.0                       0.0    0.0      0.0
  SINCE JUL 1      0.0                       0.0    0.0      0.0
  SNOW DEPTH       0

DEGREE DAYS
 HEATING
  YESTERDAY        0                         0      0        0
  MONTH TO DATE    0                         1     -1        0
  SINCE JUN 1     31                        55    -24       36
  SINCE JUL 1      0                         1     -1        0

 COOLING
  YESTERDAY        7                        10     -3       14
  MONTH TO DATE  152                       159     -7      229
  SINCE JUN 1    314                       267     47      353
  SINCE JAN 1    346                       305     41      404
..................................................................


WIND (MPH)
  HIGHEST WIND SPEED    15   HIGHEST WIND DIRECTION    NW (320)
  HIGHEST GUST SPEED    19   HIGHEST GUST DIRECTION     N (340)
  AVERAGE WIND SPEED     4.6


SKY COVER
  POSSIBLE SUNSHINE  MM
  AVERAGE SKY COVER 0.0


WEATHER CONDITIONS
 THE FOLLOWING WEATHER WAS RECORDED YESTERDAY.
  NO SIGNIFICANT WEATHER WAS OBSERVED.


RELATIVE HUMIDITY (PERCENT)
 HIGHEST    77           600 AM
 LOWEST     17           400 PM
 AVERAGE    47

..........................................................


THE MEDFORD OR CLIMATE NORMALS FOR TODAY
                         NORMAL    RECORD    YEAR
 MAXIMUM TEMPERATURE (F)   92       115      1946
 MINIMUM TEMPERATURE (F)   58        42      1929


SUNRISE AND SUNSET
JULY 20 2019..........SUNRISE   552 AM PDT   SUNSET   843 PM PDT
JULY 21 2019..........SUNRISE   553 AM PDT   SUNSET   842 PM PDT


-  INDICATES NEGATIVE NUMBERS.
R  INDICATES RECORD WAS SET OR TIED.
MM INDICATES DATA IS MISSING.
T  INDICATES TRACE AMOUNT.




$$
