000
CDUS46 KMFR 220837
CLIMFR


CLIMATE REPORT
NATIONAL WEATHER SERVICE MEDFORD, OR
137 AM PDT MON APR 22 2019


...................................

...THE MEDFORD OR CLIMATE SUMMARY FOR APRIL 21 2019...

CLIMATE NORMAL PERIOD 1981 TO 2010
CLIMATE RECORD PERIOD 1911 TO 2019


WEATHER ITEM   OBSERVED TIME   RECORD YEAR NORMAL DEPARTURE LAST
                VALUE   (LST)  VALUE       VALUE  FROM      YEAR
                                                  NORMAL
..................................................................
TEMPERATURE (F)
 YESTERDAY
  MAXIMUM         69    340 PM  92    2009  66      3       71
  MINIMUM         45    704 AM  27    1968  42      3       41
  AVERAGE         57                        54      3       56

PRECIPITATION (IN)
  YESTERDAY        0.00          0.66 1961   0.04  -0.04     0.00
  MONTH TO DATE    3.01                      0.98   2.03     0.74
  SINCE OCT 1     17.14                     14.77   2.37     9.68
  SINCE JAN 1     11.94                      7.13   4.81     5.07

SNOWFALL (IN)
  YESTERDAY        0.0                       0.0    0.0      0.0
  MONTH TO DATE    0.0                       0.1   -0.1      0.0
  SINCE JUL 1      6.8                       4.2    2.6      4.2
  SNOW DEPTH       0

DEGREE DAYS
 HEATING
  YESTERDAY        8                        11     -3        9
  MONTH TO DATE  223                       274    -51      290
  SINCE MAR 1    760                       792    -32      844
  SINCE JUL 1   3830                      3906    -76     3937

 COOLING
  YESTERDAY        0                         0      0        0
  MONTH TO DATE    2                         0      2        0
  SINCE MAR 1      2                         0      2        0
  SINCE JAN 1      2                         0      2        0
..................................................................


WIND (MPH)
  HIGHEST WIND SPEED    12   HIGHEST WIND DIRECTION     W (290)
  HIGHEST GUST SPEED    16   HIGHEST GUST DIRECTION     W (270)
  AVERAGE WIND SPEED     4.5


SKY COVER
  POSSIBLE SUNSHINE  MM
  AVERAGE SKY COVER 0.4


WEATHER CONDITIONS
 THE FOLLOWING WEATHER WAS RECORDED YESTERDAY.
  NO SIGNIFICANT WEATHER WAS OBSERVED.


RELATIVE HUMIDITY (PERCENT)
 HIGHEST    83           300 AM
 LOWEST     30           400 PM
 AVERAGE    57

..........................................................


THE MEDFORD OR CLIMATE NORMALS FOR TODAY
                         NORMAL    RECORD    YEAR
 MAXIMUM TEMPERATURE (F)   66        89      2012
 MINIMUM TEMPERATURE (F)   42        28      1920


SUNRISE AND SUNSET
APRIL 22 2019.........SUNRISE   620 AM PDT   SUNSET   801 PM PDT
APRIL 23 2019.........SUNRISE   618 AM PDT   SUNSET   802 PM PDT


-  INDICATES NEGATIVE NUMBERS.
R  INDICATES RECORD WAS SET OR TIED.
MM INDICATES DATA IS MISSING.
T  INDICATES TRACE AMOUNT.




$$
