678
CDUS44 KBMX 230740
CLIMGM


CLIMATE REPORT
NATIONAL WEATHER SERVICE BIRMINGHAM, AL
240 AM CDT TUE JUL 23 2019


...................................

...THE MONTGOMERY CLIMATE SUMMARY FOR JULY 22 2019...

CLIMATE NORMAL PERIOD 1981 TO 2010
CLIMATE RECORD PERIOD 1872 TO 2019


WEATHER ITEM   OBSERVED TIME   RECORD YEAR NORMAL DEPARTURE LAST
                VALUE   (LST)  VALUE       VALUE  FROM      YEAR
                                                  NORMAL
..................................................................
TEMPERATURE (F)
 YESTERDAY
  MAXIMUM         93    255 PM 100    2006  92      1       92
                                      1993
                                      1878
  MINIMUM         71    328 AM  63    1971  72     -1       74
  AVERAGE         82                        82      0       83

PRECIPITATION (IN)
  YESTERDAY        0.00          3.70 2013   0.17  -0.17     0.00
  MONTH TO DATE    2.04                      3.88  -1.84     4.69
  SINCE JUN 1      6.54                      7.95  -1.41     6.21
  SINCE JAN 1     26.91                     31.39  -4.48    28.48

DEGREE DAYS
 COOLING
  YESTERDAY       17                        17      0       18
  MONTH TO DATE  419                       368     51      405
  SINCE JUN 1    902                       787    115      908
  SINCE JAN 1   1455                      1126    329     1393
..................................................................


WIND (MPH)
  HIGHEST WIND SPEED    13   HIGHEST WIND DIRECTION    SW (220)
  HIGHEST GUST SPEED    14   HIGHEST GUST DIRECTION    SW (220)
  AVERAGE WIND SPEED     5.1


SKY COVER
  AVERAGE SKY COVER 0.2


WEATHER CONDITIONS
 THE FOLLOWING WEATHER WAS RECORDED YESTERDAY.
  FOG


RELATIVE HUMIDITY (PERCENT)
 HIGHEST   100           400 AM
 LOWEST     49           300 PM
 AVERAGE    75

..........................................................


THE MONTGOMERY CLIMATE NORMALS FOR TODAY
                         NORMAL    RECORD    YEAR
 MAXIMUM TEMPERATURE (F)   92       103      1952
 MINIMUM TEMPERATURE (F)   72        61      1947


SUNRISE AND SUNSET
JULY 23 2019..........SUNRISE   554 AM CDT   SUNSET   750 PM CDT
JULY 24 2019..........SUNRISE   555 AM CDT   SUNSET   749 PM CDT


-  INDICATES NEGATIVE NUMBERS.
R  INDICATES RECORD WAS SET OR TIED.
MM INDICATES DATA IS MISSING.
T  INDICATES TRACE AMOUNT.




$$
