000
CDUS41 KPBZ 162119
CLIMGW


CLIMATE REPORT
NATIONAL WEATHER SERVICE PITTSBURGH PA
519 PM EDT TUE JUL 16 2019


...................................

...THE MORGANTOWN WV CLIMATE SUMMARY FOR JULY 16 2019...
VALID TODAY AS OF 0500 PM LOCAL TIME.

CLIMATE NORMAL PERIOD 1981 TO 2010
CLIMATE RECORD PERIOD 1872 TO 2019


WEATHER ITEM   OBSERVED TIME   RECORD YEAR NORMAL DEPARTURE LAST
                VALUE   (LST)  VALUE       VALUE  FROM      YEAR
                                                  NORMAL
..................................................................
TEMPERATURE (F)
 TODAY
  MAXIMUM         85    305 PM 100    1988  84      1       91
  MINIMUM         72    535 AM  47    1903  63      9       65
  AVERAGE         79                        73      6       78

PRECIPITATION (IN)
  TODAY            0.00          2.13 1912   0.16  -0.16     0.12
  MONTH TO DATE    3.90                      2.46   1.44     0.82
  SINCE JUN 1      8.41                      6.57   1.84     4.49
  SINCE JAN 1     28.23                     23.76   4.47    28.22

DEGREE DAYS
 HEATING
  TODAY            0                         0      0        0
  MONTH TO DATE    0                         0      0        0
  SINCE JUN 1     23                        31     -8       19
  SINCE JUL 1      0                         0      0        0

 COOLING
  TODAY           14                         8      6       13
  MONTH TO DATE  184                       128     56      184
  SINCE JUN 1    349                       290     59      404
  SINCE JAN 1    506                       357    149      598
..................................................................


WIND (MPH)
  HIGHEST WIND SPEED    10   HIGHEST WIND DIRECTION     S (200)
  HIGHEST GUST SPEED    14   HIGHEST GUST DIRECTION     S (200)
  AVERAGE WIND SPEED     4.3


SKY COVER
  POSSIBLE SUNSHINE  MM
  AVERAGE SKY COVER 0.1


WEATHER CONDITIONS
 THE FOLLOWING WEATHER WAS RECORDED TODAY.
  NO SIGNIFICANT WEATHER WAS OBSERVED.


RELATIVE HUMIDITY (PERCENT)
 HIGHEST    93          1200 AM
 LOWEST     59           200 PM
 AVERAGE    76

..........................................................


THE MORGANTOWN WV CLIMATE NORMALS FOR TOMORROW
                         NORMAL    RECORD    YEAR
 MAXIMUM TEMPERATURE (F)   84        97      1953
                                             1900
 MINIMUM TEMPERATURE (F)   63        49      1896


SUNRISE AND SUNSET
JULY 16 2019..........SUNRISE   605 AM EDT   SUNSET   846 PM EDT
JULY 17 2019..........SUNRISE   606 AM EDT   SUNSET   845 PM EDT


-  INDICATES NEGATIVE NUMBERS.
R  INDICATES RECORD WAS SET OR TIED.
MM INDICATES DATA IS MISSING.
T  INDICATES TRACE AMOUNT.




$$
