000
CDUS41 KPBZ 240701
CLIMGW


CLIMATE REPORT
NATIONAL WEATHER SERVICE PITTSBURGH PA
301 AM EDT WED APR 24 2019


...................................

...THE MORGANTOWN WV CLIMATE SUMMARY FOR APRIL 23 2019...

CLIMATE NORMAL PERIOD 1981 TO 2010
CLIMATE RECORD PERIOD 1872 TO 2019


WEATHER ITEM   OBSERVED TIME   RECORD YEAR NORMAL DEPARTURE LAST
                VALUE   (LST)  VALUE       VALUE  FROM      YEAR
                                                  NORMAL
..................................................................
TEMPERATURE (F)
 YESTERDAY
  MAXIMUM         82    311 PM  89    1960  67     15       72
                                      1878
  MINIMUM         46    427 AM  23    1936  44      2       51
  AVERAGE         64                        55      9       62

PRECIPITATION (IN)
  YESTERDAY        0.01          1.35 1973   0.12  -0.11     0.08
  MONTH TO DATE    2.55                      2.69  -0.14     5.12
  SINCE JUN 1     44.58                     36.39   8.19    43.67
  SINCE JAN 1     13.61                     11.75   1.86    17.34

DEGREE DAYS
 HEATING
  YESTERDAY        1                        10     -9        3
  MONTH TO DATE  188                       315   -127      422
  SINCE MAR 1    938                      1027    -89     1284
  SINCE JUL 1   4624                      4916   -292     4906

 COOLING
  YESTERDAY        0                         1     -1        0
  MONTH TO DATE   18                         5     13       19
  SINCE MAR 1     18                         7     11       19
  SINCE JAN 1     18                         7     11       24
..................................................................


WIND (MPH)
  HIGHEST WIND SPEED    21   HIGHEST WIND DIRECTION    SW (210)
  HIGHEST GUST SPEED    37   HIGHEST GUST DIRECTION    SW (210)
  AVERAGE WIND SPEED     5.3


SKY COVER
  POSSIBLE SUNSHINE  MM
  AVERAGE SKY COVER 0.3


WEATHER CONDITIONS
 THE FOLLOWING WEATHER WAS RECORDED YESTERDAY.
  THUNDERSTORM
  LIGHT RAIN


RELATIVE HUMIDITY (PERCENT)
 HIGHEST    93           600 AM
 LOWEST     28           200 PM
 AVERAGE    61

..........................................................


THE MORGANTOWN WV CLIMATE NORMALS FOR TODAY
                         NORMAL    RECORD    YEAR
 MAXIMUM TEMPERATURE (F)   67        91      1925
 MINIMUM TEMPERATURE (F)   44        26      1930


SUNRISE AND SUNSET
APRIL 24 2019.........SUNRISE   630 AM EDT   SUNSET   806 PM EDT
APRIL 25 2019.........SUNRISE   628 AM EDT   SUNSET   807 PM EDT


-  INDICATES NEGATIVE NUMBERS.
R  INDICATES RECORD WAS SET OR TIED.
MM INDICATES DATA IS MISSING.
T  INDICATES TRACE AMOUNT.




$$
