000
CDUS43 KFSD 200634
CLIMHE


CLIMATE REPORT
NATIONAL WEATHER SERVICE SIOUX FALLS SD
132 AM CDT THU JUN 20 2019


...................................

...THE MITCHELL SD CLIMATE SUMMARY FOR JUNE 19 2019...

CLIMATE NORMAL PERIOD 1981 TO 2010
CLIMATE RECORD PERIOD 1893 TO 2019


WEATHER ITEM   OBSERVED TIME   RECORD YEAR NORMAL DEPARTURE LAST
                VALUE   (LST)  VALUE       VALUE  FROM      YEAR
                                                  NORMAL
..................................................................
TEMPERATURE (F)
 YESTERDAY
  MAXIMUM         73    542 PM 104    1933  82     -9       76
  MINIMUM         55    342 AM  42    1948  60     -5       64
  AVERAGE         64                        71     -7       70

PRECIPITATION (IN)
  YESTERDAY        T             1.09 1924   0.14  -0.14     0.00
  MONTH TO DATE    0.16                      2.90  -2.74     1.50
  SINCE JUN 1      0.16                      2.90  -2.74     1.50
  SINCE JAN 1     12.00                      9.63   2.37     6.33

SNOWFALL (IN)
  YESTERDAY        0.0           0.0    MM  MM     MM        0.0
  MONTH TO DATE    0.0                      MM     MM        0.0
  SINCE JUN 1      0.0                      MM     MM        0.0
  SINCE JUL 1     67.6                      MM     MM       60.7
  SNOW DEPTH       0

DEGREE DAYS
 HEATING
  YESTERDAY        1                         1      0        0
  MONTH TO DATE   10                        31    -21        2
  SINCE JUN 1     10                        31    -21        2
  SINCE JUL 1   7989                      7241    748     7422

 COOLING
  YESTERDAY        0                         6     -6        5
  MONTH TO DATE   82                        80      2      154
  SINCE JUN 1     82                        80      2      154
  SINCE JAN 1    101                       120    -19      303
..................................................................


WIND (MPH)
  HIGHEST WIND SPEED    14   HIGHEST WIND DIRECTION    SE (140)
  HIGHEST GUST SPEED    18   HIGHEST GUST DIRECTION    SE (150)
  AVERAGE WIND SPEED     6.1


SKY COVER
  POSSIBLE SUNSHINE  MM
  AVERAGE SKY COVER 0.4


WEATHER CONDITIONS
 THE FOLLOWING WEATHER WAS RECORDED YESTERDAY.
  LIGHT RAIN


RELATIVE HUMIDITY (PERCENT)
 HIGHEST    86           200 AM
 LOWEST     49           500 PM
 AVERAGE    68

..........................................................


THE MITCHELL SD CLIMATE NORMALS FOR TODAY
                         NORMAL    RECORD    YEAR
 MAXIMUM TEMPERATURE (F)   83       105      1968
 MINIMUM TEMPERATURE (F)   60        41      1969


SUNRISE AND SUNSET
JUNE 20 2019..........SUNRISE   550 AM CDT   SUNSET   917 PM CDT
JUNE 21 2019..........SUNRISE   550 AM CDT   SUNSET   918 PM CDT


-  INDICATES NEGATIVE NUMBERS.
R  INDICATES RECORD WAS SET OR TIED.
MM INDICATES DATA IS MISSING.
T  INDICATES TRACE AMOUNT.




$$
