000
CDUS43 KFSD 210635
CLIMHE


CLIMATE REPORT
NATIONAL WEATHER SERVICE SIOUX FALLS SD
135 AM CDT SUN APR 21 2019


...................................

...THE MITCHELL SD CLIMATE SUMMARY FOR APRIL 20 2019...

CLIMATE NORMAL PERIOD 1981 TO 2010
CLIMATE RECORD PERIOD 1893 TO 2019


WEATHER ITEM   OBSERVED TIME   RECORD YEAR NORMAL DEPARTURE LAST
                VALUE   (LST)  VALUE       VALUE  FROM      YEAR
                                                  NORMAL
..................................................................
TEMPERATURE (F)
 YESTERDAY
  MAXIMUM         84    348 PM  92    1926  63     21       45
  MINIMUM         43    601 AM  14    1966  37      6       28
  AVERAGE         64                        50     14       37

PRECIPITATION (IN)
  YESTERDAY        0.00          1.60 1917   0.09  -0.09      T
  MONTH TO DATE    2.45                      1.21   1.24     1.62
  SINCE MAR 1      5.24                      2.27   2.97     3.13
  SINCE JAN 1      6.87                      2.83   4.04     4.17

SNOWFALL (IN)
  YESTERDAY        0.0           2.0  1917  MM     MM        0.0
  MONTH TO DATE   16.5                      MM     MM       22.7
  SINCE MAR 1     24.8                      MM     MM       33.7
  SINCE JUL 1     67.6                      MM     MM       60.7
  SNOW DEPTH       0

DEGREE DAYS
 HEATING
  YESTERDAY        1                        15    -14       28
  MONTH TO DATE  412                       390     22      660
  SINCE MAR 1   1540                      1348    192     1642
  SINCE JUL 1   7547                      6870    677     7197

 COOLING
  YESTERDAY        0                         0      0        0
  MONTH TO DATE    0                         0      0        0
  SINCE MAR 1      0                         0      0        0
  SINCE JAN 1      0                         0      0        0
..................................................................


WIND (MPH)
  HIGHEST WIND SPEED    22   HIGHEST WIND DIRECTION    SE (150)
  HIGHEST GUST SPEED    29   HIGHEST GUST DIRECTION    SE (150)
  AVERAGE WIND SPEED    12.5


SKY COVER
  POSSIBLE SUNSHINE  MM
  AVERAGE SKY COVER 0.0


WEATHER CONDITIONS
 THE FOLLOWING WEATHER WAS RECORDED YESTERDAY.
  NO SIGNIFICANT WEATHER WAS OBSERVED.


RELATIVE HUMIDITY (PERCENT)
 HIGHEST    82           600 AM
 LOWEST     28           400 PM
 AVERAGE    55

..........................................................


THE MITCHELL SD CLIMATE NORMALS FOR TODAY
                         NORMAL    RECORD    YEAR
 MAXIMUM TEMPERATURE (F)   63        94      1980
 MINIMUM TEMPERATURE (F)   38        15      1927


SUNRISE AND SUNSET
APRIL 21 2019.........SUNRISE   640 AM CDT   SUNSET   823 PM CDT
APRIL 22 2019.........SUNRISE   638 AM CDT   SUNSET   824 PM CDT


-  INDICATES NEGATIVE NUMBERS.
R  INDICATES RECORD WAS SET OR TIED.
MM INDICATES DATA IS MISSING.
T  INDICATES TRACE AMOUNT.




$$
