000
CDUS43 KTOP 190632
CLIMHK


CLIMATE REPORT
NATIONAL WEATHER SERVICE TOPEKA KS
131 AM CDT MON AUG 19 2019


...................................

...THE MANHATTAN KS CLIMATE SUMMARY FOR AUGUST 18 2019...

CLIMATE NORMAL PERIOD 1981 TO 2010
CLIMATE RECORD PERIOD 9999 TO 9999


WEATHER ITEM   OBSERVED NORMAL DEPARTURE LAST
                VALUE   VALUE  FROM      YEAR
                               NORMAL
...............................................
TEMPERATURE (F)
 YESTERDAY
  MAXIMUM         90     89      1       90
  MINIMUM         71     65      6       64
  AVERAGE         81     77      4       77

PRECIPITATION (IN)
  YESTERDAY        0.01   0.16  -0.15     0.00
  MONTH TO DATE    5.97   2.20   3.77     2.51
  SINCE JUN 1     13.95  11.26   2.69     7.22
  SINCE JAN 1     30.18  22.46   7.72    11.46

DEGREE DAYS
 HEATING
  YESTERDAY        0      0      0        0
  MONTH TO DATE    0      0      0        0
  SINCE JUN 1      4     12     -8        0
  SINCE JUL 1      0      1     -1        0

 COOLING
  YESTERDAY       16     12      4       12
  MONTH TO DATE  252    239     13      247
  SINCE JUN 1    986    945     41     1213
  SINCE JAN 1   1091   1045     46     1502
...............................................


WIND (MPH)
  HIGHEST WIND SPEED    29   HIGHEST WIND DIRECTION    SW (210)
  HIGHEST GUST SPEED    43   HIGHEST GUST DIRECTION    SW (220)
  AVERAGE WIND SPEED     6.9


SKY COVER
  AVERAGE SKY COVER 0.1


WEATHER CONDITIONS
 THE FOLLOWING WEATHER WAS RECORDED YESTERDAY.
  THUNDERSTORM
  RAIN
  LIGHT RAIN


RELATIVE HUMIDITY (PERCENT)
 HIGHEST    93
 LOWEST     42
 AVERAGE    68

..........................................................


THE MANHATTAN KS CLIMATE NORMALS FOR TODAY
                         NORMAL
 MAXIMUM TEMPERATURE (F)   89
 MINIMUM TEMPERATURE (F)   65


SUNRISE AND SUNSET
AUGUST 19 2019........SUNRISE   643 AM CDT   SUNSET   817 PM CDT
AUGUST 20 2019........SUNRISE   644 AM CDT   SUNSET   815 PM CDT


-  INDICATES NEGATIVE NUMBERS.
R  INDICATES RECORD WAS SET OR TIED.
MM INDICATES DATA IS MISSING.
T  INDICATES TRACE AMOUNT.




$$
