195
CDUS43 KTOP 210633
CLIMHK


CLIMATE REPORT
NATIONAL WEATHER SERVICE TOPEKA KS
132 AM CDT SUN APR 21 2019


...................................

...THE MANHATTAN KS CLIMATE SUMMARY FOR APRIL 20 2019...

CLIMATE NORMAL PERIOD 1981 TO 2010
CLIMATE RECORD PERIOD 9999 TO 9999


WEATHER ITEM   OBSERVED NORMAL DEPARTURE LAST
                VALUE   VALUE  FROM      YEAR
                               NORMAL
...............................................
TEMPERATURE (F)
 YESTERDAY
  MAXIMUM         84     68     16       66
  MINIMUM         34     43     -9       32
  AVERAGE         59     55      4       49

PRECIPITATION (IN)
  YESTERDAY        0.00   0.11  -0.11     0.00
  MONTH TO DATE    0.64   1.58  -0.94      T
  SINCE MAR 1      0.85   3.78  -2.93     0.33
  SINCE JAN 1      2.99   5.50  -2.51     0.91

DEGREE DAYS
 HEATING
  YESTERDAY        6     10     -4       16
  MONTH TO DATE  159    260   -101      419
  SINCE MAR 1    842    936    -94      998
  SINCE JUL 1   5045   5096    -51     4801

 COOLING
  YESTERDAY        0      1     -1        0
  MONTH TO DATE   14      9      5        3
  SINCE MAR 1     14     11      3        3
  SINCE JAN 1     14     11      3        3
...............................................


WIND (MPH)
  HIGHEST WIND SPEED    21   HIGHEST WIND DIRECTION    SW (210)
  HIGHEST GUST SPEED    30   HIGHEST GUST DIRECTION     S (200)
  AVERAGE WIND SPEED     9.3


SKY COVER
  AVERAGE SKY COVER 0.0


WEATHER CONDITIONS
 THE FOLLOWING WEATHER WAS RECORDED YESTERDAY.
  NO SIGNIFICANT WEATHER WAS OBSERVED.


RELATIVE HUMIDITY (PERCENT)
 HIGHEST    89
 LOWEST     22
 AVERAGE    56

..........................................................


THE MANHATTAN KS CLIMATE NORMALS FOR TODAY
                         NORMAL
 MAXIMUM TEMPERATURE (F)   68
 MINIMUM TEMPERATURE (F)   43


SUNRISE AND SUNSET
APRIL 21 2019.........SUNRISE   642 AM CDT   SUNSET   810 PM CDT
APRIL 22 2019.........SUNRISE   640 AM CDT   SUNSET   811 PM CDT


-  INDICATES NEGATIVE NUMBERS.
R  INDICATES RECORD WAS SET OR TIED.
MM INDICATES DATA IS MISSING.
T  INDICATES TRACE AMOUNT.




$$
