000
CDUS43 KTOP 180632
CLIMHK


CLIMATE REPORT
NATIONAL WEATHER SERVICE TOPEKA KS
131 AM CDT TUE JUN 18 2019


...................................

...THE MANHATTAN KS CLIMATE SUMMARY FOR JUNE 17 2019...

CLIMATE NORMAL PERIOD 1981 TO 2010
CLIMATE RECORD PERIOD 9999 TO 9999


WEATHER ITEM   OBSERVED NORMAL DEPARTURE LAST
                VALUE   VALUE  FROM      YEAR
                               NORMAL
...............................................
TEMPERATURE (F)
 YESTERDAY
  MAXIMUM         88     86      2       98
  MINIMUM         60     63     -3       80
  AVERAGE         74     74      0       89

PRECIPITATION (IN)
  YESTERDAY        0.00   0.18  -0.18     0.00
  MONTH TO DATE    0.76   3.11  -2.35     1.08
  SINCE JUN 1      0.76   3.11  -2.35     1.08
  SINCE JAN 1     16.99  14.31   2.68     5.32

DEGREE DAYS
 HEATING
  YESTERDAY        0      0      0        0
  MONTH TO DATE    4      8     -4        0
  SINCE JUN 1      4      8     -4        0
  SINCE JUL 1   5248   5312    -64     4889

 COOLING
  YESTERDAY        9      9      0       24
  MONTH TO DATE  105    125    -20      279
  SINCE JUN 1    105    125    -20      279
  SINCE JAN 1    210    225    -15      568
...............................................


WIND (MPH)
  HIGHEST WIND SPEED    13   HIGHEST WIND DIRECTION     E (100)
  HIGHEST GUST SPEED    21   HIGHEST GUST DIRECTION    NE (30)
  AVERAGE WIND SPEED     3.1


SKY COVER
  AVERAGE SKY COVER 0.0


WEATHER CONDITIONS
 THE FOLLOWING WEATHER WAS RECORDED YESTERDAY.
  NO SIGNIFICANT WEATHER WAS OBSERVED.


RELATIVE HUMIDITY (PERCENT)
 HIGHEST    93
 LOWEST     36
 AVERAGE    65

..........................................................


THE MANHATTAN KS CLIMATE NORMALS FOR TODAY
                         NORMAL
 MAXIMUM TEMPERATURE (F)   86
 MINIMUM TEMPERATURE (F)   63


SUNRISE AND SUNSET
JUNE 18 2019..........SUNRISE   600 AM CDT   SUNSET   855 PM CDT
JUNE 19 2019..........SUNRISE   600 AM CDT   SUNSET   856 PM CDT


-  INDICATES NEGATIVE NUMBERS.
R  INDICATES RECORD WAS SET OR TIED.
MM INDICATES DATA IS MISSING.
T  INDICATES TRACE AMOUNT.




$$
