000
CDUS46 KMFR 170853
CLIMHS


CLIMATE REPORT
NATIONAL WEATHER SERVICE MEDFORD, OR
143 AM PDT MON JUN 17 2019


...................................

...THE MT SHASTA CITY CA CLIMATE SUMMARY FOR JUNE 16 2019...

CLIMATE NORMAL PERIOD 1981 TO 2010
CLIMATE RECORD PERIOD 1908 TO 2019


WEATHER ITEM   OBSERVED TIME   RECORD YEAR NORMAL DEPARTURE LAST
                VALUE   (LST)  VALUE       VALUE  FROM      YEAR
                                                  NORMAL
..................................................................
TEMPERATURE (F)
 YESTERDAY
  MAXIMUM         88    309 PM  95    1961  77     11       71
  MINIMUM         49    508 AM  37    1989  46      3       44
                                      1978
                                      1955
  AVERAGE         69                        62      7       58

PRECIPITATION (IN)
  YESTERDAY        0.00          0.84 1950   0.04  -0.04     0.00
  MONTH TO DATE    0.32                      0.77  -0.45     0.02
  SINCE OCT 1     44.70                     41.38   3.32    20.39
  SINCE JAN 1     36.29                     26.17  10.12    14.56

SNOWFALL (IN)
  YESTERDAY       MM                         0.0   MM       MM
  MONTH TO DATE   MM                         0.0   MM       MM
  SINCE JUL 1     MM                        91.8   MM        0.0
  SNOW DEPTH      MM

DEGREE DAYS
 HEATING
  YESTERDAY        0                         4     -4        7
  MONTH TO DATE   38                        94    -56       66
  SINCE JUN 1     38                        94    -56       66
  SINCE JUL 1   5172                      5646   -474     5135

 COOLING
  YESTERDAY        4                         1      3        0
  MONTH TO DATE   45                        16     29       13
  SINCE JUN 1     45                        16     29       13
  SINCE JAN 1     45                        24     21       15
..................................................................


WIND (MPH)
  HIGHEST WIND SPEED    10   HIGHEST WIND DIRECTION     N (340)
  HIGHEST GUST SPEED    18   HIGHEST GUST DIRECTION     N (350)
  AVERAGE WIND SPEED     3.6


SKY COVER
  POSSIBLE SUNSHINE  MM
  AVERAGE SKY COVER 0.0


WEATHER CONDITIONS
 THE FOLLOWING WEATHER WAS RECORDED YESTERDAY.
  NO SIGNIFICANT WEATHER WAS OBSERVED.


RELATIVE HUMIDITY (PERCENT)
 HIGHEST    80           500 AM
 LOWEST     20           300 PM

..........................................................


THE MT SHASTA CITY CA CLIMATE NORMALS FOR TODAY
                         NORMAL    RECORD    YEAR
 MAXIMUM TEMPERATURE (F)   77        97      1985
 MINIMUM TEMPERATURE (F)   46        35      1991
                                             1949


SUNRISE AND SUNSET
JUNE 17 2019..........SUNRISE   536 AM PDT   SUNSET   845 PM PDT
JUNE 18 2019..........SUNRISE   536 AM PDT   SUNSET   845 PM PDT


-  INDICATES NEGATIVE NUMBERS.
R  INDICATES RECORD WAS SET OR TIED.
MM INDICATES DATA IS MISSING.
T  INDICATES TRACE AMOUNT.




$$
