483
CDUS46 KMFR 230845
CLIMHS


CLIMATE REPORT
NATIONAL WEATHER SERVICE MEDFORD, OR
145 AM PDT TUE APR 23 2019


...................................

...THE MT SHASTA CITY CA CLIMATE SUMMARY FOR APRIL 22 2019...

CLIMATE NORMAL PERIOD 1981 TO 2010
CLIMATE RECORD PERIOD 1908 TO 2019


WEATHER ITEM   OBSERVED TIME   RECORD YEAR NORMAL DEPARTURE LAST
                VALUE   (LST)  VALUE       VALUE  FROM      YEAR
                                                  NORMAL
..................................................................
TEMPERATURE (F)
 YESTERDAY
  MAXIMUM         72    226 PM  81    2012  62     10       69
                                      2009
  MINIMUM         37    603 AM  23    1961  34      3       40
  AVERAGE         55                        48      7       55

PRECIPITATION (IN)
  YESTERDAY        0.00          0.83 1917   0.09  -0.09     0.00
  MONTH TO DATE    3.53                      2.27   1.26     2.15
  SINCE OCT 1     38.75                     37.73   1.02    18.10
  SINCE JAN 1     30.34                     22.52   7.82    12.27

SNOWFALL (IN)
  YESTERDAY       MM                         0.1   MM       MM
  MONTH TO DATE   MM                         4.8   MM       MM
  SINCE JUL 1     MM                        90.9   MM       MM
  SNOW DEPTH      MM

DEGREE DAYS
 HEATING
  YESTERDAY       10                        17     -7       10
  MONTH TO DATE  372                       412    -40      399
  SINCE MAR 1   1142                      1116     26     1175
  SINCE JUL 1   4754                      5091   -337     4773

 COOLING
  YESTERDAY        0                         0      0        0
  MONTH TO DATE    0                         0      0        0
  SINCE MAR 1      0                         0      0        0
  SINCE JAN 1      0                         0      0        0
..................................................................


WIND (MPH)
  HIGHEST WIND SPEED    15   HIGHEST WIND DIRECTION    NW (320)
  HIGHEST GUST SPEED    26   HIGHEST GUST DIRECTION     N (350)
  AVERAGE WIND SPEED     4.9


SKY COVER
  POSSIBLE SUNSHINE  MM
  AVERAGE SKY COVER 0.0


WEATHER CONDITIONS
 THE FOLLOWING WEATHER WAS RECORDED YESTERDAY.
  NO SIGNIFICANT WEATHER WAS OBSERVED.


RELATIVE HUMIDITY (PERCENT)
 HIGHEST    85           500 AM
 LOWEST     17           200 PM

..........................................................


THE MT SHASTA CITY CA CLIMATE NORMALS FOR TODAY
                         NORMAL    RECORD    YEAR
 MAXIMUM TEMPERATURE (F)   63        82      1946
 MINIMUM TEMPERATURE (F)   35        22      1920


SUNRISE AND SUNSET
APRIL 23 2019.........SUNRISE   618 AM PDT   SUNSET   758 PM PDT
APRIL 24 2019.........SUNRISE   616 AM PDT   SUNSET   759 PM PDT


-  INDICATES NEGATIVE NUMBERS.
R  INDICATES RECORD WAS SET OR TIED.
MM INDICATES DATA IS MISSING.
T  INDICATES TRACE AMOUNT.




$$
