479
CDUS46 KMFR 220836
CLIMHS


CLIMATE REPORT
NATIONAL WEATHER SERVICE MEDFORD, OR
136 AM PDT TUE OCT 22 2019


...................................

...THE MT SHASTA CITY CA CLIMATE SUMMARY FOR OCTOBER 21 2019...

CLIMATE NORMAL PERIOD 1981 TO 2010
CLIMATE RECORD PERIOD 1908 TO 2019


WEATHER ITEM   OBSERVED TIME   RECORD YEAR NORMAL DEPARTURE LAST
                VALUE   (LST)  VALUE       VALUE  FROM      YEAR
                                                  NORMAL
..................................................................
TEMPERATURE (F)
 YESTERDAY
  MAXIMUM         68    311 PM  82    2003  64      4       75
  MINIMUM         41    449 AM  22    1996  35      6       34
  AVERAGE         55                        49      6       55

PRECIPITATION (IN)
  YESTERDAY        0.00          1.89 1982   0.08  -0.08     0.00
  MONTH TO DATE    0.21                      1.17  -0.96     0.57
  SINCE OCT 1      0.21                      1.17  -0.96     0.57
  SINCE JAN 1     37.95                     29.17   8.78    15.85

SNOWFALL (IN)
  YESTERDAY       MM                         0.0   MM       MM
  MONTH TO DATE   MM                         0.0   MM       MM
  SINCE JUL 1     MM                         0.0   MM       MM
  SNOW DEPTH      MM

DEGREE DAYS
 HEATING
  YESTERDAY       10                        16     -6       10
  MONTH TO DATE  334                       251     83      262
  SINCE SEP 1    517                       413    104      397
  SINCE JUL 1    538                       488     50      408

 COOLING
  YESTERDAY        0                         0      0        0
  MONTH TO DATE    0                         0      0        0
  SINCE SEP 1     27                        27      0       29
  SINCE JAN 1    359                       287     72      440
..................................................................


WIND (MPH)
  HIGHEST WIND SPEED    13   HIGHEST WIND DIRECTION    NW (300)
  HIGHEST GUST SPEED    23   HIGHEST GUST DIRECTION    NW (300)
  AVERAGE WIND SPEED     3.6


SKY COVER
  POSSIBLE SUNSHINE  MM
  AVERAGE SKY COVER 0.2


WEATHER CONDITIONS
 THE FOLLOWING WEATHER WAS RECORDED YESTERDAY.
  NO SIGNIFICANT WEATHER WAS OBSERVED.


RELATIVE HUMIDITY (PERCENT)
 HIGHEST    86           100 AM
 LOWEST     29           300 PM

..........................................................


THE MT SHASTA CITY CA CLIMATE NORMALS FOR TODAY
                         NORMAL    RECORD    YEAR
 MAXIMUM TEMPERATURE (F)   63        81      1965
 MINIMUM TEMPERATURE (F)   35        22      1961


SUNRISE AND SUNSET
OCTOBER 22 2019.......SUNRISE   729 AM PDT   SUNSET   618 PM PDT
OCTOBER 23 2019.......SUNRISE   730 AM PDT   SUNSET   617 PM PDT


-  INDICATES NEGATIVE NUMBERS.
R  INDICATES RECORD WAS SET OR TIED.
MM INDICATES DATA IS MISSING.
T  INDICATES TRACE AMOUNT.




$$
