000
CDUS41 KGYX 242045
CLIMHT


CLIMATE REPORT
NATIONAL WEATHER SERVICE GRAY ME
444 PM EDT WED APR 24 2019


...................................

...THE MANCHESTER CLIMATE SUMMARY FOR APRIL 24 2019...
VALID TODAY AS OF 0400 PM LOCAL TIME.

CLIMATE NORMAL PERIOD 1981 TO 2010
CLIMATE RECORD PERIOD 1885 TO 2019


WEATHER ITEM   OBSERVED TIME   RECORD YEAR NORMAL DEPARTURE LAST
                VALUE   (LST)  VALUE       VALUE  FROM      YEAR
                                                  NORMAL
..................................................................
TEMPERATURE (F)
 TODAY
  MAXIMUM         63        MM  88    2001  62      1       74
  MINIMUM         45    100 AM  25    1971  40      5       39
  AVERAGE         54                        51      3

PRECIPITATION (IN)
  TODAY            0.01          1.04 1944   0.10  -0.09     0.00
  MONTH TO DATE    3.37                      3.28   0.09     2.87
  SINCE MAR 1      4.75                      7.61  -2.86     5.73
  SINCE JAN 1     11.19                     13.41  -2.22    10.95

SNOWFALL (IN)
  TODAY           MM            MM      MM  MM               0.0
  MONTH TO DATE    0.1                      MM                T
  SINCE JUL 1     46.7                      MM              78.9
  SNOW DEPTH       0

DEGREE DAYS
 HEATING
  TODAY           11                        14     -3        8
  MONTH TO DATE  371                       456    -85      511
  SINCE MAR 1   1286                      1353    -67     1371
  SINCE JUL 1   5926                      6016    -90     5663

 COOLING
  TODAY            0                         0      0        0
  MONTH TO DATE    2                         0      2        0
  SINCE MAR 1      2                         0      2        0
  SINCE JAN 1      2                         0      2        0
..................................................................


WIND (MPH)
  RESULTANT WIND SPEED   5   RESULTANT WIND DIRECTION  NW (310)
  HIGHEST WIND SPEED    17   HIGHEST WIND DIRECTION    NW (330)
  HIGHEST GUST SPEED    22   HIGHEST GUST DIRECTION     W (280)



WEATHER CONDITIONS
 THE FOLLOWING WEATHER WAS RECORDED TODAY.
  LIGHT RAIN
  FOG


RELATIVE HUMIDITY (PERCENT)
 HIGHEST   100
 LOWEST     39
 AVERAGE    70

..........................................................


THE MANCHESTER CLIMATE NORMALS FOR TOMORROW
                         NORMAL    RECORD    YEAR
 MAXIMUM TEMPERATURE (F)   62        90      2009
 MINIMUM TEMPERATURE (F)   41        23      1888


SUNRISE AND SUNSET
APRIL 24 2019.........SUNRISE   550 AM EDT   SUNSET   738 PM EDT
APRIL 25 2019.........SUNRISE   549 AM EDT   SUNSET   739 PM EDT


-  INDICATES NEGATIVE NUMBERS.
R  INDICATES RECORD WAS SET OR TIED.
MM INDICATES DATA IS MISSING.
T  INDICATES TRACE AMOUNT.




$$
