000
CDUS41 KGYX 162043
CLIMHT


CLIMATE REPORT
NATIONAL WEATHER SERVICE GRAY ME
442 PM EDT TUE JUL 16 2019


...................................

...THE MANCHESTER CLIMATE SUMMARY FOR JULY 16 2019...
VALID TODAY AS OF 0400 PM LOCAL TIME.

CLIMATE NORMAL PERIOD 1981 TO 2010
CLIMATE RECORD PERIOD 1885 TO 2019


WEATHER ITEM   OBSERVED TIME   RECORD YEAR NORMAL DEPARTURE LAST
                VALUE   (LST)  VALUE       VALUE  FROM      YEAR
                                                  NORMAL
..................................................................
TEMPERATURE (F)
 TODAY
  MAXIMUM         86        MM  96    1968  83      3       90
  MINIMUM         60        MM  45    1946  63     -3       66
  AVERAGE         73                        73      0

PRECIPITATION (IN)
  TODAY            T             1.30 1961   0.11  -0.11     0.02
  MONTH TO DATE    1.15                      1.85  -0.70     0.29
  SINCE JUN 1      5.03                      5.64  -0.61     5.08
  SINCE JAN 1     20.31                     23.68  -3.37    17.94

SNOWFALL (IN)
  TODAY            0.0          MM      MM  MM               0.0
  MONTH TO DATE    0.0                      MM               0.0
  SINCE JUL 1      0.0                      MM               0.0
  SNOW DEPTH       0

DEGREE DAYS
 HEATING
  TODAY            0                         0      0        0
  MONTH TO DATE    0                         0      0        0
  SINCE JUN 1     26                        58    -32       28
  SINCE JUL 1      0                         0      0        0

 COOLING
  TODAY            8                         8      0       13
  MONTH TO DATE  195                       120     75      183
  SINCE JUN 1    316                       240     76      322
  SINCE JAN 1    337                       270     67      424
..................................................................


WIND (MPH)
  RESULTANT WIND SPEED   2   RESULTANT WIND DIRECTION   S (180)
  HIGHEST WIND SPEED     9   HIGHEST WIND DIRECTION     S (200)
  HIGHEST GUST SPEED    MM   HIGHEST GUST DIRECTION    MM



WEATHER CONDITIONS
 THE FOLLOWING WEATHER WAS RECORDED TODAY.
  NO SIGNIFICANT WEATHER WAS OBSERVED.


RELATIVE HUMIDITY (PERCENT)
 HIGHEST    90
 LOWEST     40
 AVERAGE    65

..........................................................


THE MANCHESTER CLIMATE NORMALS FOR TOMORROW
                         NORMAL    RECORD    YEAR
 MAXIMUM TEMPERATURE (F)   83        98      1968
 MINIMUM TEMPERATURE (F)   63        46      1954
                                             1946


SUNRISE AND SUNSET
JULY 16 2019..........SUNRISE   521 AM EDT   SUNSET   822 PM EDT
JULY 17 2019..........SUNRISE   522 AM EDT   SUNSET   821 PM EDT


-  INDICATES NEGATIVE NUMBERS.
R  INDICATES RECORD WAS SET OR TIED.
MM INDICATES DATA IS MISSING.
T  INDICATES TRACE AMOUNT.




$$
