000
CDUS42 KMFL 160822
CLIMIA


CLIMATE REPORT
NATIONAL WEATHER SERVICE MIAMI, FL
422 AM EDT SUN JUN 16 2019


...................................

...THE MIAMI CLIMATE SUMMARY FOR JUNE 15 2019...

CLIMATE NORMAL PERIOD 1981 TO 2010
CLIMATE RECORD PERIOD 1895 TO 2019


WEATHER ITEM   OBSERVED TIME   RECORD YEAR NORMAL DEPARTURE LAST
                VALUE   (LST)  VALUE       VALUE  FROM      YEAR
                                                  NORMAL
..................................................................
TEMPERATURE (F)
 YESTERDAY
  MAXIMUM         89   1252 PM  96    2011  90     -1       89
  MINIMUM         78    224 PM  67    1938  76      2       74
  AVERAGE         84                        83      1       82

PRECIPITATION (IN)
  YESTERDAY        0.15          2.75 2002   0.33  -0.18     0.02
  MONTH TO DATE    6.55                      4.64   1.91     5.38
  SINCE JUN 1      6.55                      4.64   1.91     5.38
  SINCE JAN 1     19.76                     19.99  -0.23    27.34

SNOWFALL (IN)
  YESTERDAY        0.0
  MONTH TO DATE    0.0
  SINCE JUN 1      0.0
  SINCE JUL 1      0.0
  SNOW DEPTH       0

DEGREE DAYS
 HEATING
  YESTERDAY        0                         0      0        0
  MONTH TO DATE    0                         0      0        0
  SINCE JUN 1      0                         0      0        0
  SINCE JUL 1     60                       128    -68       85

 COOLING
  YESTERDAY       19                        18      1       17
  MONTH TO DATE  302                       261     41      259
  SINCE JUN 1    302                       261     41      259
  SINCE JAN 1   1931                      1617    314     1727
..................................................................


WIND (MPH)
  HIGHEST WIND SPEED    16   HIGHEST WIND DIRECTION     S (160)
  HIGHEST GUST SPEED    24   HIGHEST GUST DIRECTION     S (170)
  AVERAGE WIND SPEED     3.9


SKY COVER
  POSSIBLE SUNSHINE  MM
  AVERAGE SKY COVER 0.8


WEATHER CONDITIONS
 THE FOLLOWING WEATHER WAS RECORDED YESTERDAY.
  THUNDERSTORM
  RAIN
  LIGHT RAIN


RELATIVE HUMIDITY (PERCENT)
 HIGHEST    91
 LOWEST     59
 AVERAGE    75

..........................................................


THE MIAMI CLIMATE NORMALS FOR TODAY
                         NORMAL    RECORD    YEAR
 MAXIMUM TEMPERATURE (F)   90        94      2011
                                             2005
                                             1981
 MINIMUM TEMPERATURE (F)   76        66      1938


SUNRISE AND SUNSET
JUNE 16 2019..........SUNRISE   629 AM EDT   SUNSET   814 PM EDT
JUNE 17 2019..........SUNRISE   630 AM EDT   SUNSET   815 PM EDT


-  INDICATES NEGATIVE NUMBERS.
R  INDICATES RECORD WAS SET OR TIED.
MM INDICATES DATA IS MISSING.
T  INDICATES TRACE AMOUNT.




$$
