000
CDUS42 KMFL 192020
CLIMIA


CLIMATE REPORT
NATIONAL WEATHER SERVICE MIAMI, FL
420 PM EDT FRI APR 19 2019


...................................

...THE MIAMI CLIMATE SUMMARY FOR APRIL 19 2019...
VALID TODAY AS OF 0400 PM LOCAL TIME.

CLIMATE NORMAL PERIOD 1981 TO 2010
CLIMATE RECORD PERIOD 1895 TO 2019


WEATHER ITEM   OBSERVED TIME   RECORD YEAR NORMAL DEPARTURE LAST
                VALUE   (LST)  VALUE       VALUE  FROM      YEAR
                                                  NORMAL
..................................................................
TEMPERATURE (F)
 TODAY
  MAXIMUM         90    259 PM  92    1969  84      6       84
  MINIMUM         73    734 AM  53    1921  69      4       68
  AVERAGE         82                        76      6       76

PRECIPITATION (IN)
  TODAY            0.09          2.23 1980   0.11  -0.02     0.00
  MONTH TO DATE    2.13                      1.98   0.15     1.28
  SINCE NOV 1     11.92                     14.16  -2.24     7.92
  SINCE JAN 1      7.57                      8.85  -1.28     2.85

SNOWFALL (IN)
  TODAY            0.0
  MONTH TO DATE    0.0
  SINCE MAR 1      0.0
  SINCE JUL 1      0.0
  SNOW DEPTH       0

DEGREE DAYS
 HEATING
  TODAY            0                         0      0        0
  MONTH TO DATE    0                         0      0        0
  SINCE MAR 1      2                        11     -9        7
  SINCE JUL 1     60                       127    -67       85

 COOLING
  TODAY           17                        11      6       11
  MONTH TO DATE  257                       192     65      228
  SINCE MAR 1    535                       439     96      420
  SINCE JAN 1    956                       761    195      901
..................................................................


WIND (MPH)
  HIGHEST WIND SPEED    24   HIGHEST WIND DIRECTION     S (170)
  HIGHEST GUST SPEED    33   HIGHEST GUST DIRECTION     S (170)
  AVERAGE WIND SPEED    14.5


SKY COVER
  AVERAGE SKY COVER 0.7


WEATHER CONDITIONS
 THE FOLLOWING WEATHER WAS RECORDED TODAY.
  HEAVY RAIN
  FOG
  HAZE


RELATIVE HUMIDITY (PERCENT)
 HIGHEST    87
 LOWEST     55
 AVERAGE    71

..........................................................


THE MIAMI CLIMATE NORMALS FOR TOMORROW
                         NORMAL    RECORD    YEAR
 MAXIMUM TEMPERATURE (F)   84        92      2015
 MINIMUM TEMPERATURE (F)   69        54      1956


SUNRISE AND SUNSET
APRIL 19 2019.........SUNRISE   655 AM EDT   SUNSET   746 PM EDT
APRIL 20 2019.........SUNRISE   654 AM EDT   SUNSET   747 PM EDT


-  INDICATES NEGATIVE NUMBERS.
R  INDICATES RECORD WAS SET OR TIED.
MM INDICATES DATA IS MISSING.
T  INDICATES TRACE AMOUNT.




$$
