000
CDUS43 KIND 260531
CLIMIE


CLIMATE REPORT
NATIONAL WEATHER SERVICE INDIANAPOLIS IN
130 AM EDT SAT MAY 26 2018


...................................

...THE MUNCIE IN CLIMATE SUMMARY FOR MAY 25 2018...

CLIMATE NORMAL PERIOD 1981 TO 2010
CLIMATE RECORD PERIOD 9999 TO 9999


WEATHER ITEM   OBSERVED TIME   NORMAL DEPARTURE LAST
                VALUE   (LST)  VALUE  FROM      YEAR
                                      NORMAL
......................................................
TEMPERATURE (F)
 YESTERDAY
  MAXIMUM         89    541 PM  75     14       63
  MINIMUM         56    506 AM  55      1       58
  AVERAGE         73            65      8       61

PRECIPITATION (IN)
  YESTERDAY        0.00          0.16  -0.16    MM
  MONTH TO DATE    0.54          3.47  -2.93     2.92
  SINCE MAR 1      8.25         10.09  -1.84    13.22
  SINCE JAN 1     13.64         14.63  -0.99    18.93

DEGREE DAYS
 HEATING
  YESTERDAY        0             3     -3        4
  MONTH TO DATE    8           150   -142      154
  SINCE MAR 1   1405          1359     46     1073
  SINCE JUL 1   5355          5742   -387     4361

 COOLING
  YESTERDAY        8             3      5        0
  MONTH TO DATE  135            46     89       55
  SINCE MAR 1    144            61     83       89
  SINCE JAN 1    148            61     87       89
......................................................


WIND (MPH)
  HIGHEST WIND SPEED    14   HIGHEST WIND DIRECTION    SW (240)
  HIGHEST GUST SPEED    18   HIGHEST GUST DIRECTION    SW (220)
  AVERAGE WIND SPEED     4.6


SKY COVER
  AVERAGE SKY COVER 0.0


WEATHER CONDITIONS
 THE FOLLOWING WEATHER WAS RECORDED YESTERDAY.
  NO SIGNIFICANT WEATHER WAS OBSERVED.


RELATIVE HUMIDITY (PERCENT)
 HIGHEST    86           400 AM
 LOWEST     26           500 PM
 AVERAGE    56

..........................................................


THE MUNCIE IN CLIMATE NORMALS FOR TODAY
                         NORMAL
 MAXIMUM TEMPERATURE (F)   75
 MINIMUM TEMPERATURE (F)   55


SUNRISE AND SUNSET
MAY 26 2018...........SUNRISE   617 AM EDT   SUNSET   900 PM EDT
MAY 27 2018...........SUNRISE   617 AM EDT   SUNSET   901 PM EDT


-  INDICATES NEGATIVE NUMBERS.
R  INDICATES RECORD WAS SET OR TIED.
MM INDICATES DATA IS MISSING.
T  INDICATES TRACE AMOUNT.




$$
