000
CDUS43 KMKX 220643
CLIMKE


CLIMATE REPORT
NATIONAL WEATHER SERVICE IN MILWAUKEE
140 AM CDT MON JUL 22 2019


...................................

...THE MILWAUKEE WI CLIMATE SUMMARY FOR JULY 21 2019...

CLIMATE NORMAL PERIOD 1981 TO 2010
CLIMATE RECORD PERIOD 1871 TO 2019


WEATHER ITEM   OBSERVED TIME   RECORD YEAR NORMAL DEPARTURE LAST
                VALUE   (LST)  VALUE       VALUE  FROM      YEAR
                                                  NORMAL
..................................................................
TEMPERATURE (F)
 YESTERDAY
  MAXIMUM         79    321 PM  99    1983  80     -1       77
  MINIMUM         66    949 PM  49    1970  64      2       67
                                      1950
  AVERAGE         73                        72      1       72

PRECIPITATION (IN)
  YESTERDAY        0.03          2.36 1907   0.11  -0.08     0.25
  MONTH TO DATE    3.17                      2.52   0.65     2.79
  SINCE JUN 1      7.59                      6.42   1.17     8.41
  SINCE JAN 1     24.88                     19.06   5.82    23.49

SNOWFALL (IN)
  YESTERDAY        0.0           0.0  2018   0.0    0.0      0.0
  MONTH TO DATE    0.0                       0.0    0.0      0.0
  SINCE JUN 1      0.0                       0.0    0.0      0.0
  SINCE JUL 1      0.0                       0.0    0.0      0.0
  SNOW DEPTH       0

DEGREE DAYS
 HEATING
  YESTERDAY        0                         0      0        0
  MONTH TO DATE    0                         4     -4        0
  SINCE JUN 1     89                        88      1       60
  SINCE JUL 1      0                         4     -4        0

 COOLING
  YESTERDAY        8                         7      1        7
  MONTH TO DATE  234                       146     88      219
  SINCE JUN 1    301                       266     35      337
  SINCE JAN 1    310                       296     14      436
..................................................................


WIND (MPH)
  HIGHEST WIND SPEED    16   HIGHEST WIND DIRECTION     N (20)
  HIGHEST GUST SPEED    21   HIGHEST GUST DIRECTION    NE (30)
  AVERAGE WIND SPEED     8.6


SKY COVER
  POSSIBLE SUNSHINE  MM
  AVERAGE SKY COVER 0.7


WEATHER CONDITIONS
 THE FOLLOWING WEATHER WAS RECORDED YESTERDAY.
  THUNDERSTORM


RELATIVE HUMIDITY (PERCENT)
 HIGHEST    93           200 AM
 LOWEST     39           300 PM
 AVERAGE    66

..........................................................


THE MILWAUKEE WI CLIMATE NORMALS FOR TODAY
                         NORMAL    RECORD    YEAR
 MAXIMUM TEMPERATURE (F)   80        97      1955
 MINIMUM TEMPERATURE (F)   64        47      1947


SUNRISE AND SUNSET
JULY 22 2019..........SUNRISE   532 AM CDT   SUNSET   823 PM CDT
JULY 23 2019..........SUNRISE   533 AM CDT   SUNSET   822 PM CDT


-  INDICATES NEGATIVE NUMBERS.
R  INDICATES RECORD WAS SET OR TIED.
MM INDICATES DATA IS MISSING.
T  INDICATES TRACE AMOUNT.




$$
