025
CDUS43 KGRR 200517
CLIMKG


CLIMATE REPORT
NATIONAL WEATHER SERVICE GRAND RAPIDS, MI
116 AM EDT SAT JUL 20 2019


...................................

...THE MUSKEGON MI CLIMATE SUMMARY FOR JULY 19 2019...

CLIMATE NORMAL PERIOD 1981 TO 2010
CLIMATE RECORD PERIOD 1896 TO 2019


WEATHER ITEM   OBSERVED TIME   RECORD YEAR NORMAL DEPARTURE LAST
                VALUE   (LST)  VALUE       VALUE  FROM      YEAR
                                                  NORMAL
..................................................................
TEMPERATURE (F)
 YESTERDAY
  MAXIMUM         89    406 PM  94    2011  81      8       87
  MINIMUM         76    848 AM  44    1912  62     14       54
  AVERAGE         83                        71     12       71

PRECIPITATION (IN)
  YESTERDAY        0.01          1.74 1950   0.07  -0.06     0.00
  MONTH TO DATE    2.21                      1.36   0.85     0.09
  SINCE JUN 1      5.31                      3.91   1.40     2.30
  SINCE JAN 1     24.19                     16.18   8.01    18.27

SNOWFALL (IN)
  YESTERDAY        0.0          MM      MM   0.0    0.0      0.0
  MONTH TO DATE    0.0                       0.0    0.0      0.0
  SINCE JUN 1      0.0                       0.0    0.0      0.0
  SINCE JUL 1      0.0                       0.0    0.0      0.0
  SNOW DEPTH       0

DEGREE DAYS
 HEATING
  YESTERDAY        0                         0      0        0
  MONTH TO DATE    1                         4     -3        0
  SINCE JUN 1     58                        70    -12       13
  SINCE JUL 1      1                         4     -3        0

 COOLING
  YESTERDAY       18                         7     11        6
  MONTH TO DATE  200                       124     76      189
  SINCE JUN 1    280                       229     51      350
  SINCE JAN 1    283                       258     25      429
..................................................................


WIND (MPH)
  RESULTANT WIND SPEED  10   RESULTANT WIND DIRECTION   S (200)
  HIGHEST WIND SPEED    23   HIGHEST WIND DIRECTION    SW (210)
  HIGHEST GUST SPEED    37   HIGHEST GUST DIRECTION     S (200)
  AVERAGE WIND SPEED    11.4


SKY COVER
  AVERAGE SKY COVER 0.7


WEATHER CONDITIONS
 THE FOLLOWING WEATHER WAS RECORDED YESTERDAY.
  LIGHT RAIN


RELATIVE HUMIDITY (PERCENT)
 HIGHEST    87          1200 AM
 LOWEST     55          1100 AM
 AVERAGE    71

..........................................................


THE MUSKEGON MI CLIMATE NORMALS FOR TODAY
                         NORMAL    RECORD    YEAR
 MAXIMUM TEMPERATURE (F)   81        92      2011
                                             1955
 MINIMUM TEMPERATURE (F)   62        44      1941


SUNRISE AND SUNSET
JULY 20 2019..........SUNRISE   623 AM EDT   SUNSET   919 PM EDT
JULY 21 2019..........SUNRISE   624 AM EDT   SUNSET   918 PM EDT


-  INDICATES NEGATIVE NUMBERS.
R  INDICATES RECORD WAS SET OR TIED.
MM INDICATES DATA IS MISSING.
T  INDICATES TRACE AMOUNT.




$$
