000
CDUS43 KGRR 222127
CLIMKG


CLIMATE REPORT
NATIONAL WEATHER SERVICE GRAND RAPIDS, MI
527 PM EDT MON APR 22 2019


...................................

...THE MUSKEGON MI CLIMATE SUMMARY FOR APRIL 22 2019...
VALID TODAY AS OF 0500 PM LOCAL TIME.

CLIMATE NORMAL PERIOD 1981 TO 2010
CLIMATE RECORD PERIOD 1896 TO 2019


WEATHER ITEM   OBSERVED TIME   RECORD YEAR NORMAL DEPARTURE LAST
                VALUE   (LST)  VALUE       VALUE  FROM      YEAR
                                                  NORMAL
..................................................................
TEMPERATURE (F)
 TODAY
  MAXIMUM         80    354 PM  84    1985  59     21       68
  MINIMUM         50    603 AM  22    1926  40     10       29
  AVERAGE         65                        49     16       49

PRECIPITATION (IN)
  TODAY            0.00          1.05 1999   0.09  -0.09     0.00
  MONTH TO DATE    2.35                      2.13   0.22     3.11
  SINCE MAR 1      5.54                      4.38   1.16     4.41
  SINCE JAN 1     11.71                      8.24   3.47    11.35

SNOWFALL (IN)
  TODAY            0.0           2.0  1967   0.0    0.0      0.0
  MONTH TO DATE    7.8                       2.2    5.6      7.5
  SINCE MAR 1     13.0                      11.2    1.8     13.6
  SINCE JUL 1     77.2                      93.6  -16.4    105.3
  SNOW DEPTH       0

DEGREE DAYS
 HEATING
  TODAY            0                        16    -16       16
  MONTH TO DATE  385                       440    -55      661
  SINCE MAR 1   1408                      1370     38     1613
  SINCE JUL 1   6179                      6102     77     6130

 COOLING
  TODAY            0                         0      0        0
  MONTH TO DATE    0                         0      0        0
  SINCE MAR 1      0                         0      0        0
  SINCE JAN 1      0                         0      0        0
..................................................................


WIND (MPH)
  RESULTANT WIND SPEED  12   RESULTANT WIND DIRECTION   S (160)
  HIGHEST WIND SPEED    28   HIGHEST WIND DIRECTION     S (200)
  HIGHEST GUST SPEED    40   HIGHEST GUST DIRECTION     S (190)
  AVERAGE WIND SPEED    12.5


SKY COVER
  AVERAGE SKY COVER 0.5


WEATHER CONDITIONS
 THE FOLLOWING WEATHER WAS RECORDED TODAY.
  NO SIGNIFICANT WEATHER WAS OBSERVED.


RELATIVE HUMIDITY (PERCENT)
 HIGHEST    66           600 AM
 LOWEST     28           200 PM
 AVERAGE    47

..........................................................


THE MUSKEGON MI CLIMATE NORMALS FOR TOMORROW
                         NORMAL    RECORD    YEAR
 MAXIMUM TEMPERATURE (F)   59        80      1985
 MINIMUM TEMPERATURE (F)   40        19      1986


SUNRISE AND SUNSET
APRIL 22 2019.........SUNRISE   652 AM EDT   SUNSET   836 PM EDT
APRIL 23 2019.........SUNRISE   651 AM EDT   SUNSET   837 PM EDT


-  INDICATES NEGATIVE NUMBERS.
R  INDICATES RECORD WAS SET OR TIED.
MM INDICATES DATA IS MISSING.
T  INDICATES TRACE AMOUNT.




$$
