000
CDUS44 KMEG 212146
CLIMKL


CLIMATE REPORT
NATIONAL WEATHER SERVICE MEMPHIS TN
445 PM CDT SUN APR 21 2019


...................................

...THE JACKSON CLIMATE SUMMARY FOR APRIL 21 2019...
VALID TODAY AS OF 0400 PM LOCAL TIME.

CLIMATE NORMAL PERIOD 1981 TO 2010
CLIMATE RECORD PERIOD 1948 TO 2019


WEATHER ITEM   OBSERVED TIME   RECORD YEAR NORMAL DEPARTURE LAST
                VALUE   (LST)  VALUE       VALUE  FROM      YEAR
                                                  NORMAL
..................................................................
TEMPERATURE (F)
 TODAY
  MAXIMUM         79    257 PM  95    1987  74      5       76
  MINIMUM         38    513 AM  31    1953  50    -12       47
  AVERAGE         59                        62     -3       62

PRECIPITATION (IN)
  TODAY            0.00          3.46 1951   0.17  -0.17     0.00
  MONTH TO DATE    6.93                      3.32   3.61     3.13
  SINCE MAR 1     10.29                      8.07   2.22     7.59
  SINCE JAN 1     25.07                     16.31   8.76    26.30

DEGREE DAYS
 HEATING
  TODAY            6                         5      1        3
  MONTH TO DATE  150                       160    -10      262
  SINCE MAR 1    696                       604     92      697
  SINCE JUL 1   3472                      3488    -16     3440

 COOLING
  TODAY            0                         2     -2        0
  MONTH TO DATE   17                        28    -11       14
  SINCE MAR 1     17                        38    -21       15
  SINCE JAN 1     19                        39    -20       33
..................................................................


WIND (MPH)
  HIGHEST WIND SPEED    12   HIGHEST WIND DIRECTION    SW (230)
  HIGHEST GUST SPEED    15   HIGHEST GUST DIRECTION    SW (230)
  AVERAGE WIND SPEED     2.4


SKY COVER
  POSSIBLE SUNSHINE  MM
  AVERAGE SKY COVER 0.0


WEATHER CONDITIONS
 THE FOLLOWING WEATHER WAS RECORDED TODAY.
  NO SIGNIFICANT WEATHER WAS OBSERVED.


RELATIVE HUMIDITY (PERCENT)
 HIGHEST   100           100 AM
 LOWEST     29           100 PM
 AVERAGE    65

..........................................................


THE JACKSON CLIMATE NORMALS FOR TOMORROW
                         NORMAL    RECORD    YEAR
 MAXIMUM TEMPERATURE (F)   74        89      1980
 MINIMUM TEMPERATURE (F)   50        32      1993


SUNRISE AND SUNSET
APRIL 21 2019.........SUNRISE   616 AM CDT   SUNSET   734 PM CDT
APRIL 22 2019.........SUNRISE   614 AM CDT   SUNSET   734 PM CDT


-  INDICATES NEGATIVE NUMBERS.
R  INDICATES RECORD WAS SET OR TIED.
MM INDICATES DATA IS MISSING.
T  INDICATES TRACE AMOUNT.




$$
