000
CDUS44 KMEG 160633
CLIMKL


CLIMATE REPORT
NATIONAL WEATHER SERVICE MEMPHIS TN
132 AM CDT SUN JUN 16 2019


...................................

...THE JACKSON CLIMATE SUMMARY FOR JUNE 15 2019...

CLIMATE NORMAL PERIOD 1981 TO 2010
CLIMATE RECORD PERIOD 1948 TO 2019


WEATHER ITEM   OBSERVED TIME   RECORD YEAR NORMAL DEPARTURE LAST
                VALUE   (LST)  VALUE       VALUE  FROM      YEAR
                                                  NORMAL
..................................................................
TEMPERATURE (F)
 YESTERDAY
  MAXIMUM         87    125 PM  99    1952  87      0       94
  MINIMUM         67    216 AM  54    1955  65      2       70
  AVERAGE         77                        76      1       82

PRECIPITATION (IN)
  YESTERDAY        0.00          2.66 1990   0.16  -0.16     0.00
  MONTH TO DATE    1.60                      2.60  -1.00     2.47
  SINCE JUN 1      1.60                      2.60  -1.00     2.47
  SINCE JAN 1     29.88                     26.14   3.74    37.27

DEGREE DAYS
 HEATING
  YESTERDAY        0                         0      0        0
  MONTH TO DATE    1                         0      1        0
  SINCE JUN 1      1                         0      1        0
  SINCE JUL 1   3516                      3572    -56     3497

 COOLING
  YESTERDAY       12                        11      1       17
  MONTH TO DATE  121                       146    -25      196
  SINCE JUN 1    121                       146    -25      196
  SINCE JAN 1    381                       361     20      555
..................................................................


WIND (MPH)
  HIGHEST WIND SPEED    22   HIGHEST WIND DIRECTION     S (200)
  HIGHEST GUST SPEED    28   HIGHEST GUST DIRECTION     S (200)
  AVERAGE WIND SPEED    10.1


SKY COVER
  POSSIBLE SUNSHINE  MM
  AVERAGE SKY COVER 0.2


WEATHER CONDITIONS
 THE FOLLOWING WEATHER WAS RECORDED YESTERDAY.
  NO SIGNIFICANT WEATHER WAS OBSERVED.


RELATIVE HUMIDITY (PERCENT)
 HIGHEST    84          1100 PM
 LOWEST     53           100 PM
 AVERAGE    69

..........................................................


THE JACKSON CLIMATE NORMALS FOR TODAY
                         NORMAL    RECORD    YEAR
 MAXIMUM TEMPERATURE (F)   88        98      1952
 MINIMUM TEMPERATURE (F)   66        54      1961


SUNRISE AND SUNSET
JUNE 16 2019..........SUNRISE   540 AM CDT   SUNSET   813 PM CDT
JUNE 17 2019..........SUNRISE   540 AM CDT   SUNSET   813 PM CDT


-  INDICATES NEGATIVE NUMBERS.
R  INDICATES RECORD WAS SET OR TIED.
MM INDICATES DATA IS MISSING.
T  INDICATES TRACE AMOUNT.




$$
