000
CDUS42 KMLB 162030
CLIMLB


CLIMATE REPORT
NATIONAL WEATHER SERVICE MELBOURNE FL
430 PM EDT TUE JUL 16 2019


...................................

...THE MELBOURNE CLIMATE SUMMARY FOR JULY 16 2019...
VALID TODAY AS OF 0400 PM LOCAL TIME.

CLIMATE NORMAL PERIOD 1981 TO 2010
CLIMATE RECORD PERIOD 1939 TO 2019


WEATHER ITEM   OBSERVED TIME   RECORD YEAR NORMAL DEPARTURE LAST
                VALUE   (LST)  VALUE       VALUE  FROM      YEAR
                                                  NORMAL
..................................................................
TEMPERATURE (F)
 TODAY
  MAXIMUM         92    154 PM  98    1981  91      1       94
  MINIMUM         79    608 AM  67    1965  73      6       79
  AVERAGE         86                        82      4       87

PRECIPITATION (IN)
  TODAY            0.00          1.95 2015   0.17  -0.17     0.00
  MONTH TO DATE    2.31                      3.00  -0.69     0.95
  SINCE JUN 1      8.83                      9.71  -0.88     8.29
  SINCE JAN 1     27.60                     23.21   4.39    23.13

SNOWFALL (IN)
  TODAY            0.0
  MONTH TO DATE    0.0
  SINCE JUL 1      0.0

DEGREE DAYS
 HEATING
  TODAY            0                         0      0        0
  MONTH TO DATE    0                         0      0        0
  SINCE JUN 1      0                         0      0        0
  SINCE JUL 1      0                         0      0        0

 COOLING
  TODAY           21                        17      4       22
  MONTH TO DATE  318                       261     57      300
  SINCE JUN 1    869                       723    146      828
  SINCE JAN 1   1981                      1449    532     1971
..................................................................


WIND (MPH)
  HIGHEST WIND SPEED    14   HIGHEST WIND DIRECTION     E (80)
  HIGHEST GUST SPEED    17   HIGHEST GUST DIRECTION     E (80)
  AVERAGE WIND SPEED     5.6


SKY COVER
  AVERAGE SKY COVER 0.2


WEATHER CONDITIONS
 THE FOLLOWING WEATHER WAS RECORDED TODAY.
  NO SIGNIFICANT WEATHER WAS OBSERVED.


RELATIVE HUMIDITY (PERCENT)
 HIGHEST    91           500 AM
 LOWEST     66           200 PM
 AVERAGE    79

..........................................................


THE MELBOURNE CLIMATE NORMALS FOR TOMORROW
                         NORMAL    RECORD    YEAR
 MAXIMUM TEMPERATURE (F)   91        99      1981
 MINIMUM TEMPERATURE (F)   73        69      1979
                                             1977
                                             1974


SUNRISE AND SUNSET
JULY 16 2019..........SUNRISE   636 AM EDT   SUNSET   821 PM EDT
JULY 17 2019..........SUNRISE   637 AM EDT   SUNSET   820 PM EDT


-  INDICATES NEGATIVE NUMBERS.
R  INDICATES RECORD WAS SET OR TIED.
MM INDICATES DATA IS MISSING.
T  INDICATES TRACE AMOUNT.




$$
