000
CDUS42 KMLB 240628
CLIMLB


CLIMATE REPORT
NATIONAL WEATHER SERVICE MELBOURNE FL
227 AM EDT WED APR 24 2019


...................................

...THE MELBOURNE CLIMATE SUMMARY FOR APRIL 23 2019...

CLIMATE NORMAL PERIOD 1981 TO 2010
CLIMATE RECORD PERIOD 1939 TO 2019


WEATHER ITEM   OBSERVED TIME   RECORD YEAR NORMAL DEPARTURE LAST
                VALUE   (LST)  VALUE       VALUE  FROM      YEAR
                                                  NORMAL
..................................................................
TEMPERATURE (F)
 YESTERDAY
  MAXIMUM         81   1223 PM  94    1971  82     -1       88
  MINIMUM         57    454 AM  43    1993  62     -5       72
  AVERAGE         69                        72     -3       80

PRECIPITATION (IN)
  YESTERDAY        0.00          1.36 1991   0.06  -0.06     0.73
  MONTH TO DATE    1.59                      1.67  -0.08     2.84
  SINCE MAR 1      4.66                      4.95  -0.29     3.29
  SINCE JAN 1     12.96                      9.75   3.21     6.46

SNOWFALL (IN)
  YESTERDAY        0.0
  MONTH TO DATE    0.0
  SINCE JUL 1      0.0

DEGREE DAYS
 HEATING
  YESTERDAY        0                         0      0        0
  MONTH TO DATE    0                        15    -15        2
  SINCE MAR 1     33                        86    -53       89
  SINCE JUL 1    332                       575   -243      342

 COOLING
  YESTERDAY        4                         7     -3       15
  MONTH TO DATE  211                       124     87      217
  SINCE MAR 1    361                       223    138      345
  SINCE JAN 1    592                       321    271      678
..................................................................


WIND (MPH)
  HIGHEST WIND SPEED    13   HIGHEST WIND DIRECTION     E (70)
  HIGHEST GUST SPEED    19   HIGHEST GUST DIRECTION    NE (50)
  AVERAGE WIND SPEED     7.2


SKY COVER
  AVERAGE SKY COVER 0.1


WEATHER CONDITIONS
 THE FOLLOWING WEATHER WAS RECORDED YESTERDAY.
  NO SIGNIFICANT WEATHER WAS OBSERVED.


RELATIVE HUMIDITY (PERCENT)
 HIGHEST    90           400 AM
 LOWEST     45           200 PM
 AVERAGE    68

..........................................................


THE MELBOURNE CLIMATE NORMALS FOR TODAY
                         NORMAL    RECORD    YEAR
 MAXIMUM TEMPERATURE (F)   82        92      2017
                                             1963
 MINIMUM TEMPERATURE (F)   62        47      2012


SUNRISE AND SUNSET
APRIL 24 2019.........SUNRISE   649 AM EDT   SUNSET   753 PM EDT
APRIL 25 2019.........SUNRISE   648 AM EDT   SUNSET   754 PM EDT


-  INDICATES NEGATIVE NUMBERS.
R  INDICATES RECORD WAS SET OR TIED.
MM INDICATES DATA IS MISSING.
T  INDICATES TRACE AMOUNT.




$$
