000
CDUS43 KDVN 232127
CLIMLI


CLIMATE REPORT
NATIONAL WEATHER SERVICE QUAD CITIES IA IL
426 PM CDT MON APR 23 2018


...................................

...THE MOLINE IL CLIMATE SUMMARY FOR APRIL 23 2018...
VALID TODAY AS OF 0400 PM LOCAL TIME.

CLIMATE NORMAL PERIOD 1981 TO 2010
CLIMATE RECORD PERIOD 1872 TO 2018


WEATHER ITEM   OBSERVED TIME   RECORD YEAR NORMAL DEPARTURE LAST
                VALUE   (LST)  VALUE       VALUE  FROM      YEAR
                                                  NORMAL
..................................................................
TEMPERATURE (F)
 TODAY
  MAXIMUM         75    239 PM  86    1960  65     10       74
  MINIMUM         41    524 AM  22    1910  43     -2       35
  AVERAGE         58                        54      4       55

PRECIPITATION (IN)
  TODAY            0.00          1.26 1989   0.12  -0.12     0.00
  MONTH TO DATE    0.95                      2.67  -1.72     3.20
  SINCE MAR 1      4.23                      5.53  -1.30     6.69
  SINCE JAN 1      8.06                      8.62  -0.56     9.10

SNOWFALL (IN)
  TODAY            0.0          MM      MM   0.0    0.0      0.0
  MONTH TO DATE    3.2                       0.9    2.3      0.0
  SINCE MAR 1     13.6                       4.9    8.7      5.9
  SINCE JUL 1     41.7                      31.6   10.1     22.4
  SNOW DEPTH       0

DEGREE DAYS
 HEATING
  TODAY            7                        11     -4       10
  MONTH TO DATE  580                       351    229      222
  SINCE MAR 1   1427                      1155    272      968
  SINCE JUL 1   6054                      5953    101     4771

 COOLING
  TODAY            0                         1     -1        0
  MONTH TO DATE    0                         7     -7       14
  SINCE MAR 1      0                         8     -8       14
  SINCE JAN 1      0                         8     -8       14
..................................................................


WIND (MPH)
  HIGHEST WIND SPEED    18   HIGHEST WIND DIRECTION     E (80)
  HIGHEST GUST SPEED    23   HIGHEST GUST DIRECTION     E (70)
  AVERAGE WIND SPEED    10.0


SKY COVER
  POSSIBLE SUNSHINE  MM
  AVERAGE SKY COVER 0.0


WEATHER CONDITIONS
 THE FOLLOWING WEATHER WAS RECORDED TODAY.
  NO SIGNIFICANT WEATHER WAS OBSERVED.


RELATIVE HUMIDITY (PERCENT)
 HIGHEST    53           100 AM
 LOWEST     23           200 PM
 AVERAGE    38

..........................................................


THE MOLINE IL CLIMATE NORMALS FOR TOMORROW
                         NORMAL    RECORD    YEAR
 MAXIMUM TEMPERATURE (F)   66        86      1939
 MINIMUM TEMPERATURE (F)   44        23      1956
                                             1910


SUNRISE AND SUNSET
APRIL 23 2018.........SUNRISE   610 AM CDT   SUNSET   751 PM CDT
APRIL 24 2018.........SUNRISE   609 AM CDT   SUNSET   752 PM CDT


-  INDICATES NEGATIVE NUMBERS.
R  INDICATES RECORD WAS SET OR TIED.
MM INDICATES DATA IS MISSING.
T  INDICATES TRACE AMOUNT.




$$
