000
CDUS43 KDVN 232124
CLIMLI


CLIMATE REPORT
NATIONAL WEATHER SERVICE QUAD CITIES IA IL
423 PM CDT TUE APR 23 2019


...................................

...THE MOLINE IL CLIMATE SUMMARY FOR APRIL 23 2019...
VALID TODAY AS OF 0400 PM LOCAL TIME.

CLIMATE NORMAL PERIOD 1981 TO 2010
CLIMATE RECORD PERIOD 1872 TO 2019


WEATHER ITEM   OBSERVED TIME   RECORD YEAR NORMAL DEPARTURE LAST
                VALUE   (LST)  VALUE       VALUE  FROM      YEAR
                                                  NORMAL
..................................................................
TEMPERATURE (F)
 TODAY
  MAXIMUM         64    257 PM  86    1960  65     -1       75
  MINIMUM         51   1029 AM  22    1910  43      8       41
  AVERAGE         58                        54      4       58

PRECIPITATION (IN)
  TODAY            0.00          1.26 1989   0.12  -0.12     0.00
  MONTH TO DATE    2.15                      2.67  -0.52     0.95
  SINCE MAR 1      4.28                      5.53  -1.25     4.23
  SINCE JAN 1     10.96                      8.62   2.34     8.06

SNOWFALL (IN)
  TODAY            0.0          MM      MM   0.0    0.0      0.0
  MONTH TO DATE    0.0                       0.9   -0.9      3.2
  SINCE MAR 1      2.1                       4.9   -2.8     13.6
  SINCE JUL 1     60.8                      31.6   29.2     41.7
  SNOW DEPTH       0

DEGREE DAYS
 HEATING
  TODAY            7                        11     -4        7
  MONTH TO DATE  293                       351    -58      580
  SINCE MAR 1   1158                      1155      3     1427
  SINCE JUL 1   6105                      5953    152     6054

 COOLING
  TODAY            0                         1     -1        0
  MONTH TO DATE    7                         7      0        0
  SINCE MAR 1      7                         8     -1        0
  SINCE JAN 1      7                         8     -1        0
..................................................................


WIND (MPH)
  HIGHEST WIND SPEED    22   HIGHEST WIND DIRECTION     W (280)
  HIGHEST GUST SPEED    31   HIGHEST GUST DIRECTION     W (280)
  AVERAGE WIND SPEED    11.2


SKY COVER
  POSSIBLE SUNSHINE  MM
  AVERAGE SKY COVER 0.8


WEATHER CONDITIONS
 THE FOLLOWING WEATHER WAS RECORDED TODAY.
  FOG


RELATIVE HUMIDITY (PERCENT)
 HIGHEST    89           400 AM
 LOWEST     48           300 PM
 AVERAGE    69

..........................................................


THE MOLINE IL CLIMATE NORMALS FOR TOMORROW
                         NORMAL    RECORD    YEAR
 MAXIMUM TEMPERATURE (F)   66        86      1939
 MINIMUM TEMPERATURE (F)   44        23      1956
                                             1910


SUNRISE AND SUNSET
APRIL 23 2019.........SUNRISE   611 AM CDT   SUNSET   751 PM CDT
APRIL 24 2019.........SUNRISE   609 AM CDT   SUNSET   752 PM CDT


-  INDICATES NEGATIVE NUMBERS.
R  INDICATES RECORD WAS SET OR TIED.
MM INDICATES DATA IS MISSING.
T  INDICATES TRACE AMOUNT.




$$
