000
CDUS45 KBYZ 170721
CLIMLS


CLIMATE REPORT
NATIONAL WEATHER SERVICE BILLINGS MT
121 AM MDT MON JUN 17 2019


...................................

...THE MILES CITY MT CLIMATE SUMMARY FOR JUNE 16 2019...

CLIMATE NORMAL PERIOD 1981 TO 2010
CLIMATE RECORD PERIOD 1937 TO 2019


WEATHER ITEM   OBSERVED TIME   RECORD YEAR NORMAL DEPARTURE LAST
                VALUE   (LST)  VALUE       VALUE  FROM      YEAR
                                                  NORMAL
..................................................................
TEMPERATURE (F)
 YESTERDAY
  MAXIMUM         77    252 PM  94    1995  79     -2       58
  MINIMUM         51    419 AM  41    1945  53     -2       53
  AVERAGE         64                        66     -2       56

PRECIPITATION (IN)
  YESTERDAY        T             1.03 1957   0.09  -0.09     0.85
  MONTH TO DATE    0.42                      1.44  -1.02     1.81
  SINCE OCT 1      8.09                      7.74   0.35    11.69
  SINCE JAN 1      5.99                      6.14  -0.15    10.50

DEGREE DAYS
 HEATING
  YESTERDAY        1                         3     -2        9
  MONTH TO DATE   49                        66    -17       40
  SINCE JUN 1     49                        66    -17       40
  SINCE JUL 1   8338                      7615    723     8357

 COOLING
  YESTERDAY        0                         3     -3        0
  MONTH TO DATE   32                        38     -6       44
  SINCE JUN 1     32                        38     -6       44
  SINCE JAN 1     35                        58    -23       81
..................................................................


WIND (MPH)
  HIGHEST WIND SPEED    22   HIGHEST WIND DIRECTION    NW (320)
  HIGHEST GUST SPEED    25   HIGHEST GUST DIRECTION    NW (310)
  AVERAGE WIND SPEED     5.9


SKY COVER
  POSSIBLE SUNSHINE  MM
  AVERAGE SKY COVER 0.3


WEATHER CONDITIONS
 THE FOLLOWING WEATHER WAS RECORDED YESTERDAY.
  LIGHT RAIN


RELATIVE HUMIDITY (PERCENT)
 HIGHEST    93          1000 PM
 LOWEST     36           300 PM
 AVERAGE    65

..........................................................


THE MILES CITY MT CLIMATE NORMALS FOR TODAY
                         NORMAL    RECORD    YEAR
 MAXIMUM TEMPERATURE (F)   79       102      1988
 MINIMUM TEMPERATURE (F)   53        41      2004


SUNRISE AND SUNSET
JUNE 17 2019..........SUNRISE   510 AM MDT   SUNSET   859 PM MDT
JUNE 18 2019..........SUNRISE   510 AM MDT   SUNSET   859 PM MDT


-  INDICATES NEGATIVE NUMBERS.
R  INDICATES RECORD WAS SET OR TIED.
MM INDICATES DATA IS MISSING.
T  INDICATES TRACE AMOUNT.




$$
