000
CDUS45 KBYZ 182222
CLIMLS


CLIMATE REPORT
NATIONAL WEATHER SERVICE BILLINGS MT
422 PM MDT THU APR 18 2019


...................................

...THE MILES CITY MT CLIMATE SUMMARY FOR APRIL 18 2019...
VALID TODAY AS OF 0400 PM LOCAL TIME.

CLIMATE NORMAL PERIOD 1981 TO 2010
CLIMATE RECORD PERIOD 1937 TO 2019


WEATHER ITEM   OBSERVED TIME   RECORD YEAR NORMAL DEPARTURE LAST
                VALUE   (LST)  VALUE       VALUE  FROM      YEAR
                                                  NORMAL
..................................................................
TEMPERATURE (F)
 TODAY
  MAXIMUM         65    159 PM  83    1980  60      5       59
  MINIMUM         41    612 AM  15    1953  34      7       31
  AVERAGE         53                        47      6       45

PRECIPITATION (IN)
  TODAY            T             1.51 1993   0.04  -0.04      T
  MONTH TO DATE    0.51                      0.70  -0.19     1.72
  SINCE OCT 1      3.20                      3.45  -0.25     4.32
  SINCE JAN 1      1.10                      1.85  -0.75     3.13

DEGREE DAYS
 HEATING
  TODAY           12                        18     -6       20
  MONTH TO DATE  342                       379    -37      557
  SINCE MAR 1   1588                      1320    268     1743
  SINCE JUL 1   7639                      7054    585     8009

 COOLING
  TODAY            0                         0      0        0
  MONTH TO DATE    0                         0      0        0
  SINCE MAR 1      0                         0      0        0
  SINCE JAN 1      0                         0      0        0
..................................................................


WIND (MPH)
  HIGHEST WIND SPEED    25   HIGHEST WIND DIRECTION    NW (320)
  HIGHEST GUST SPEED    35   HIGHEST GUST DIRECTION    NW (330)
  AVERAGE WIND SPEED    15.2


SKY COVER
  POSSIBLE SUNSHINE  MM
  AVERAGE SKY COVER 0.1


WEATHER CONDITIONS
 THE FOLLOWING WEATHER WAS RECORDED TODAY.
  NO SIGNIFICANT WEATHER WAS OBSERVED.


RELATIVE HUMIDITY (PERCENT)
 HIGHEST    86           100 AM
 LOWEST     24           200 PM
 AVERAGE    55

..........................................................


THE MILES CITY MT CLIMATE NORMALS FOR TOMORROW
                         NORMAL    RECORD    YEAR
 MAXIMUM TEMPERATURE (F)   60        86      1962
 MINIMUM TEMPERATURE (F)   34        12      1951


SUNRISE AND SUNSET
APRIL 18 2019.........SUNRISE   612 AM MDT   SUNSET   755 PM MDT
APRIL 19 2019.........SUNRISE   610 AM MDT   SUNSET   756 PM MDT


-  INDICATES NEGATIVE NUMBERS.
R  INDICATES RECORD WAS SET OR TIED.
MM INDICATES DATA IS MISSING.
T  INDICATES TRACE AMOUNT.




$$
