400
CDUS41 KCAR 190547
CLIMLT


CLIMATE REPORT
NATIONAL WEATHER SERVICE CARIBOU, ME
146 AM EDT FRI APR 19 2019


...................................

...THE MILLINOCKET ME CLIMATE SUMMARY FOR APRIL 18 2019...

CLIMATE NORMAL PERIOD 1981 TO 2010
CLIMATE RECORD PERIOD 1903 TO 2019


WEATHER ITEM   OBSERVED TIME   RECORD YEAR NORMAL DEPARTURE LAST
                VALUE   (LST)  VALUE       VALUE  FROM      YEAR
                                                  NORMAL
..................................................................
TEMPERATURE (F)
 YESTERDAY
  MAXIMUM         52   1135 AM  75    1927  52      0       44
  MINIMUM         25    523 AM  13    2003  32     -7       34
  AVERAGE         39                        42     -3       39

PRECIPITATION (IN)
  YESTERDAY        0.09          2.28 1983   0.11  -0.02      T
  MONTH TO DATE    2.37                      2.26   0.11     2.14
  SINCE MAR 1      4.83                      5.32  -0.49     3.86
  SINCE JAN 1      9.64                     10.43  -0.79     9.73

SNOWFALL (IN)
  YESTERDAY       MM            MM      MM  MM     MM       MM
  MONTH TO DATE   MM                        MM     MM       MM
  SINCE MAR 1     MM                        MM     MM       MM
  SINCE JUL 1     MM                        MM     MM       MM
  SNOW DEPTH      MM

DEGREE DAYS
 HEATING
  YESTERDAY       26                        23      3       26
  MONTH TO DATE  501                       486     15      586
  SINCE MAR 1   1723                      1633     90     1656
  SINCE JUL 1   8037                      7685    352     7400

 COOLING
  YESTERDAY        0                         0      0        0
  MONTH TO DATE    0                         0      0        0
  SINCE MAR 1      0                         0      0        0
  SINCE JAN 1      0                         0      0        0
..................................................................


WIND (MPH)
  HIGHEST WIND SPEED    15   HIGHEST WIND DIRECTION     S (160)
  HIGHEST GUST SPEED    26   HIGHEST GUST DIRECTION     S (180)
  AVERAGE WIND SPEED     4.3


SKY COVER
  POSSIBLE SUNSHINE  MM
  AVERAGE SKY COVER 0.5


WEATHER CONDITIONS
 THE FOLLOWING WEATHER WAS RECORDED YESTERDAY.
  LIGHT RAIN
  FOG


RELATIVE HUMIDITY (PERCENT)
 HIGHEST    92          1000 PM
 LOWEST     33          1000 AM
 AVERAGE    63

..........................................................


THE MILLINOCKET ME CLIMATE NORMALS FOR TODAY
                         NORMAL    RECORD    YEAR
 MAXIMUM TEMPERATURE (F)   53        81      1927
 MINIMUM TEMPERATURE (F)   33        17      1925


SUNRISE AND SUNSET
APRIL 19 2019.........SUNRISE   543 AM EDT   SUNSET   726 PM EDT
APRIL 20 2019.........SUNRISE   541 AM EDT   SUNSET   727 PM EDT


-  INDICATES NEGATIVE NUMBERS.
R  INDICATES RECORD WAS SET OR TIED.
MM INDICATES DATA IS MISSING.
T  INDICATES TRACE AMOUNT.




$$
