000
CDUS41 KCAR 200547
CLIMLT


CLIMATE REPORT
NATIONAL WEATHER SERVICE CARIBOU, ME
146 AM EDT THU JUN 20 2019


...................................

...THE MILLINOCKET ME CLIMATE SUMMARY FOR JUNE 19 2019...

CLIMATE NORMAL PERIOD 1981 TO 2010
CLIMATE RECORD PERIOD 1903 TO 2019


WEATHER ITEM   OBSERVED TIME   RECORD YEAR NORMAL DEPARTURE LAST
                VALUE   (LST)  VALUE       VALUE  FROM      YEAR
                                                  NORMAL
..................................................................
TEMPERATURE (F)
 YESTERDAY
  MAXIMUM         81    250 PM  95    1923  75      6       75
  MINIMUM         51    401 AM  31    1918  54     -3       58
  AVERAGE         66                        64      2       67

PRECIPITATION (IN)
  YESTERDAY        T             1.46 2017   0.14  -0.14      T
  MONTH TO DATE    1.90                      2.59  -0.69     0.94
  SINCE JUN 1      1.90                      2.59  -0.69     0.94
  SINCE JAN 1     18.39                     17.66   0.73    14.76

SNOWFALL (IN)
  YESTERDAY       MM            MM      MM  MM     MM       MM
  MONTH TO DATE   MM                        MM     MM       MM
  SINCE JUN 1     MM                        MM     MM       MM
  SINCE JUL 1     MM                        MM     MM       MM
  SNOW DEPTH      MM

DEGREE DAYS
 HEATING
  YESTERDAY        0                         3     -3        0
  MONTH TO DATE   77                        96    -19      121
  SINCE JUN 1     77                        96    -19      121
  SINCE JUL 1   8821                      8386    435     8033

 COOLING
  YESTERDAY        1                         2     -1        2
  MONTH TO DATE    4                        23    -19       23
  SINCE JUN 1      4                        23    -19       23
  SINCE JAN 1      4                        29    -25       32
..................................................................


WIND (MPH)
  HIGHEST WIND SPEED    10   HIGHEST WIND DIRECTION     S (170)
  HIGHEST GUST SPEED    17   HIGHEST GUST DIRECTION     S (190)
  AVERAGE WIND SPEED     3.2


SKY COVER
  POSSIBLE SUNSHINE  MM
  AVERAGE SKY COVER 0.3


WEATHER CONDITIONS
 THE FOLLOWING WEATHER WAS RECORDED YESTERDAY.
  LIGHT RAIN


RELATIVE HUMIDITY (PERCENT)
 HIGHEST    89           200 AM
 LOWEST     39          1100 AM
 AVERAGE    64

..........................................................


THE MILLINOCKET ME CLIMATE NORMALS FOR TODAY
                         NORMAL    RECORD    YEAR
 MAXIMUM TEMPERATURE (F)   75        95      1995
 MINIMUM TEMPERATURE (F)   54        32      1926


SUNRISE AND SUNSET
JUNE 20 2019..........SUNRISE   445 AM EDT   SUNSET   827 PM EDT
JUNE 21 2019..........SUNRISE   445 AM EDT   SUNSET   828 PM EDT


-  INDICATES NEGATIVE NUMBERS.
R  INDICATES RECORD WAS SET OR TIED.
MM INDICATES DATA IS MISSING.
T  INDICATES TRACE AMOUNT.




$$
