533
CDUS44 KSHV 260743
CLIMLU


CLIMATE REPORT
NATIONAL WEATHER SERVICE SHREVEPORT, LA
243 AM CDT FRI APR 26 2019


...................................

...THE MONROE CLIMATE SUMMARY FOR APRIL 25 2019...

CLIMATE NORMAL PERIOD 1981 TO 2010
CLIMATE RECORD PERIOD 1893 TO 2019


WEATHER ITEM   OBSERVED TIME   RECORD YEAR NORMAL DEPARTURE LAST
                VALUE   (LST)  VALUE       VALUE  FROM      YEAR
                                                  NORMAL
..................................................................
TEMPERATURE (F)
 YESTERDAY
  MAXIMUM         79    237 PM  90    1989  80     -1       82
  MINIMUM         61   1158 PM  35    1910  56      5       52
  AVERAGE         70                        68      2       67

PRECIPITATION (IN)
  YESTERDAY        0.48          1.52 1905   0.16   0.32     0.13
  MONTH TO DATE   11.48                      3.76   7.72     3.96
  SINCE DEC 1     39.14                     23.41  15.73    26.45
  SINCE JAN 1     28.11                     18.12   9.99    22.93

SNOWFALL (IN)
  YESTERDAY        0.0
  MONTH TO DATE    0.0
  SINCE MAR 1      0.0
  SINCE JUL 1      0.4
  SNOW DEPTH       0

DEGREE DAYS
 HEATING
  YESTERDAY        0                         1     -1        0
  MONTH TO DATE   89                        76     13      130
  SINCE MAR 1    377                       326     51      302
  SINCE JUL 1   2150                      2220    -70     2083

 COOLING
  YESTERDAY        5                         5      0        2
  MONTH TO DATE   41                        77    -36       40
  SINCE MAR 1     57                       109    -52       91
  SINCE JAN 1     73                       120    -47      128
..................................................................


WIND (MPH)
  HIGHEST WIND SPEED    29   HIGHEST WIND DIRECTION     W (260)
  HIGHEST GUST SPEED    38   HIGHEST GUST DIRECTION     W (270)
  AVERAGE WIND SPEED     8.1


SKY COVER
  POSSIBLE SUNSHINE  MM
  AVERAGE SKY COVER 0.8


WEATHER CONDITIONS
 THE FOLLOWING WEATHER WAS RECORDED YESTERDAY.
  THUNDERSTORM
  HEAVY RAIN
  RAIN
  LIGHT RAIN
  FOG


RELATIVE HUMIDITY (PERCENT)
 HIGHEST   100           800 AM
 LOWEST     56           200 PM
 AVERAGE    78

..........................................................


THE MONROE CLIMATE NORMALS FOR TODAY
                         NORMAL    RECORD    YEAR
 MAXIMUM TEMPERATURE (F)   81        91      1989
 MINIMUM TEMPERATURE (F)   57        38      1910


SUNRISE AND SUNSET
APRIL 26 2019.........SUNRISE   627 AM CDT   SUNSET   746 PM CDT
APRIL 27 2019.........SUNRISE   626 AM CDT   SUNSET   746 PM CDT


-  INDICATES NEGATIVE NUMBERS.
R  INDICATES RECORD WAS SET OR TIED.
MM INDICATES DATA IS MISSING.
T  INDICATES TRACE AMOUNT.




$$
