067
CDUS46 KPQR 260221
CLIMMV


CLIMATE REPORT
NATIONAL WEATHER SERVICE PORTLAND OREGON
720 PM PDT THU APR 25 2019


...................................

...THE MCMINNVILLE OR CLIMATE SUMMARY FOR APRIL 25 2019...
VALID TODAY AS OF 0700 PM LOCAL TIME.

CLIMATE NORMAL PERIOD 1981 TO 2010
CLIMATE RECORD PERIOD 1894 TO 2019


WEATHER ITEM   OBSERVED TIME   RECORD YEAR NORMAL DEPARTURE LAST
                VALUE   (LST)  VALUE       VALUE  FROM      YEAR
                                                  NORMAL
..................................................................
TEMPERATURE (F)
 TODAY
  MAXIMUM         72    352 PM  84    2018  63      9       84
  MINIMUM         41    622 AM  29    1955  40      1       45
  AVERAGE         57                        52      5       65

PRECIPITATION (IN)
  TODAY            0.00                      0.09  -0.09     0.00
  MONTH TO DATE    4.01                      2.55   1.46     4.63
  SINCE OCT 1     26.95                     33.15  -6.20    31.22
  SINCE JAN 1     14.72                     17.12  -2.40    15.68

DEGREE DAYS
 HEATING
  TODAY            8                                         0
  MONTH TO DATE  322                                       366
  SINCE MAR 1    922                                       986
  SINCE JUL 1   4178                                      3943

 COOLING
  TODAY            0                                         0
  MONTH TO DATE    0                                         0
  SINCE MAR 1      0                                         0
  SINCE JAN 1      0                                         0
..................................................................


WIND (MPH)
  HIGHEST WIND SPEED    10   HIGHEST WIND DIRECTION    SW (220)
  HIGHEST GUST SPEED    13   HIGHEST GUST DIRECTION    SW (220)
  AVERAGE WIND SPEED     3.7


SKY COVER
  POSSIBLE SUNSHINE  MM
  AVERAGE SKY COVER 0.0


WEATHER CONDITIONS
 THE FOLLOWING WEATHER WAS RECORDED TODAY.
  NO SIGNIFICANT WEATHER WAS OBSERVED.


RELATIVE HUMIDITY (PERCENT)
 HIGHEST    82           700 AM
 LOWEST     39           100 PM
 AVERAGE    61

..........................................................


THE MCMINNVILLE OR CLIMATE NORMALS FOR TOMORROW
                         NORMAL    RECORD    YEAR
 MAXIMUM TEMPERATURE (F)   63        95      1926
 MINIMUM TEMPERATURE (F)   40        28      1984


SUNRISE AND SUNSET
APRIL 25 2019.........SUNRISE   511 AM PST   SUNSET   711 PM PST
APRIL 26 2019.........SUNRISE   509 AM PST   SUNSET   712 PM PST


-  INDICATES NEGATIVE NUMBERS.
R  INDICATES RECORD WAS SET OR TIED.
MM INDICATES DATA IS MISSING.
T  INDICATES TRACE AMOUNT.




$$
