000
CDUS46 KPQR 161142
CLIMMV


CLIMATE REPORT
NATIONAL WEATHER SERVICE PORTLAND OREGON
441 AM PDT WED OCT 16 2019


...................................

...THE MCMINNVILLE OR CLIMATE SUMMARY FOR OCTOBER 15 2019...

CLIMATE NORMAL PERIOD 1981 TO 2010
CLIMATE RECORD PERIOD 1894 TO 2019


WEATHER ITEM   OBSERVED TIME   RECORD YEAR NORMAL DEPARTURE LAST
                VALUE   (LST)  VALUE       VALUE  FROM      YEAR
                                                  NORMAL
..................................................................
TEMPERATURE (F)
 YESTERDAY
  MAXIMUM         60    158 PM  89    1931  63     -3       78
  MINIMUM         35    614 AM  27    1999  41     -6       46
                                      1897
  AVERAGE         48                        52     -4       62

PRECIPITATION (IN)
  YESTERDAY        T             1.06 1947   0.09  -0.09     0.00
  MONTH TO DATE    0.67                      1.19  -0.52     0.47
  SINCE OCT 1      0.67                      1.19  -0.52     0.47
  SINCE JAN 1     20.62                     24.90  -4.28    19.07

DEGREE DAYS
 HEATING
  YESTERDAY       17                        13      4        3
  MONTH TO DATE  218                       160     58      142
  SINCE JUL 1    356                       376    -20      338

 COOLING
  YESTERDAY        0                         0      0        0
  MONTH TO DATE    0                         0      0        0
  SINCE JAN 1    282                       214     68      319
..................................................................


WIND (MPH)
  HIGHEST WIND SPEED     9   HIGHEST WIND DIRECTION    NW (320)
  HIGHEST GUST SPEED    11   HIGHEST GUST DIRECTION    NW (320)
  AVERAGE WIND SPEED     2.1


SKY COVER
  POSSIBLE SUNSHINE  MM
  AVERAGE SKY COVER 0.3


WEATHER CONDITIONS
 THE FOLLOWING WEATHER WAS RECORDED YESTERDAY.
  LIGHT RAIN
  FOG
  HAZE


RELATIVE HUMIDITY (PERCENT)
 HIGHEST    93           900 AM
 LOWEST     60           200 PM
 AVERAGE    77

..........................................................


THE MCMINNVILLE OR CLIMATE NORMALS FOR TODAY
                         NORMAL    RECORD    YEAR
 MAXIMUM TEMPERATURE (F)   62        88      1936
 MINIMUM TEMPERATURE (F)   41        27      1946


SUNRISE AND SUNSET
OCTOBER 16 2019.......SUNRISE   630 AM PST   SUNSET   526 PM PST
OCTOBER 17 2019.......SUNRISE   631 AM PST   SUNSET   524 PM PST


-  INDICATES NEGATIVE NUMBERS.
R  INDICATES RECORD WAS SET OR TIED.
MM INDICATES DATA IS MISSING.
T  INDICATES TRACE AMOUNT.




$$
