000
CDUS46 KPQR 151145
CLIMMV


CLIMATE REPORT
NATIONAL WEATHER SERVICE PORTLAND OREGON
444 AM PDT SAT JUN 15 2019


...................................

...THE MCMINNVILLE OR CLIMATE SUMMARY FOR JUNE 14 2019...

CLIMATE NORMAL PERIOD 1981 TO 2010
CLIMATE RECORD PERIOD 1894 TO 2019


WEATHER ITEM   OBSERVED TIME   RECORD YEAR NORMAL DEPARTURE LAST
                VALUE   (LST)  VALUE       VALUE  FROM      YEAR
                                                  NORMAL
..................................................................
TEMPERATURE (F)
 YESTERDAY
  MAXIMUM         77    519 PM  93    1986  72      5       67
  MINIMUM         46    422 AM  37    1973  47     -1       47
                                      1902
  AVERAGE         62                        59      3       57

PRECIPITATION (IN)
  YESTERDAY        0.00          0.60 1952   0.06  -0.06     0.00
  MONTH TO DATE    T                         0.80  -0.80     0.91
  SINCE OCT 1     28.36                     36.55  -8.19    32.66
  SINCE JAN 1     16.13                     20.52  -4.39    17.12

DEGREE DAYS
 HEATING
  YESTERDAY        3                         6     -3        8
  MONTH TO DATE   50                        96    -46       98
  SINCE JUL 1   4494                      4798   -304     4303

 COOLING
  YESTERDAY        0                         0      0        0
  MONTH TO DATE   29                         0     29        0
  SINCE JAN 1     32                         6     26        2
..................................................................


WIND (MPH)
  HIGHEST WIND SPEED    10   HIGHEST WIND DIRECTION     N (10)
  HIGHEST GUST SPEED    13   HIGHEST GUST DIRECTION     N (10)
  AVERAGE WIND SPEED     3.8


SKY COVER
  POSSIBLE SUNSHINE  MM
  AVERAGE SKY COVER 0.1


WEATHER CONDITIONS
 THE FOLLOWING WEATHER WAS RECORDED YESTERDAY.
  NO SIGNIFICANT WEATHER WAS OBSERVED.


RELATIVE HUMIDITY (PERCENT)
 HIGHEST   100           400 AM
 LOWEST     43           300 PM
 AVERAGE    72

..........................................................


THE MCMINNVILLE OR CLIMATE NORMALS FOR TODAY
                         NORMAL    RECORD    YEAR
 MAXIMUM TEMPERATURE (F)   72        96      1961
 MINIMUM TEMPERATURE (F)   47        35      1908


SUNRISE AND SUNSET
JUNE 15 2019..........SUNRISE   424 AM PST   SUNSET   802 PM PST
JUNE 16 2019..........SUNRISE   424 AM PST   SUNSET   802 PM PST


-  INDICATES NEGATIVE NUMBERS.
R  INDICATES RECORD WAS SET OR TIED.
MM INDICATES DATA IS MISSING.
T  INDICATES TRACE AMOUNT.




$$
