000
CDUS44 KMOB 190634
CLIMOB


CLIMATE REPORT
NATIONAL WEATHER SERVICE MOBILE AL
133 AM CDT FRI APR 19 2019


...................................

...THE MOBILE CLIMATE SUMMARY FOR APRIL 18 2019...

CLIMATE NORMAL PERIOD 1981 TO 2010
CLIMATE RECORD PERIOD 1842 TO 2019


WEATHER ITEM   OBSERVED TIME   RECORD YEAR NORMAL DEPARTURE LAST
                VALUE   (LST)  VALUE       VALUE  FROM      YEAR
                                                  NORMAL
..................................................................
TEMPERATURE (F)
 YESTERDAY
  MAXIMUM         81   1243 PM  90    2006  78      3       82
  MINIMUM         66    629 PM  40    1999  56     10       55
                                      1997
                                      1921
  AVERAGE         74                        67      7       69

PRECIPITATION (IN)
  YESTERDAY        1.36          3.52 1901   0.15   1.21     0.00
  MONTH TO DATE    5.21                      2.99   2.22     2.60
  SINCE MAR 1      6.83                      9.13  -2.30     6.31
  SINCE JAN 1     16.32                     19.90  -3.58    15.89

DEGREE DAYS
 HEATING
  YESTERDAY        0                         2     -2        0
  MONTH TO DATE   39                        50    -11       65
  SINCE MAR 1    225                       239    -14      223
  SINCE JUL 1   1355                      1681   -326     1480

 COOLING
  YESTERDAY        9                         4      5        4
  MONTH TO DATE   83                        48     35       38
  SINCE MAR 1    133                        87     46       93
  SINCE JAN 1    205                       103    102      200
..................................................................


WIND (MPH)
  HIGHEST WIND SPEED    37   HIGHEST WIND DIRECTION    SW (210)
  HIGHEST GUST SPEED    55   HIGHEST GUST DIRECTION    SW (210)
  AVERAGE WIND SPEED    15.6


SKY COVER
  POSSIBLE SUNSHINE  MM
  AVERAGE SKY COVER 0.8


WEATHER CONDITIONS
 THE FOLLOWING WEATHER WAS RECORDED YESTERDAY.
  THUNDERSTORM
  HEAVY RAIN
  LIGHT RAIN
  FOG


RELATIVE HUMIDITY (PERCENT)
 HIGHEST    97          1200 AM
 LOWEST     67          1000 AM
 AVERAGE    82

..........................................................


THE MOBILE CLIMATE NORMALS FOR TODAY
                         NORMAL    RECORD    YEAR
 MAXIMUM TEMPERATURE (F)   78        88      1908
 MINIMUM TEMPERATURE (F)   56        37      1983


SUNRISE AND SUNSET
APRIL 19 2019.........SUNRISE   621 AM CDT   SUNSET   723 PM CDT
APRIL 20 2019.........SUNRISE   620 AM CDT   SUNSET   724 PM CDT


-  INDICATES NEGATIVE NUMBERS.
R  INDICATES RECORD WAS SET OR TIED.
MM INDICATES DATA IS MISSING.
T  INDICATES TRACE AMOUNT.




$$
