000
CDUS44 KMOB 240645
CLIMOB


CLIMATE REPORT
NATIONAL WEATHER SERVICE MOBILE AL
145 AM CDT SUN JUN 24 2018


...................................

...THE MOBILE CLIMATE SUMMARY FOR JUNE 23 2018...

CLIMATE NORMAL PERIOD 1981 TO 2010
CLIMATE RECORD PERIOD 1842 TO 2018


WEATHER ITEM   OBSERVED TIME   RECORD YEAR NORMAL DEPARTURE LAST
                VALUE   (LST)  VALUE       VALUE  FROM      YEAR
                                                  NORMAL
..................................................................
TEMPERATURE (F)
 YESTERDAY
  MAXIMUM         93    319 PM 101    2009  90      3       87
  MINIMUM         76    516 AM  64    1902  72      4       79
  AVERAGE         85                        81      4       83

PRECIPITATION (IN)
  YESTERDAY        0.00          1.20 1880   0.23  -0.23      T
  MONTH TO DATE    6.38                      4.52   1.86    11.81
  SINCE MAR 1     19.03                     20.59  -1.56    31.59
  SINCE JAN 1     28.61                     31.36  -2.75    43.80

DEGREE DAYS
 COOLING
  YESTERDAY       20                        16      4       18
  MONTH TO DATE  378                       331     47      313
  SINCE JUN 1    378                       331     47      313
  SINCE JAN 1    985                       776    209      914
..................................................................


WIND (MPH)
  HIGHEST WIND SPEED    16   HIGHEST WIND DIRECTION     S (190)
  HIGHEST GUST SPEED    25   HIGHEST GUST DIRECTION    SW (240)
  AVERAGE WIND SPEED     8.8


SKY COVER
  POSSIBLE SUNSHINE  MM
  AVERAGE SKY COVER 0.3


WEATHER CONDITIONS
 THE FOLLOWING WEATHER WAS RECORDED YESTERDAY.
  NO SIGNIFICANT WEATHER WAS OBSERVED.


RELATIVE HUMIDITY (PERCENT)
 HIGHEST    94           500 AM
 LOWEST     56          1200 PM
 AVERAGE    75

..........................................................


THE MOBILE CLIMATE NORMALS FOR TODAY
                         NORMAL    RECORD    YEAR
 MAXIMUM TEMPERATURE (F)   90       101      2009
 MINIMUM TEMPERATURE (F)   72        62      2001


SUNRISE AND SUNSET
JUNE 24 2018..........SUNRISE   552 AM CDT   SUNSET   759 PM CDT
JUNE 25 2018..........SUNRISE   552 AM CDT   SUNSET   800 PM CDT


-  INDICATES NEGATIVE NUMBERS.
R  INDICATES RECORD WAS SET OR TIED.
MM INDICATES DATA IS MISSING.
T  INDICATES TRACE AMOUNT.




$$
