000
CDUS44 KMOB 200645
CLIMOB


CLIMATE REPORT
NATIONAL WEATHER SERVICE MOBILE AL
145 AM CDT THU JUN 20 2019


...................................

...THE MOBILE CLIMATE SUMMARY FOR JUNE 19 2019...

CLIMATE NORMAL PERIOD 1981 TO 2010
CLIMATE RECORD PERIOD 1842 TO 2019


WEATHER ITEM   OBSERVED TIME   RECORD YEAR NORMAL DEPARTURE LAST
                VALUE   (LST)  VALUE       VALUE  FROM      YEAR
                                                  NORMAL
..................................................................
TEMPERATURE (F)
 YESTERDAY
  MAXIMUM         91    239 PM 101    1953  90      1       93
  MINIMUM         76    347 AM  62    2008  71      5       75
                                      1995
  AVERAGE         84                        80      4       84

PRECIPITATION (IN)
  YESTERDAY        T             2.88 1920   0.21  -0.21     0.00
  MONTH TO DATE    4.44                      3.65   0.79     6.31
  SINCE MAR 1     16.23                     19.72  -3.49    18.96
  SINCE JAN 1     25.72                     30.49  -4.77    28.54

DEGREE DAYS
 COOLING
  YESTERDAY       19                        15      4       19
  MONTH TO DATE  307                       268     39      303
  SINCE JUN 1    307                       268     39      303
  SINCE JAN 1    931                       713    218      910
..................................................................


WIND (MPH)
  HIGHEST WIND SPEED    17   HIGHEST WIND DIRECTION     S (190)
  HIGHEST GUST SPEED    21   HIGHEST GUST DIRECTION     S (200)
  AVERAGE WIND SPEED     7.5


SKY COVER
  POSSIBLE SUNSHINE  MM
  AVERAGE SKY COVER 0.3


WEATHER CONDITIONS
 THE FOLLOWING WEATHER WAS RECORDED YESTERDAY.
  LIGHT RAIN
  FOG


RELATIVE HUMIDITY (PERCENT)
 HIGHEST   100           100 AM
 LOWEST     59           100 PM
 AVERAGE    80

..........................................................


THE MOBILE CLIMATE NORMALS FOR TODAY
                         NORMAL    RECORD    YEAR
 MAXIMUM TEMPERATURE (F)   90       102      1936
 MINIMUM TEMPERATURE (F)   71        64      1999


SUNRISE AND SUNSET
JUNE 20 2019..........SUNRISE   551 AM CDT   SUNSET   759 PM CDT
JUNE 21 2019..........SUNRISE   551 AM CDT   SUNSET   759 PM CDT


-  INDICATES NEGATIVE NUMBERS.
R  INDICATES RECORD WAS SET OR TIED.
MM INDICATES DATA IS MISSING.
T  INDICATES TRACE AMOUNT.




$$
