000
CDUS43 KBIS 170726
CLIMOT


CLIMATE REPORT
NATIONAL WEATHER SERVICE BISMARCK ND
226 AM CDT MON JUN 17 2019


...................................

...THE MINOT ND CLIMATE SUMMARY FOR JUNE 16 2019...

CLIMATE NORMAL PERIOD 1981 TO 2010
CLIMATE RECORD PERIOD 1897 TO 2019


WEATHER ITEM   OBSERVED TIME   RECORD YEAR NORMAL DEPARTURE LAST
                VALUE   (LST)  VALUE       VALUE  FROM      YEAR
                                                  NORMAL
..................................................................
TEMPERATURE (F)
 YESTERDAY
  MAXIMUM         61    454 PM 104    1931  75    -14       62
  MINIMUM         45   1131 PM  24    1915  53     -8       54
  AVERAGE         53                        64    -11       58

PRECIPITATION (IN)
  YESTERDAY        0.02          1.83 1922   0.12  -0.10     0.38
  MONTH TO DATE    0.51                      1.93  -1.42     3.41
  SINCE JUN 1      0.51                      1.93  -1.42     3.41
  SINCE JAN 1      2.37                      7.32  -4.95     5.10

DEGREE DAYS
 COOLING
  YESTERDAY        0                         2     -2        0
  MONTH TO DATE   51                        28     23       63
  SINCE JUN 1     51                        28     23       63
  SINCE JAN 1     74                        44     30      142
..................................................................


WIND (MPH)
  HIGHEST WIND SPEED    22   HIGHEST WIND DIRECTION    NW (310)
  HIGHEST GUST SPEED    30   HIGHEST GUST DIRECTION    NW (310)
  AVERAGE WIND SPEED    12.2


SKY COVER
  POSSIBLE SUNSHINE  MM
  AVERAGE SKY COVER 0.9


WEATHER CONDITIONS
 THE FOLLOWING WEATHER WAS RECORDED YESTERDAY.
  LIGHT RAIN
  FOG


RELATIVE HUMIDITY (PERCENT)
 HIGHEST    96           100 AM
 LOWEST     64           500 PM
 AVERAGE    80

..........................................................


THE MINOT ND CLIMATE NORMALS FOR TODAY
                         NORMAL    RECORD    YEAR
 MAXIMUM TEMPERATURE (F)   76       105      1931
 MINIMUM TEMPERATURE (F)   53        33      1915


SUNRISE AND SUNSET
JUNE 17 2019..........SUNRISE   544 AM CDT   SUNSET   948 PM CDT
JUNE 18 2019..........SUNRISE   544 AM CDT   SUNSET   949 PM CDT


-  INDICATES NEGATIVE NUMBERS.
R  INDICATES RECORD WAS SET OR TIED.
MM INDICATES DATA IS MISSING.
T  INDICATES TRACE AMOUNT.




$$
