000
CDUS43 KBIS 190034
CLIMOT


CLIMATE REPORT
NATIONAL WEATHER SERVICE BISMARCK ND
733 PM CDT THU APR 18 2019


...................................

...THE MINOT ND CLIMATE SUMMARY FOR APRIL 18 2019...
VALID TODAY AS OF 0500 PM LOCAL TIME.

CLIMATE NORMAL PERIOD 1981 TO 2010
CLIMATE RECORD PERIOD 1897 TO 2019


WEATHER ITEM   OBSERVED TIME   RECORD YEAR NORMAL DEPARTURE LAST
                VALUE   (LST)  VALUE       VALUE  FROM      YEAR
                                                  NORMAL
..................................................................
TEMPERATURE (F)
 TODAY
  MAXIMUM         60    408 PM  87    1898  57      3       48
  MINIMUM         38    536 AM   0    1904  33      5       31
  AVERAGE         49                        45      4       40

PRECIPITATION (IN)
  TODAY            0.00          1.03 1914   0.03  -0.03     0.00
  MONTH TO DATE    0.23                      0.57  -0.34     0.01
  SINCE MAR 1      0.26                      1.41  -1.15     0.64
  SINCE JAN 1      0.56                      2.32  -1.76     0.75

DEGREE DAYS
 HEATING
  TODAY           16                        20     -4       25
  MONTH TO DATE  430                       441    -11      728
  SINCE MAR 1   1654                      1580     74     1965
  SINCE JUL 1   8779                      8156    623     8483

 COOLING
  TODAY            0                         0      0        0
  MONTH TO DATE    0                         0      0        0
  SINCE MAR 1      0                         0      0        0
  SINCE JAN 1      0                         0      0        0
..................................................................


WIND (MPH)
  RESULTANT WIND SPEED   5   RESULTANT WIND DIRECTION  NW (300)
  HIGHEST WIND SPEED    15   HIGHEST WIND DIRECTION    NW (310)
  HIGHEST GUST SPEED    21   HIGHEST GUST DIRECTION    NW (320)
  AVERAGE WIND SPEED     6.5


SKY COVER
  POSSIBLE SUNSHINE  MM
  AVERAGE SKY COVER 0.9


WEATHER CONDITIONS
 THE FOLLOWING WEATHER WAS RECORDED TODAY.
  FOG
  FOG W/VISIBILITY <= 1/4 MILE


RELATIVE HUMIDITY (PERCENT)
 HIGHEST   100           300 AM
 LOWEST     39           400 PM
 AVERAGE    70

..........................................................


THE MINOT ND CLIMATE NORMALS FOR TOMORROW
                         NORMAL    RECORD    YEAR
 MAXIMUM TEMPERATURE (F)   57        86      1910
 MINIMUM TEMPERATURE (F)   33        -1      1922


SUNRISE AND SUNSET
APRIL 18 2019.........SUNRISE   650 AM CDT   SUNSET   840 PM CDT
APRIL 19 2019.........SUNRISE   648 AM CDT   SUNSET   841 PM CDT


-  INDICATES NEGATIVE NUMBERS.
R  INDICATES RECORD WAS SET OR TIED.
MM INDICATES DATA IS MISSING.
T  INDICATES TRACE AMOUNT.




$$
