000
CDUS41 KPHI 162132
CLIMPO


CLIMATE REPORT
NATIONAL WEATHER SERVICE MOUNT HOLLY NJ
530 PM EDT SUN JUN 16 2019


...................................

...THE MOUNT POCONO PA CLIMATE SUMMARY FOR JUNE 16 2019...
VALID TODAY AS OF 0500 PM LOCAL TIME.

CLIMATE NORMAL PERIOD 1981 TO 2010
CLIMATE RECORD PERIOD 1901 TO 2019


WEATHER ITEM   OBSERVED TIME   RECORD YEAR NORMAL DEPARTURE LAST
                VALUE   (LST)  VALUE       VALUE  FROM      YEAR
                                                  NORMAL
..................................................................
TEMPERATURE (F)
 TODAY
  MAXIMUM         71    237 PM  90    1957  74     -3       77
  MINIMUM         61    553 AM  34    1927  54      7       42
                                      1914
  AVERAGE         66                        64      2       60

PRECIPITATION (IN)
  TODAY            T             2.90 1916   0.13  -0.13     0.00
  MONTH TO DATE    2.36                      2.71  -0.35     2.43
  SINCE JUN 1      2.36                      2.71  -0.35     2.43
  SINCE JAN 1     25.59                     20.21   5.38    26.18

DEGREE DAYS
 HEATING
  TODAY            0                         3     -3        5
  MONTH TO DATE   91                        74     17       88
  SINCE JUN 1     91                        74     17       88
  SINCE JUL 1   7064                      7090    -26     7103

 COOLING
  TODAY            1                         2     -1        0
  MONTH TO DATE    3                        24    -21       12
  SINCE JUN 1      3                        24    -21       12
  SINCE JAN 1     12                        43    -31       48
..................................................................


WIND (MPH)
  HIGHEST WIND SPEED    18   HIGHEST WIND DIRECTION    SW (230)
  HIGHEST GUST SPEED    26   HIGHEST GUST DIRECTION    SW (230)
  AVERAGE WIND SPEED     7.4


SKY COVER
  POSSIBLE SUNSHINE  MM
  AVERAGE SKY COVER 0.8


WEATHER CONDITIONS
 THE FOLLOWING WEATHER WAS RECORDED TODAY.
  LIGHT RAIN


RELATIVE HUMIDITY (PERCENT)
 HIGHEST    90           600 AM
 LOWEST     72           200 AM
 AVERAGE    81

..........................................................


THE MOUNT POCONO PA CLIMATE NORMALS FOR TOMORROW
                         NORMAL    RECORD    YEAR
 MAXIMUM TEMPERATURE (F)   74        91      1952
 MINIMUM TEMPERATURE (F)   55        29      1908


SUNRISE AND SUNSET
JUNE 16 2019..........SUNRISE   528 AM EDT   SUNSET   836 PM EDT
JUNE 17 2019..........SUNRISE   528 AM EDT   SUNSET   837 PM EDT


-  INDICATES NEGATIVE NUMBERS.
R  INDICATES RECORD WAS SET OR TIED.
MM INDICATES DATA IS MISSING.
T  INDICATES TRACE AMOUNT.




$$
