715
CDUS41 KPHI 212130
CLIMPO


CLIMATE REPORT
NATIONAL WEATHER SERVICE MOUNT HOLLY NJ
527 PM EDT SUN APR 21 2019


...................................

...THE MOUNT POCONO PA CLIMATE SUMMARY FOR APRIL 21 2019...
VALID TODAY AS OF 0500 PM LOCAL TIME.

CLIMATE NORMAL PERIOD 1981 TO 2010
CLIMATE RECORD PERIOD 1901 TO 2019


WEATHER ITEM   OBSERVED TIME   RECORD YEAR NORMAL DEPARTURE LAST
                VALUE   (LST)  VALUE       VALUE  FROM      YEAR
                                                  NORMAL
..................................................................
TEMPERATURE (F)
 TODAY
  MAXIMUM         58    221 PM  78    1976  58      0       53
  MINIMUM         46    622 AM  11    1908  37      9       28
  AVERAGE         52                        48      4       41

PRECIPITATION (IN)
  TODAY            T             0.90 1972   0.11  -0.11     0.00
  MONTH TO DATE    4.74                      3.01   1.73     3.00
  SINCE MAR 1      7.98                      6.84   1.14     5.47
  SINCE JAN 1     14.57                     12.10   2.47    15.10

DEGREE DAYS
 HEATING
  TODAY           13                        18     -5       24
  MONTH TO DATE  385                       452    -67      598
  SINCE MAR 1   1452                      1427     25     1713
  SINCE JUL 1   6556                      6550      6     6674

 COOLING
  TODAY            0                         0      0        0
  MONTH TO DATE    0                         0      0        0
  SINCE MAR 1      0                         0      0        0
  SINCE JAN 1      0                         0      0        0
..................................................................


WIND (MPH)
  HIGHEST WIND SPEED    12   HIGHEST WIND DIRECTION    NW (320)
  HIGHEST GUST SPEED    15   HIGHEST GUST DIRECTION     E (110)
  AVERAGE WIND SPEED     4.7


SKY COVER
  POSSIBLE SUNSHINE  MM
  AVERAGE SKY COVER 0.8


WEATHER CONDITIONS
 THE FOLLOWING WEATHER WAS RECORDED TODAY.
  LIGHT RAIN


RELATIVE HUMIDITY (PERCENT)
 HIGHEST   100           100 AM
 LOWEST     67          1100 AM
 AVERAGE    84

..........................................................


THE MOUNT POCONO PA CLIMATE NORMALS FOR TOMORROW
                         NORMAL    RECORD    YEAR
 MAXIMUM TEMPERATURE (F)   58        81      1973
 MINIMUM TEMPERATURE (F)   38        17      1922
                                             1907


SUNRISE AND SUNSET
APRIL 21 2019.........SUNRISE   614 AM EDT   SUNSET   748 PM EDT
APRIL 22 2019.........SUNRISE   612 AM EDT   SUNSET   749 PM EDT


-  INDICATES NEGATIVE NUMBERS.
R  INDICATES RECORD WAS SET OR TIED.
MM INDICATES DATA IS MISSING.
T  INDICATES TRACE AMOUNT.




$$
