000
CDUS41 KBTV 260536
CLIMPV


CLIMATE REPORT
NATIONAL WEATHER SERVICE BURLINGTON VT
135 AM EDT FRI APR 26 2019


...................................

...THE MONTPELIER VT CLIMATE SUMMARY FOR APRIL 25 2019...

CLIMATE NORMAL PERIOD 1981 TO 2010
CLIMATE RECORD PERIOD 1948 TO 2019


WEATHER ITEM   OBSERVED TIME   RECORD YEAR NORMAL DEPARTURE LAST
                VALUE   (LST)  VALUE       VALUE  FROM      YEAR
                                                  NORMAL
..................................................................
TEMPERATURE (F)
 YESTERDAY
  MAXIMUM         56    549 PM  85    2009  58     -2       53
  MINIMUM         37    448 AM  17    1965  35      2       47
  AVERAGE         47                        47      0       50

PRECIPITATION (IN)
  YESTERDAY        T             0.58        0.09  -0.09     0.52
  MONTH TO DATE    3.17                      2.19   0.98     3.57
  SINCE MAR 1      5.12                      4.58   0.54     6.06
  SINCE JAN 1     10.78                      9.07   1.71    10.34

DEGREE DAYS
 HEATING
  YESTERDAY       18                        18      0       15
  MONTH TO DATE  578                       591    -13      762
  SINCE MAR 1   1786                      1708     78     1907
  SINCE JUL 1   7929                      7616    313     7562

 COOLING
  YESTERDAY        0                         0      0        0
  MONTH TO DATE    0                         0      0        0
  SINCE MAR 1      0                         0      0        0
  SINCE JAN 1      0                         0      0        0
..................................................................


WIND (MPH)
  HIGHEST WIND SPEED    10   HIGHEST WIND DIRECTION     N (350)
  HIGHEST GUST SPEED    13   HIGHEST GUST DIRECTION     N (350)
  AVERAGE WIND SPEED     2.7


SKY COVER
  AVERAGE SKY COVER 0.6


WEATHER CONDITIONS
 THE FOLLOWING WEATHER WAS RECORDED YESTERDAY.
  NO SIGNIFICANT WEATHER WAS OBSERVED.


RELATIVE HUMIDITY (PERCENT)
 HIGHEST    92           400 AM
 LOWEST     51           400 PM
 AVERAGE    72

..........................................................


THE MONTPELIER VT CLIMATE NORMALS FOR TODAY
                         NORMAL    RECORD    YEAR
 MAXIMUM TEMPERATURE (F)   59        80      1990
 MINIMUM TEMPERATURE (F)   35        22      1967


SUNRISE AND SUNSET
APRIL 26 2019.........SUNRISE   549 AM EDT   SUNSET   748 PM EDT
APRIL 27 2019.........SUNRISE   548 AM EDT   SUNSET   749 PM EDT


-  INDICATES NEGATIVE NUMBERS.
R  INDICATES RECORD WAS SET OR TIED.
MM INDICATES DATA IS MISSING.
T  INDICATES TRACE AMOUNT.




$$
