000
CDUS41 KBTV 180540
CLIMPV


CLIMATE REPORT
NATIONAL WEATHER SERVICE BURLINGTON VT
139 AM EDT THU JUL 18 2019


...................................

...THE MONTPELIER VT CLIMATE SUMMARY FOR JULY 17 2019...

CLIMATE NORMAL PERIOD 1981 TO 2010
CLIMATE RECORD PERIOD 1948 TO 2019


WEATHER ITEM   OBSERVED TIME   RECORD YEAR NORMAL DEPARTURE LAST
                VALUE   (LST)  VALUE       VALUE  FROM      YEAR
                                                  NORMAL
..................................................................
TEMPERATURE (F)
 YESTERDAY
  MAXIMUM         78    305 PM  93    1982  79     -1       80
  MINIMUM         65   1159 PM  43    1966  56      9       61
  AVERAGE         72                        67      5       71

PRECIPITATION (IN)
  YESTERDAY        0.65          1.66        0.13   0.52     0.05
  MONTH TO DATE    1.82                      2.09  -0.27     0.94
  SINCE JUN 1      8.88                      5.89   2.99     3.36
  SINCE JAN 1     26.75                     18.80   7.95    18.02

DEGREE DAYS
 HEATING
  YESTERDAY        0                         1     -1        0
  MONTH TO DATE    6                        23    -17        7
  SINCE JUN 1    150                       144      6      188
  SINCE JUL 1      6                        23    -17        7

 COOLING
  YESTERDAY        7                         3      4        6
  MONTH TO DATE   59                        55      4       96
  SINCE JUN 1     78                       108    -30      133
  SINCE JAN 1     79                       118    -39      137
..................................................................


WIND (MPH)
  HIGHEST WIND SPEED    13   HIGHEST WIND DIRECTION     N (340)
  HIGHEST GUST SPEED    19   HIGHEST GUST DIRECTION    NW (310)
  AVERAGE WIND SPEED     3.8


SKY COVER
  AVERAGE SKY COVER 0.7


WEATHER CONDITIONS
 THE FOLLOWING WEATHER WAS RECORDED YESTERDAY.
  HEAVY RAIN
  RAIN
  LIGHT RAIN
  FOG
  HAZE


RELATIVE HUMIDITY (PERCENT)
 HIGHEST   100           700 AM
 LOWEST     73           200 AM
 AVERAGE    87

..........................................................


THE MONTPELIER VT CLIMATE NORMALS FOR TODAY
                         NORMAL    RECORD    YEAR
 MAXIMUM TEMPERATURE (F)   79        96      1953
 MINIMUM TEMPERATURE (F)   56        43      1956


SUNRISE AND SUNSET
JULY 18 2019..........SUNRISE   523 AM EDT   SUNSET   829 PM EDT
JULY 19 2019..........SUNRISE   524 AM EDT   SUNSET   828 PM EDT


-  INDICATES NEGATIVE NUMBERS.
R  INDICATES RECORD WAS SET OR TIED.
MM INDICATES DATA IS MISSING.
T  INDICATES TRACE AMOUNT.




$$
