000
CDUS41 KBTV 270541
CLIMPV


CLIMATE REPORT
NATIONAL WEATHER SERVICE BURLINGTON VT
140 AM EDT FRI APR 27 2018


...................................

...THE MONTPELIER VT CLIMATE SUMMARY FOR APRIL 26 2018...

CLIMATE NORMAL PERIOD 1981 TO 2010
CLIMATE RECORD PERIOD 1948 TO 2018


WEATHER ITEM   OBSERVED TIME   RECORD YEAR NORMAL DEPARTURE LAST
                VALUE   (LST)  VALUE       VALUE  FROM      YEAR
                                                  NORMAL
..................................................................
TEMPERATURE (F)
 YESTERDAY
  MAXIMUM         54    243 PM  80    1990  59     -5       60
  MINIMUM         45   1155 PM  22    1967  35     10       45
  AVERAGE         50                        47      3       53

PRECIPITATION (IN)
  YESTERDAY        0.32          0.66        0.09   0.23     0.14
  MONTH TO DATE    3.89                      2.28   1.61     3.21
  SINCE MAR 1      6.38                      4.67   1.71     5.81
  SINCE JAN 1     10.66                      9.16   1.50     9.73

DEGREE DAYS
 HEATING
  YESTERDAY       15                        18     -3       12
  MONTH TO DATE  777                       609    168      515
  SINCE MAR 1   1922                      1726    196     1796
  SINCE JUL 1   7577                      7634    -57     7017

 COOLING
  YESTERDAY        0                         0      0        0
  MONTH TO DATE    0                         0      0        1
  SINCE MAR 1      0                         0      0        1
  SINCE JAN 1      0                         0      0        1
..................................................................


WIND (MPH)
  HIGHEST WIND SPEED    13   HIGHEST WIND DIRECTION     W (260)
  HIGHEST GUST SPEED    19   HIGHEST GUST DIRECTION     W (260)
  AVERAGE WIND SPEED     4.0


SKY COVER
  AVERAGE SKY COVER 1.0


WEATHER CONDITIONS
 THE FOLLOWING WEATHER WAS RECORDED YESTERDAY.
  RAIN
  LIGHT RAIN
  FOG


RELATIVE HUMIDITY (PERCENT)
 HIGHEST   100          1200 AM
 LOWEST     71           400 PM
 AVERAGE    86

..........................................................


THE MONTPELIER VT CLIMATE NORMALS FOR TODAY
                         NORMAL    RECORD    YEAR
 MAXIMUM TEMPERATURE (F)   59        86      2009
                                             1962
 MINIMUM TEMPERATURE (F)   36        17      1966


SUNRISE AND SUNSET
APRIL 27 2018.........SUNRISE   547 AM EDT   SUNSET   749 PM EDT
APRIL 28 2018.........SUNRISE   546 AM EDT   SUNSET   750 PM EDT


-  INDICATES NEGATIVE NUMBERS.
R  INDICATES RECORD WAS SET OR TIED.
MM INDICATES DATA IS MISSING.
T  INDICATES TRACE AMOUNT.




$$
