000
CDUS43 KMPX 170818
CLIMPX


CLIMATE REPORT
NATIONAL WEATHER SERVICE CHANHASSEN MN
318 AM CDT MON JUN 17 2019


...................................

...THE CHANHASSEN MN CLIMATE SUMMARY FOR JUNE 16 2019...

CLIMATE NORMAL PERIOD 1981 TO 2010
CLIMATE RECORD PERIOD 1995 TO 2019


WEATHER ITEM   OBSERVED NORMAL DEPARTURE LAST
                VALUE   VALUE  FROM      YEAR
                               NORMAL
...............................................
TEMPERATURE (F)
 YESTERDAY
  MAXIMUM         72     78     -6       86
  MINIMUM         57     58     -1       66
  AVERAGE         65     68     -3       76

PRECIPITATION (IN)
  YESTERDAY        T      0.14  -0.14     0.35
  MONTH TO DATE    0.80   2.13  -1.33     2.60
  SINCE JUN 1      0.80   2.13  -1.33     2.60
  SINCE JAN 1     15.67  12.38   3.29    12.86

SNOWFALL (IN)
  YESTERDAY        0.0    0.0    0.0      0.0
  MONTH TO DATE    0.0    0.0    0.0      0.0
  SINCE JUN 1      0.0    0.0    0.0      0.0
  SINCE JUL 1     78.6   53.9   24.7     80.2
  SNOW DEPTH       0

DEGREE DAYS
 HEATING
  YESTERDAY        0      1     -1        0
  MONTH TO DATE   33     39     -6        8
  SINCE JUN 1     33     39     -6        8
  SINCE JUL 1   8702   7904    798     8205

 COOLING
  YESTERDAY        0      4     -4       11
  MONTH TO DATE   51     48      3       57
  SINCE JUN 1     51     48      3       57
  SINCE JAN 1     61     81    -20      173
...............................................







THE CHANHASSEN MN CLIMATE NORMALS FOR TODAY
                         NORMAL    RECORD    YEAR
 MAXIMUM TEMPERATURE (F)   79        MM        MM
 MINIMUM TEMPERATURE (F)   58        MM        MM


SUNRISE AND SUNSET
JUNE 17 2019..........SUNRISE   528 AM CDT   SUNSET   903 PM CDT
JUNE 18 2019..........SUNRISE   528 AM CDT   SUNSET   903 PM CDT


-  INDICATES NEGATIVE NUMBERS.
R  INDICATES RECORD WAS SET OR TIED.
MM INDICATES DATA IS MISSING.
T  INDICATES TRACE AMOUNT.




$$
