000
CDUS43 KMPX 190044
CLIMPX


CLIMATE REPORT
NATIONAL WEATHER SERVICE CHANHASSEN MN
744 PM CDT THU APR 18 2019


...................................

...THE CHANHASSEN MN CLIMATE SUMMARY FOR APRIL 18 2019...
VALID TODAY AS OF 0700 PM LOCAL TIME.

CLIMATE NORMAL PERIOD 1981 TO 2010
CLIMATE RECORD PERIOD 1995 TO 2019


WEATHER ITEM   OBSERVED TIME   NORMAL DEPARTURE LAST
                VALUE   (LST)  VALUE  FROM      YEAR
                                      NORMAL
......................................................
TEMPERATURE (F)
 TODAY
  MAXIMUM         53        MM  59     -6       40
  MINIMUM         39        MM  37      2       30
  AVERAGE         46            48     -2       35

PRECIPITATION (IN)
  TODAY            T             0.10  -0.10      T
  MONTH TO DATE    3.02          1.73   1.29     2.55
  SINCE MAR 1      5.10          3.51   1.59     3.84
  SINCE JAN 1      7.88          5.32   2.56     6.54

SNOWFALL (IN)
  TODAY            0.0           0.1   -0.1       T
  MONTH TO DATE   11.4           2.7    8.7     28.1
  SINCE MAR 1     21.7          13.5    8.2     38.7
  SINCE JUL 1     78.6          53.2   25.4     80.2
  SNOW DEPTH       0

DEGREE DAYS
 HEATING
  TODAY           19            17      2       30
  MONTH TO DATE  448           387     61      689
  SINCE MAR 1   1645          1433    212     1770
  SINCE JUL 1   8104          7448    656     7874

 COOLING
  TODAY            0             0      0        0
  MONTH TO DATE    0             0      0        0
  SINCE MAR 1      0             0      0        0
  SINCE JAN 1      0             0      0        0
......................................................







THE CHANHASSEN MN CLIMATE NORMALS FOR TOMORROW
                         NORMAL    RECORD    YEAR
 MAXIMUM TEMPERATURE (F)   59        MM        MM
 MINIMUM TEMPERATURE (F)   38        MM        MM


SUNRISE AND SUNSET
APRIL 18 2019.........SUNRISE   625 AM CDT   SUNSET   803 PM CDT
APRIL 19 2019.........SUNRISE   623 AM CDT   SUNSET   804 PM CDT


-  INDICATES NEGATIVE NUMBERS.
R  INDICATES RECORD WAS SET OR TIED.
MM INDICATES DATA IS MISSING.
T  INDICATES TRACE AMOUNT.




$$
