000
CDUS43 KMQT 150507
CLIMQT


CLIMATE REPORT
NATIONAL WEATHER SERVICE MARQUETTE MI
103 AM EDT SAT JUN 15 2019


...................................

...THE MARQUETTE MI CLIMATE SUMMARY FOR JUNE 14 2019...

CLIMATE NORMAL PERIOD 1981 TO 2010
CLIMATE RECORD PERIOD 1961 TO 2019


WEATHER ITEM   OBSERVED RECORD YEAR NORMAL DEPARTURE LAST
                VALUE   VALUE       VALUE  FROM      YEAR
                                           NORMAL
...........................................................
TEMPERATURE (F)
 YESTERDAY
  MAXIMUM         62     95    1988  71     -9       76
  MINIMUM         45     37    2014  49     -4       47
  AVERAGE         54                 60     -6       62

PRECIPITATION (IN)
  YESTERDAY        T      1.49 1949   0.09  -0.09     0.00
  MONTH TO DATE    0.64               1.42  -0.78     0.76
  SINCE JUN 1      0.64               1.42  -0.78     0.76
  SINCE JAN 1     23.09              15.06   8.03    11.73

SNOWFALL (IN)
  YESTERDAY        0.0   MM      MM   0.0    0.0      0.0
  MONTH TO DATE    0.0                0.0    0.0      0.0
  SINCE JUN 1      0.0                0.0    0.0      0.0
  SINCE JUL 1    227.6              203.3   24.3    175.3
  SNOW DEPTH       0

DEGREE DAYS
 HEATING
  YESTERDAY       11                  6      5        3
  MONTH TO DATE  120                108     12      113
  SINCE JUN 1    120                108     12      113
  SINCE JUL 1   9957               9260    697     9514

 COOLING
  YESTERDAY        0                  1     -1        0
  MONTH TO DATE   10                 14     -4        1
  SINCE JUN 1     10                 14     -4        1
  SINCE JAN 1     10                 26    -16       33
...........................................................


WIND (MPH)
  RESULTANT WIND SPEED  MM   RESULTANT WIND DIRECTION  MM
  HIGHEST WIND SPEED    MM   HIGHEST WIND DIRECTION    MM
  HIGHEST GUST SPEED    22   HIGHEST GUST DIRECTION    SW (225)
  AVERAGE WIND SPEED    MM


SKY COVER
  POSSIBLE SUNSHINE  MM
  AVERAGE SKY COVER  MM


WEATHER CONDITIONS
 THE FOLLOWING WEATHER WAS RECORDED YESTERDAY.
  LIGHT RAIN SHOWERS
  FOG


RELATIVE HUMIDITY (PERCENT)
 HIGHEST    MM
 LOWEST     MM
 AVERAGE    MM

..........................................................


THE MARQUETTE MI CLIMATE NORMALS FOR TODAY
                         NORMAL    RECORD    YEAR
 MAXIMUM TEMPERATURE (F)   71        95      1988
 MINIMUM TEMPERATURE (F)   49        31      1978


SUNRISE AND SUNSET
JUNE 15 2019..........SUNRISE   557 AM EDT   SUNSET   945 PM EDT
JUNE 16 2019..........SUNRISE   557 AM EDT   SUNSET   945 PM EDT


-  INDICATES NEGATIVE NUMBERS.
R  INDICATES RECORD WAS SET OR TIED.
MM INDICATES DATA IS MISSING.
T  INDICATES TRACE AMOUNT.




$$

RJC
