000
CDUS41 KLWX 190522
CLIMRB


CLIMATE REPORT
NATIONAL WEATHER SERVICE BALTIMORE MD/WASHINGTON DC
122 AM EDT FRI APR 19 2019


...................................

...THE MARTINSBURG WV CLIMATE SUMMARY FOR APRIL 18 2019...

CLIMATE NORMAL PERIOD 1981 TO 2010
CLIMATE RECORD PERIOD 1926 TO 2019


WEATHER ITEM   OBSERVED TIME   NORMAL DEPARTURE LAST
                VALUE   (LST)  VALUE  FROM      YEAR
                                      NORMAL
......................................................
TEMPERATURE (F)
 YESTERDAY
  MAXIMUM         76    551 PM  65     11       61
  MINIMUM         49    446 AM  42      7       29
  AVERAGE         63            53     10       45

PRECIPITATION (IN)
  YESTERDAY        0.00          0.11  -0.11     0.00
  MONTH TO DATE    1.82          1.99  -0.17     2.83
  SINCE MAR 1      5.37          5.51  -0.14     4.52
  SINCE JAN 1     12.78         10.29   2.49    10.71

DEGREE DAYS
 HEATING
  YESTERDAY        2            12    -10       20
  MONTH TO DATE  187           263    -76      313
  SINCE MAR 1    920           977    -57     1137
  SINCE JUL 1   4679          4933   -254     4702

 COOLING
  YESTERDAY        0             0      0        0
  MONTH TO DATE    7             0      7       16
  SINCE MAR 1      7             1      6       16
  SINCE JAN 1      7             1      6       21
......................................................


WIND (MPH)
  HIGHEST WIND SPEED    17   HIGHEST WIND DIRECTION     S (170)
  HIGHEST GUST SPEED    24   HIGHEST GUST DIRECTION     S (160)
  AVERAGE WIND SPEED     6.5


SKY COVER
  POSSIBLE SUNSHINE  MM
  AVERAGE SKY COVER 0.2


WEATHER CONDITIONS
 THE FOLLOWING WEATHER WAS RECORDED YESTERDAY.
  NO SIGNIFICANT WEATHER WAS OBSERVED.


RELATIVE HUMIDITY (PERCENT)
 HIGHEST    93           400 AM
 LOWEST     41           900 PM
 AVERAGE    67

..........................................................


THE MARTINSBURG WV CLIMATE NORMALS FOR TODAY
                         NORMAL
 MAXIMUM TEMPERATURE (F)   65
 MINIMUM TEMPERATURE (F)   42


SUNRISE AND SUNSET
APRIL 19 2019.........SUNRISE   629 AM EDT   SUNSET   753 PM EDT
APRIL 20 2019.........SUNRISE   628 AM EDT   SUNSET   754 PM EDT


-  INDICATES NEGATIVE NUMBERS.
R  INDICATES RECORD WAS SET OR TIED.
MM INDICATES DATA IS MISSING.
T  INDICATES TRACE AMOUNT.




$$
