000
CDUS43 KMKX 160738
CLIMSN


CLIMATE REPORT
NATIONAL WEATHER SERVICE IN MILWAUKEE
237 AM CDT SUN JUN 16 2019


...................................

...THE MADISON WI CLIMATE SUMMARY FOR JUNE 15 2019...

CLIMATE NORMAL PERIOD 1981 TO 2010
CLIMATE RECORD PERIOD 1871 TO 2019


WEATHER ITEM   OBSERVED TIME   RECORD YEAR NORMAL DEPARTURE LAST
                VALUE   (LST)  VALUE       VALUE  FROM      YEAR
                                                  NORMAL
..................................................................
TEMPERATURE (F)
 YESTERDAY
  MAXIMUM         78   1120 AM  93    1994  78      0       84
  MINIMUM         56   1159 PM  37    1965  56      0       62
  AVERAGE         67                        67      0       73

PRECIPITATION (IN)
  YESTERDAY        0.01          2.59 1981   0.16  -0.15     1.80
  MONTH TO DATE    1.46                      2.27  -0.81     3.27
  SINCE JUN 1      1.46                      2.27  -0.81     3.27
  SINCE JAN 1     17.27                     14.10   3.17    20.11

SNOWFALL (IN)
  YESTERDAY        0.0           0.0  2018   0.0    0.0      0.0
  MONTH TO DATE    0.0                       0.0    0.0      0.0
  SINCE JUN 1      0.0                       0.0    0.0      0.0
  SINCE JUL 1     57.2                      50.9    6.3     44.4
  SNOW DEPTH       0

DEGREE DAYS
 HEATING
  YESTERDAY        0                         2     -2        0
  MONTH TO DATE   32                        46    -14       15
  SINCE JUN 1     32                        46    -14       15
  SINCE JUL 1   7491                      7319    172     7206

 COOLING
  YESTERDAY        2                         4     -2        8
  MONTH TO DATE   27                        41    -14       36
  SINCE JUN 1     27                        41    -14       36
  SINCE JAN 1     47                        71    -24      137
..................................................................


WIND (MPH)
  HIGHEST WIND SPEED    20   HIGHEST WIND DIRECTION     E (70)
  HIGHEST GUST SPEED    26   HIGHEST GUST DIRECTION     E (70)
  AVERAGE WIND SPEED     8.7


SKY COVER
  POSSIBLE SUNSHINE  MM
  AVERAGE SKY COVER 0.8


WEATHER CONDITIONS
 THE FOLLOWING WEATHER WAS RECORDED YESTERDAY.
  LIGHT RAIN


RELATIVE HUMIDITY (PERCENT)
 HIGHEST    78           500 AM
 LOWEST     64          1000 AM
 AVERAGE    71

..........................................................


THE MADISON WI CLIMATE NORMALS FOR TODAY
                         NORMAL    RECORD    YEAR
 MAXIMUM TEMPERATURE (F)   78        93      1994
                                             1946
 MINIMUM TEMPERATURE (F)   57        33      1964


SUNRISE AND SUNSET
JUNE 16 2019..........SUNRISE   517 AM CDT   SUNSET   839 PM CDT
JUNE 17 2019..........SUNRISE   517 AM CDT   SUNSET   839 PM CDT


-  INDICATES NEGATIVE NUMBERS.
R  INDICATES RECORD WAS SET OR TIED.
MM INDICATES DATA IS MISSING.
T  INDICATES TRACE AMOUNT.




$$
