000
CDUS45 KMSO 192231
CLIMSO


CLIMATE REPORT
NATIONAL WEATHER SERVICE MISSOULA, MT
431 PM MDT FRI APR 19 2019


...................................

...THE MISSOULA MT CLIMATE SUMMARY FOR APRIL 19 2019...
VALID TODAY AS OF 0400 PM LOCAL TIME.

CLIMATE NORMAL PERIOD 1981 TO 2010
CLIMATE RECORD PERIOD 1893 TO 2019


WEATHER ITEM   OBSERVED TIME   RECORD YEAR NORMAL DEPARTURE LAST
                VALUE   (LST)  VALUE       VALUE  FROM      YEAR
                                                  NORMAL
..................................................................
TEMPERATURE (F)
 TODAY
  MAXIMUM         71    250 PM  83    1910  59     12       62
  MINIMUM         42    503 AM  14    1951  33      9       29
  AVERAGE         57                        46     11       46

PRECIPITATION (IN)
  TODAY            0.03          0.43 1984   0.04  -0.01     0.00
  MONTH TO DATE    1.99                      0.76   1.23     1.77
  SINCE OCT 1      9.81                      6.24   3.57     8.67
  SINCE JAN 1      5.11                      3.31   1.80     4.85

SNOWFALL (IN)
  TODAY            0.0
  MONTH TO DATE    T
  SINCE JAN 1     40.5
  SINCE JUL 1     59.4
  SNOW DEPTH       0

DEGREE DAYS
 HEATING
  TODAY            8                        19    -11       19
  MONTH TO DATE  383                       390     -7      474
  SINCE MAR 1   1522                      1204    318     1338
  SINCE JUL 1   7240                      6573    667     6735

 COOLING
  TODAY            0                         0      0        0
  MONTH TO DATE    0                         0      0        0
  SINCE MAR 1      0                         0      0        0
  SINCE JAN 1      0                         0      0        0
..................................................................


WIND (MPH)
  HIGHEST WIND SPEED    10   HIGHEST WIND DIRECTION    NW (330)
  HIGHEST GUST SPEED    14   HIGHEST GUST DIRECTION     N (340)
  AVERAGE WIND SPEED     3.4


SKY COVER
  POSSIBLE SUNSHINE  MM
  AVERAGE SKY COVER 0.5


WEATHER CONDITIONS
 THE FOLLOWING WEATHER WAS RECORDED TODAY.
  LIGHT RAIN
  FOG


RELATIVE HUMIDITY (PERCENT)
 HIGHEST    86           900 AM
 LOWEST     37           300 PM
 AVERAGE    62

..........................................................


THE MISSOULA MT CLIMATE NORMALS FOR TOMORROW
                         NORMAL    RECORD    YEAR
 MAXIMUM TEMPERATURE (F)   60        84      1980
 MINIMUM TEMPERATURE (F)   33        16      1927


SUNRISE AND SUNSET
APRIL 19 2019.........SUNRISE   642 AM MDT   SUNSET   830 PM MDT
APRIL 20 2019.........SUNRISE   640 AM MDT   SUNSET   832 PM MDT


-  INDICATES NEGATIVE NUMBERS.
R  INDICATES RECORD WAS SET OR TIED.
MM INDICATES DATA IS MISSING.
T  INDICATES TRACE AMOUNT.




$$
