000
CDUS43 KMPX 240740
CLIMSP


CLIMATE REPORT
NATIONAL WEATHER SERVICE CHANHASSEN MN
239 AM CDT WED APR 24 2019


...................................

...THE TWIN CITIES MN CLIMATE SUMMARY FOR APRIL 23 2019...

CLIMATE NORMAL PERIOD 1981 TO 2010
CLIMATE RECORD PERIOD 1871 TO 2019


WEATHER ITEM   OBSERVED TIME   RECORD YEAR NORMAL DEPARTURE LAST
                VALUE   (LST)  VALUE       VALUE  FROM      YEAR
                                                  NORMAL
..................................................................
TEMPERATURE (F)
 YESTERDAY
  MAXIMUM         65    518 PM  86    1990  62      3       71
  MINIMUM         36    547 AM  19    1910  41     -5       42
  AVERAGE         51                        51      0       57

PRECIPITATION (IN)
  YESTERDAY        0.00          0.87 1968   0.10  -0.10     0.00
                                      1948
  MONTH TO DATE    3.67                      1.92   1.75     2.17
  SINCE MAR 1      5.67                      3.81   1.86     3.36
  SINCE JAN 1      8.69                      5.48   3.21     6.24

SNOWFALL (IN)
  YESTERDAY        0.0           1.6  1988   0.1   -0.1      0.0
  MONTH TO DATE    9.8                       2.1    7.7     26.1
  SINCE MAR 1     20.3                      12.4    7.9     34.9
  SINCE JUL 1     77.1                      54.1   23.0     78.3
  SNOW DEPTH       0

DEGREE DAYS
 HEATING
  YESTERDAY       14                        14      0        8
  MONTH TO DATE  462                       444     18      745
  SINCE MAR 1   1585                      1442    143     1747
  SINCE JUL 1   7615                      7232    383     7438

 COOLING
  YESTERDAY        0                         0      0        0
  MONTH TO DATE    0                         0      0        0
  SINCE MAR 1      0                         0      0        0
  SINCE JAN 1      0                         0      0        0
..................................................................


WIND (MPH)
  HIGHEST WIND SPEED    13   HIGHEST WIND DIRECTION     W (260)
  HIGHEST GUST SPEED    20   HIGHEST GUST DIRECTION    SW (210)
  AVERAGE WIND SPEED     5.1


SKY COVER
  POSSIBLE SUNSHINE  MM
  AVERAGE SKY COVER 0.1


WEATHER CONDITIONS
 THE FOLLOWING WEATHER WAS RECORDED YESTERDAY.
  NO SIGNIFICANT WEATHER WAS OBSERVED.


RELATIVE HUMIDITY (PERCENT)
 HIGHEST    92          1200 AM
 LOWEST     37           500 PM
 AVERAGE    65

..........................................................


THE TWIN CITIES MN CLIMATE NORMALS FOR TODAY
                         NORMAL    RECORD    YEAR
 MAXIMUM TEMPERATURE (F)   62        84      1962
 MINIMUM TEMPERATURE (F)   41        24      1875


SUNRISE AND SUNSET
APRIL 24 2019.........SUNRISE   614 AM CDT   SUNSET   809 PM CDT
APRIL 25 2019.........SUNRISE   612 AM CDT   SUNSET   811 PM CDT


-  INDICATES NEGATIVE NUMBERS.
R  INDICATES RECORD WAS SET OR TIED.
MM INDICATES DATA IS MISSING.
T  INDICATES TRACE AMOUNT.




$$
